[INFO] fetching crate catacombs 0.2.0...
[INFO] checking catacombs-0.2.0 against c60b92c03ca8a3b101eb9d57f51e2232690638c7 for pr-164148-crater-rollup
[INFO] extracting crate catacombs 0.2.0 into /workspace/builds/worker-3-tc2/source
[INFO] started tweaking crates.io crate catacombs 0.2.0
[INFO] removed 0 missing tests
[INFO] finished tweaking crates.io crate catacombs 0.2.0
[INFO] tweaked toml for crates.io crate catacombs 0.2.0 written to /workspace/builds/worker-3-tc2/source/Cargo.toml
[INFO] validating manifest of crates.io crate catacombs 0.2.0 on toolchain c60b92c03ca8a3b101eb9d57f51e2232690638c7
[INFO] running `Command { std: CARGO_HOME="/workspace/cargo-home" RUSTUP_HOME="/workspace/rustup-home" "/workspace/cargo-home/bin/cargo" "+c60b92c03ca8a3b101eb9d57f51e2232690638c7" "metadata" "--manifest-path" "Cargo.toml" "--no-deps", kill_on_drop: false }`
[INFO] crate crates.io crate catacombs 0.2.0 already has a lockfile, it will not be regenerated
[INFO] running `Command { std: CARGO_HOME="/workspace/cargo-home" RUSTUP_HOME="/workspace/rustup-home" "/workspace/cargo-home/bin/cargo" "+c60b92c03ca8a3b101eb9d57f51e2232690638c7" "fetch" "--manifest-path" "Cargo.toml", kill_on_drop: false }`
[INFO] running `Command { std: "docker" "create" "-v" "/var/lib/crater-agent-workspace/builds/worker-3-tc2/source:/opt/rustwide/workdir:ro,Z" "-v" "/var/lib/crater-agent-workspace/builds/worker-3-tc2/target:/opt/rustwide/target:rw,Z" "-v" "/var/lib/crater-agent-workspace/cargo-home:/opt/rustwide/cargo-home:ro,Z" "-v" "/var/lib/crater-agent-workspace/rustup-home:/opt/rustwide/rustup-home:ro,Z" "-m" "1610612736" "--network" "none" "ghcr.io/rust-lang/crates-build-env/linux@sha256:77db811e55d90add9212f6832c23229e3de5f1c1f9905e8cb07319ea15df73ac" "sleep" "infinity", kill_on_drop: false }`
[INFO] [stdout] 92ac7f758673d319f811aba2a073de446bccbdb146e8480b7decc452acfa1e65
[INFO] running `Command { std: "docker" "start" "92ac7f758673d319f811aba2a073de446bccbdb146e8480b7decc452acfa1e65", kill_on_drop: false }`
[INFO] running `Command { std: "docker" "inspect" "92ac7f758673d319f811aba2a073de446bccbdb146e8480b7decc452acfa1e65", kill_on_drop: false }`
[INFO] running `Command { std: "docker" "exec" "-e" "SOURCE_DIR=/opt/rustwide/workdir" "-e" "CARGO_HOME=/opt/rustwide/cargo-home" "-e" "RUSTUP_HOME=/opt/rustwide/rustup-home" "-e" "CARGO_TARGET_DIR=/opt/rustwide/target" "-w" "/opt/rustwide/workdir" "--user" "0:0" "92ac7f758673d319f811aba2a073de446bccbdb146e8480b7decc452acfa1e65" "/opt/rustwide/cargo-home/bin/cargo" "+c60b92c03ca8a3b101eb9d57f51e2232690638c7" "metadata" "--no-deps" "--format-version=1", kill_on_drop: false }`
[INFO] running `Command { std: "docker" "inspect" "92ac7f758673d319f811aba2a073de446bccbdb146e8480b7decc452acfa1e65", kill_on_drop: false }`
[INFO] running `Command { std: "docker" "exec" "-e" "SOURCE_DIR=/opt/rustwide/workdir" "-e" "CARGO_HOME=/opt/rustwide/cargo-home" "-e" "RUSTUP_HOME=/opt/rustwide/rustup-home" "-e" "CARGO_TARGET_DIR=/opt/rustwide/target" "-e" "CARGO_INCREMENTAL=0" "-e" "RUST_BACKTRACE=full" "-e" "RUSTFLAGS=--cap-lints=forbid" "-e" "RUSTDOCFLAGS=--cap-lints=forbid" "-w" "/opt/rustwide/workdir" "--user" "0:0" "92ac7f758673d319f811aba2a073de446bccbdb146e8480b7decc452acfa1e65" "/opt/rustwide/cargo-home/bin/cargo" "+c60b92c03ca8a3b101eb9d57f51e2232690638c7" "check" "--frozen" "--all" "--all-targets" "--message-format=json", kill_on_drop: false }`
[INFO] [stderr]    Compiling libc v0.2.190
[INFO] [stderr]    Compiling serde_core v1.0.229
[INFO] [stderr]    Compiling serde v1.0.229
[INFO] [stderr]    Compiling generic-array v0.14.9
[INFO] [stderr]    Compiling syn v3.0.6
[INFO] [stderr]    Compiling syn v2.0.119
[INFO] [stderr]    Compiling cc v1.6.0
[INFO] [stderr]    Compiling num-traits v0.2.19
[INFO] [stderr]    Compiling rustls v0.23.45
[INFO] [stderr]    Compiling typenum v1.20.1
[INFO] [stderr]     Checking getrandom v0.2.17
[INFO] [stderr]     Checking rand_core v0.6.4
[INFO] [stderr]     Checking errno v0.3.14
[INFO] [stderr]     Checking signal-hook-registry v1.4.8
[INFO] [stderr]     Checking socket2 v0.6.5
[INFO] [stderr]    Compiling ring v0.17.14
[INFO] [stderr]     Checking mio v1.2.4
[INFO] [stderr]     Checking futures-util v0.3.34
[INFO] [stderr]    Compiling pin-project-lite v0.2.17
[INFO] [stderr]    Compiling crypto-common v0.1.6
[INFO] [stderr]    Compiling block-buffer v0.10.4
[INFO] [stderr]    Compiling zeroize v1.9.0
[INFO] [stderr]    Compiling digest v0.10.7
[INFO] [stderr]    Compiling rustls-pki-types v1.15.1
[INFO] [stderr]     Checking ppv-lite86 v0.2.21
[INFO] [stderr]    Compiling icu_normalizer_data v2.3.0
[INFO] [stderr]    Compiling icu_properties_data v2.3.0
[INFO] [stderr]    Compiling futures-core v0.3.34
[INFO] [stderr]    Compiling lock_api v0.4.14
[INFO] [stderr]     Checking serde_json v1.0.151
[INFO] [stderr]     Checking ff v0.13.1
[INFO] [stderr]    Compiling zerocopy v0.8.59
[INFO] [stderr]    Compiling futures-sink v0.3.34
[INFO] [stderr]    Compiling foldhash v0.1.5
[INFO] [stderr]    Compiling memchr v2.8.3
[INFO] [stderr]    Compiling percent-encoding v2.3.2
[INFO] [stderr]    Compiling synstructure v0.14.0
[INFO] [stderr]    Compiling allocator-api2 v0.2.21
[INFO] [stderr]    Compiling bytes v1.12.1
[INFO] [stderr]    Compiling hashbrown v0.15.5
[INFO] [stderr]    Compiling tokio v1.53.2
[INFO] [stderr]    Compiling form_urlencoded v1.2.2
[INFO] [stderr]     Checking group v0.13.0
[INFO] [stderr]    Compiling tracing-core v0.1.36
[INFO] [stderr]    Compiling zeroize_derive v1.5.0
[INFO] [stderr]    Compiling serde_derive v1.0.229
[INFO] [stderr]    Compiling zerofrom-derive v0.1.8
[INFO] [stderr]    Compiling yoke-derive v0.8.4
[INFO] [stderr]    Compiling zerovec-derive v0.11.6
[INFO] [stderr]    Compiling displaydoc v0.2.7
[INFO] [stderr]    Compiling tracing-attributes v0.1.31
[INFO] [stderr]    Compiling zerofrom v0.1.8
[INFO] [stderr]    Compiling yoke v0.8.3
[INFO] [stderr]    Compiling tokio-macros v2.7.2
[INFO] [stderr]     Checking der v0.7.10
[INFO] [stderr]    Compiling zerovec v0.11.8
[INFO] [stderr]     Checking zerotrie v0.2.5
[INFO] [stderr]     Checking tracing v0.1.44
[INFO] [stderr]     Checking tinystr v0.8.4
[INFO] [stderr]     Checking potential_utf v0.1.6
[INFO] [stderr]     Checking icu_locale_core v2.3.0
[INFO] [stderr]    Compiling thiserror-impl v2.0.21
[INFO] [stderr]    Compiling icu_collections v2.3.0
[INFO] [stderr]     Checking spki v0.7.3
[INFO] [stderr]     Checking pkcs8 v0.10.2
[INFO] [stderr]     Checking icu_provider v2.3.1
[INFO] [stderr]     Checking smallvec v1.16.2
[INFO] [stderr]     Checking hmac v0.12.1
[INFO] [stderr]     Checking parking_lot_core v0.9.12
[INFO] [stderr]     Checking hkdf v0.12.4
[INFO] [stderr]     Checking icu_properties v2.3.0
[INFO] [stderr]     Checking icu_normalizer v2.3.0
[INFO] [stderr]     Checking parking_lot v0.12.5
[INFO] [stderr]     Checking sha2 v0.10.9
[INFO] [stderr]     Checking rustls-webpki v0.103.15
[INFO] [stderr]     Checking signature v2.2.0
[INFO] [stderr]     Checking webpki-roots v1.0.9
[INFO] [stderr]     Checking sec1 v0.7.3
[INFO] [stderr]     Checking crypto-bigint v0.5.5
[INFO] [stderr]     Checking rand_chacha v0.3.1
[INFO] [stderr]     Checking idna_adapter v1.2.2
[INFO] [stderr]     Checking idna v1.1.0
[INFO] [stderr]    Compiling crossbeam-utils v0.8.23
[INFO] [stderr]     Checking num-integer v0.1.47
[INFO] [stderr]    Compiling zmij v1.0.23
[INFO] [stderr]    Compiling tinyvec v1.13.3
[INFO] [stderr]    Compiling iana-time-zone v0.1.65
[INFO] [stderr]    Compiling futures-io v0.3.34
[INFO] [stderr]    Compiling slab v0.4.12
[INFO] [stderr]    Compiling parking v2.2.1
[INFO] [stderr]    Compiling crc-catalog v2.5.0
[INFO] [stderr]    Compiling futures-task v0.3.34
[INFO] [stderr]    Compiling log v0.4.34
[INFO] [stderr]    Compiling time-macros v0.2.32
[INFO] [stderr]    Compiling crc v3.4.0
[INFO] [stderr]     Checking elliptic-curve v0.13.8
[INFO] [stderr]    Compiling indexmap v2.14.2
[INFO] [stderr]    Compiling tokio-stream v0.1.19
[INFO] [stderr]    Compiling unicode-normalization v0.1.25
[INFO] [stderr]    Compiling event-listener v5.4.2
[INFO] [stderr]    Compiling url v2.5.8
[INFO] [stderr]    Compiling chrono v0.4.45
[INFO] [stderr]    Compiling crossbeam-queue v0.3.14
[INFO] [stderr]    Compiling webpki-roots v0.26.11
[INFO] [stderr]     Checking rand v0.8.8
[INFO] [stderr]    Compiling futures-intrusive v0.5.0
[INFO] [stderr]     Checking thiserror v2.0.21
[INFO] [stderr]    Compiling either v1.18.0
[INFO] [stderr]    Compiling hashlink v0.10.0
[INFO] [stderr]    Compiling base64 v0.22.1
[INFO] [stderr]    Compiling unicode-properties v0.1.4
[INFO] [stderr]    Compiling uuid v1.27.0
[INFO] [stderr]    Compiling unicode-bidi v0.3.18
[INFO] [stderr]     Checking time v0.3.55
[INFO] [stderr]    Compiling curve25519-dalek v4.1.3
[INFO] [stderr]     Checking getrandom v0.4.3
[INFO] [stderr]     Checking rfc6979 v0.4.0
[INFO] [stderr]     Checking inout v0.1.4
[INFO] [stderr]    Compiling stringprep v0.1.5
[INFO] [stderr]    Compiling futures-channel v0.3.34
[INFO] [stderr]    Compiling atoi v2.0.0
[INFO] [stderr]    Compiling md-5 v0.10.6
[INFO] [stderr]    Compiling whoami v1.6.1
[INFO] [stderr]    Compiling hex v0.4.3
[INFO] [stderr]    Compiling byteorder v1.5.0
[INFO] [stderr]     Checking spin v0.9.9
[INFO] [stderr]    Compiling num-bigint-dig v0.8.6
[INFO] [stderr]    Compiling dotenvy v0.15.7
[INFO] [stderr]    Compiling bitflags v2.13.2
[INFO] [stderr]     Checking lazy_static v1.5.1
[INFO] [stderr]     Checking serde_urlencoded v0.7.1
[INFO] [stderr]     Checking cipher v0.4.4
[INFO] [stderr]     Checking ecdsa v0.16.9
[INFO] [stderr]     Checking getrandom v0.3.4
[INFO] [stderr]    Compiling encoding_rs v0.8.42
[INFO] [stderr]     Checking primeorder v0.13.6
[INFO] [stderr]     Checking num-iter v0.1.46
[INFO] [stderr]     Checking universal-hash v0.5.1
[INFO] [stderr]    Compiling curve25519-dalek-derive v0.1.1
[INFO] [stderr]    Compiling cookie v0.18.2
[INFO] [stderr]     Checking polyval v0.6.2
[INFO] [stderr]     Checking rand_core v0.9.5
[INFO] [stderr]     Checking axum-core v0.5.6
[INFO] [stderr]     Checking num-bigint v0.4.8
[INFO] [stderr]     Checking ed25519 v2.2.3
[INFO] [stderr]     Checking pkcs1 v0.7.5
[INFO] [stderr]    Compiling axum-macros v0.5.1
[INFO] [stderr]     Checking serde_path_to_error v0.1.20
[INFO] [stderr]     Checking tokio-util v0.7.19
[INFO] [stderr]     Checking tower v0.5.3
[INFO] [stderr]    Compiling sqlx-core v0.8.6
[INFO] [stderr]     Checking tokio-rustls v0.26.6
[INFO] [stderr]     Checking simdutf8 v0.1.5
[INFO] [stderr]     Checking h2 v0.4.19
[INFO] [stderr]    Compiling multiversion_no_op v1.0.0
[INFO] [stderr]     Checking core_detect v1.0.0
[INFO] [stderr]     Checking tower-http v0.6.11
[INFO] [stderr]     Checking simple_asn1 v0.6.4
[INFO] [stderr]     Checking ed25519-dalek v2.2.0
[INFO] [stderr]     Checking rsa v0.9.10
[INFO] [stderr]     Checking rand_chacha v0.9.0
[INFO] [stderr]     Checking ghash v0.5.1
[INFO] [stderr]     Checking p384 v0.13.1
[INFO] [stderr]     Checking p256 v0.13.2
[INFO] [stderr]     Checking aes v0.8.4
[INFO] [stderr]     Checking ctr v0.9.2
[INFO] [stderr]     Checking pem v3.0.6
[INFO] [stderr]     Checking aead v0.5.2
[INFO] [stderr]     Checking rand v0.9.5
[INFO] [stderr]     Checking generic-array v1.4.5
[INFO] [stderr]     Checking jsonwebtoken v10.4.0
[INFO] [stderr]     Checking aes-gcm v0.10.3
[INFO] [stderr]    Compiling async-trait v0.1.92
[INFO] [stderr]     Checking tokio-test v0.4.6
[INFO] [stdout] error[E0493]: destructor of `ArrayBuilder<T, N>` cannot be evaluated at compile-time
[INFO] [stdout]    --> /opt/rustwide/cargo-home/registry/src/index.crates.io-1949cf8c6b5b557f/generic-array-1.4.5/src/internal.rs:103:31
[INFO] [stdout]     |
[INFO] [stdout] 103 |     pub unsafe fn assume_init(self) -> GenericArray<T, N> {
[INFO] [stdout]     |                               ^^^^ the destructor for this type cannot be evaluated in constant functions
[INFO] [stdout] ...
[INFO] [stdout] 109 |     }
[INFO] [stdout]     |     - value is dropped here
[INFO] [stdout] 
[INFO] [stdout] 
[INFO] [stdout] error[E0493]: destructor of `GenericArray<core::mem::MaybeUninit<*const T>, N>` cannot be evaluated at compile-time
[INFO] [stdout]    --> /opt/rustwide/cargo-home/registry/src/index.crates.io-1949cf8c6b5b557f/generic-array-1.4.5/src/lib.rs:983:13
[INFO] [stdout]     |
[INFO] [stdout] 983 |         let mut out: GenericArray<MaybeUninit<*const T>, N> = GenericArray::uninit();
[INFO] [stdout]     |             ^^^^^^^ the destructor for this type cannot be evaluated in constant functions
[INFO] [stdout] ...
[INFO] [stdout] 998 |     }
[INFO] [stdout]     |     - value is dropped here
[INFO] [stdout] 
[INFO] [stdout] 
[INFO] [stdout] error[E0493]: destructor of `GenericArray<core::mem::MaybeUninit<*mut T>, N>` cannot be evaluated at compile-time
[INFO] [stdout]     --> /opt/rustwide/cargo-home/registry/src/index.crates.io-1949cf8c6b5b557f/generic-array-1.4.5/src/lib.rs:1018:13
[INFO] [stdout]      |
[INFO] [stdout] 1018 |         let mut out: GenericArray<MaybeUninit<*mut T>, N> = GenericArray::uninit();
[INFO] [stdout]      |             ^^^^^^^ the destructor for this type cannot be evaluated in constant functions
[INFO] [stdout] ...
[INFO] [stdout] 1033 |     }
[INFO] [stdout]      |     - value is dropped here
[INFO] [stdout] 
[INFO] [stdout] 
[INFO] [stdout] For more information about this error, try `rustc --explain E0493`.
[INFO] [stdout] 
[INFO] [stderr] error: could not compile `generic-array` (lib) due to 3 previous errors
[INFO] [stderr] warning: build failed, waiting for other jobs to finish...
[INFO] running `Command { std: "docker" "inspect" "92ac7f758673d319f811aba2a073de446bccbdb146e8480b7decc452acfa1e65", kill_on_drop: false }`
[INFO] running `Command { std: "docker" "rm" "-f" "92ac7f758673d319f811aba2a073de446bccbdb146e8480b7decc452acfa1e65", kill_on_drop: false }`
[INFO] [stdout] 92ac7f758673d319f811aba2a073de446bccbdb146e8480b7decc452acfa1e65
