[INFO] fetching crate camel-component-mqtt 0.57.0...
[INFO] checking camel-component-mqtt-0.57.0 against c60b92c03ca8a3b101eb9d57f51e2232690638c7 for pr-164148-crater-rollup
[INFO] extracting crate camel-component-mqtt 0.57.0 into /workspace/builds/worker-3-tc2/source
[INFO] started tweaking crates.io crate camel-component-mqtt 0.57.0
[INFO] removed 0 missing tests
[INFO] finished tweaking crates.io crate camel-component-mqtt 0.57.0
[INFO] tweaked toml for crates.io crate camel-component-mqtt 0.57.0 written to /workspace/builds/worker-3-tc2/source/Cargo.toml
[INFO] validating manifest of crates.io crate camel-component-mqtt 0.57.0 on toolchain c60b92c03ca8a3b101eb9d57f51e2232690638c7
[INFO] running `Command { std: CARGO_HOME="/workspace/cargo-home" RUSTUP_HOME="/workspace/rustup-home" "/workspace/cargo-home/bin/cargo" "+c60b92c03ca8a3b101eb9d57f51e2232690638c7" "metadata" "--manifest-path" "Cargo.toml" "--no-deps", kill_on_drop: false }`
[INFO] crate crates.io crate camel-component-mqtt 0.57.0 already has a lockfile, it will not be regenerated
[INFO] running `Command { std: CARGO_HOME="/workspace/cargo-home" RUSTUP_HOME="/workspace/rustup-home" "/workspace/cargo-home/bin/cargo" "+c60b92c03ca8a3b101eb9d57f51e2232690638c7" "fetch" "--manifest-path" "Cargo.toml", kill_on_drop: false }`
[INFO] [stderr] warning: `package.homepage` is redundant with `package.repository`
[INFO] [stderr]   --> Cargo.toml:88:12
[INFO] [stderr]    |
[INFO] [stderr] 88 | homepage = "https://github.com/kennycallado/rust-camel"
[INFO] [stderr]    |            ^^^^^^^^^^^^^^^^^^^^^^^^^^^^^^^^^^^^^^^^^^^^
[INFO] [stderr] ...
[INFO] [stderr] 93 | repository = "https://github.com/kennycallado/rust-camel"
[INFO] [stderr]    |              --------------------------------------------
[INFO] [stderr]    |
[INFO] [stderr]    = note: `cargo::redundant_homepage` is set to `warn` by default
[INFO] [stderr] help: consider removing `package.homepage`
[INFO] [stderr] warning: `camel-component-mqtt` (manifest) generated 1 warning
[INFO] running `Command { std: "docker" "create" "-v" "/var/lib/crater-agent-workspace/builds/worker-3-tc2/source:/opt/rustwide/workdir:ro,Z" "-v" "/var/lib/crater-agent-workspace/builds/worker-3-tc2/target:/opt/rustwide/target:rw,Z" "-v" "/var/lib/crater-agent-workspace/cargo-home:/opt/rustwide/cargo-home:ro,Z" "-v" "/var/lib/crater-agent-workspace/rustup-home:/opt/rustwide/rustup-home:ro,Z" "-m" "1610612736" "--network" "none" "ghcr.io/rust-lang/crates-build-env/linux@sha256:77db811e55d90add9212f6832c23229e3de5f1c1f9905e8cb07319ea15df73ac" "sleep" "infinity", kill_on_drop: false }`
[INFO] [stdout] f5c175ab233785f8d00941b8b3a7492dfa16f4036cd2143ca762f5fcaa443348
[INFO] running `Command { std: "docker" "start" "f5c175ab233785f8d00941b8b3a7492dfa16f4036cd2143ca762f5fcaa443348", kill_on_drop: false }`
[INFO] running `Command { std: "docker" "inspect" "f5c175ab233785f8d00941b8b3a7492dfa16f4036cd2143ca762f5fcaa443348", kill_on_drop: false }`
[INFO] running `Command { std: "docker" "exec" "-e" "SOURCE_DIR=/opt/rustwide/workdir" "-e" "CARGO_HOME=/opt/rustwide/cargo-home" "-e" "RUSTUP_HOME=/opt/rustwide/rustup-home" "-e" "CARGO_TARGET_DIR=/opt/rustwide/target" "-w" "/opt/rustwide/workdir" "--user" "0:0" "f5c175ab233785f8d00941b8b3a7492dfa16f4036cd2143ca762f5fcaa443348" "/opt/rustwide/cargo-home/bin/cargo" "+c60b92c03ca8a3b101eb9d57f51e2232690638c7" "metadata" "--no-deps" "--format-version=1", kill_on_drop: false }`
[INFO] running `Command { std: "docker" "inspect" "f5c175ab233785f8d00941b8b3a7492dfa16f4036cd2143ca762f5fcaa443348", kill_on_drop: false }`
[INFO] running `Command { std: "docker" "exec" "-e" "SOURCE_DIR=/opt/rustwide/workdir" "-e" "CARGO_HOME=/opt/rustwide/cargo-home" "-e" "RUSTUP_HOME=/opt/rustwide/rustup-home" "-e" "CARGO_TARGET_DIR=/opt/rustwide/target" "-e" "CARGO_INCREMENTAL=0" "-e" "RUST_BACKTRACE=full" "-e" "RUSTFLAGS=--cap-lints=forbid" "-e" "RUSTDOCFLAGS=--cap-lints=forbid" "-w" "/opt/rustwide/workdir" "--user" "0:0" "f5c175ab233785f8d00941b8b3a7492dfa16f4036cd2143ca762f5fcaa443348" "/opt/rustwide/cargo-home/bin/cargo" "+c60b92c03ca8a3b101eb9d57f51e2232690638c7" "check" "--frozen" "--all" "--all-targets" "--message-format=json", kill_on_drop: false }`
[INFO] [stderr] warning: `package.homepage` is redundant with `package.repository`
[INFO] [stderr]   --> Cargo.toml:88:12
[INFO] [stderr]    |
[INFO] [stderr] 88 | homepage = "https://github.com/kennycallado/rust-camel"
[INFO] [stderr]    |            ^^^^^^^^^^^^^^^^^^^^^^^^^^^^^^^^^^^^^^^^^^^^
[INFO] [stderr] ...
[INFO] [stderr] 93 | repository = "https://github.com/kennycallado/rust-camel"
[INFO] [stderr]    |              --------------------------------------------
[INFO] [stderr]    |
[INFO] [stderr]    = note: `cargo::redundant_homepage` is set to `warn` by default
[INFO] [stderr] help: consider removing `package.homepage`
[INFO] [stderr] warning: `camel-component-mqtt` (manifest) generated 1 warning
[INFO] [stderr]    Compiling find-msvc-tools v0.1.11
[INFO] [stderr]    Compiling aws-lc-rs v1.18.1
[INFO] [stderr]    Compiling syn v3.0.6
[INFO] [stderr]     Checking mio v1.2.3
[INFO] [stderr]    Compiling num-traits v0.2.19
[INFO] [stderr]     Checking getrandom v0.2.17
[INFO] [stderr]    Compiling rustls v0.23.45
[INFO] [stderr]     Checking tracing v0.1.44
[INFO] [stderr]     Checking cpufeatures v0.3.1
[INFO] [stderr]     Checking serde_json v1.0.151
[INFO] [stderr]    Compiling ref-cast v1.0.27
[INFO] [stderr]    Compiling time-macros v0.2.32
[INFO] [stderr]     Checking hybrid-array v0.4.14
[INFO] [stderr]    Compiling ts-rs-macros v12.0.1
[INFO] [stderr]     Checking arrayvec v0.7.8
[INFO] [stderr]     Checking toml v1.1.6+spec-1.1.0
[INFO] [stderr]     Checking chacha20 v0.10.2
[INFO] [stderr]     Checking uuid v1.26.1
[INFO] [stderr]    Compiling cc v1.4.4
[INFO] [stderr]     Checking quick-xml v0.42.0
[INFO] [stderr]     Checking ipnet v2.12.1
[INFO] [stderr]     Checking bitflags v2.13.1
[INFO] [stderr]     Checking siphasher v1.0.3
[INFO] [stderr]     Checking rand v0.10.3
[INFO] [stderr]     Checking const-oid v0.10.2
[INFO] [stderr]    Compiling chrono-tz v0.10.4
[INFO] [stderr]     Checking phf_shared v0.12.1
[INFO] [stderr]     Checking signature v2.2.0
[INFO] [stderr]     Checking dashmap v6.2.1
[INFO] [stderr]     Checking pem v4.0.0
[INFO] [stderr]     Checking phf v0.12.1
[INFO] [stderr]     Checking spin v0.9.9
[INFO] [stderr]     Checking rustls-pemfile v2.2.0
[INFO] [stderr]     Checking flume v0.12.0
[INFO] [stderr]     Checking time v0.3.55
[INFO] [stderr]     Checking crypto-common v0.2.2
[INFO] [stderr]     Checking block-buffer v0.12.1
[INFO] [stderr]     Checking num-integer v0.1.47
[INFO] [stderr]     Checking digest v0.11.3
[INFO] [stderr]     Checking num-bigint v0.4.8
[INFO] [stderr]    Compiling cmake v0.1.58
[INFO] [stderr]     Checking sha2 v0.11.0
[INFO] [stderr]    Compiling aws-lc-sys v0.45.0
[INFO] [stderr]    Compiling ring v0.17.14
[INFO] [stderr]    Compiling blake3 v1.8.7
[INFO] [stderr]     Checking yasna v0.6.0
[INFO] [stderr]    Compiling serde_derive_internals v0.30.0
[INFO] [stderr]     Checking rcgen v0.14.10
[INFO] [stderr]    Compiling tokio-macros v2.7.2
[INFO] [stderr]    Compiling zerovec-derive v0.11.6
[INFO] [stderr]    Compiling futures-macro v0.3.34
[INFO] [stderr]    Compiling displaydoc v0.2.7
[INFO] [stderr]    Compiling thiserror-impl v2.0.21
[INFO] [stderr]    Compiling serde_derive v1.0.229
[INFO] [stderr]    Compiling ref-cast-impl v1.0.27
[INFO] [stderr]    Compiling async-trait v0.1.92
[INFO] [stderr]    Compiling schemars_derive v1.2.2
[INFO] [stderr]    Compiling camel-endpoint-macros v0.57.0
[INFO] [stderr]     Checking tokio v1.53.1
[INFO] [stderr]     Checking futures-util v0.3.34
[INFO] [stderr]     Checking zerotrie v0.2.5
[INFO] [stderr]     Checking zerovec v0.11.8
[INFO] [stderr]     Checking thiserror v2.0.21
[INFO] [stderr]     Checking opentelemetry v0.33.0
[INFO] [stderr]     Checking ts-rs v12.0.1
[INFO] [stderr]     Checking simple_asn1 v0.6.4
[INFO] [stderr]     Checking mqttbytes-core-next v0.33.3
[INFO] [stderr]     Checking tinystr v0.8.4
[INFO] [stderr]     Checking potential_utf v0.1.6
[INFO] [stderr]     Checking icu_collections v2.3.0
[INFO] [stderr]     Checking icu_locale_core v2.3.0
[INFO] [stderr]     Checking serde v1.0.229
[INFO] [stderr]     Checking icu_provider v2.3.1
[INFO] [stderr]     Checking icu_properties v2.3.0
[INFO] [stderr]     Checking icu_normalizer v2.3.0
[INFO] [stderr]     Checking chrono v0.4.45
[INFO] [stderr]     Checking schemars v1.2.2
[INFO] [stderr]     Checking serde_urlencoded v0.7.1
[INFO] [stderr]     Checking idna_adapter v1.2.2
[INFO] [stderr]     Checking idna v1.1.0
[INFO] [stderr]     Checking url v2.5.8
[INFO] [stderr]     Checking futures-executor v0.3.34
[INFO] [stderr]     Checking futures v0.3.34
[INFO] [stderr]     Checking tokio-util v0.7.19
[INFO] [stderr]     Checking tower v0.5.3
[INFO] [stderr]     Checking hyper v1.11.1
[INFO] [stderr]     Checking camel-api v0.57.0
[INFO] [stderr]     Checking tower-http v0.6.11
[INFO] [stderr]     Checking hyper-util v0.1.21
[INFO] [stderr]     Checking rustls-webpki v0.103.15
[INFO] [stderr]     Checking jsonwebtoken v11.1.0
[INFO] [stderr]     Checking camel-language-api v0.57.0
[INFO] [stderr]     Checking camel-endpoint v0.57.0
[INFO] [stderr]     Checking tokio-rustls v0.26.6
[INFO] [stderr]     Checking rustls-platform-verifier v0.7.0
[INFO] [stderr]     Checking hyper-rustls v0.27.9
[INFO] [stderr]     Checking rumqttc-core-next v0.33.3
[INFO] [stderr]     Checking rumqttc-v4-next v0.33.3
[INFO] [stderr]     Checking reqwest v0.13.5
[INFO] [stdout] error[E0493]: destructor of `MqttOptions` cannot be evaluated at compile-time
[INFO] [stdout]    --> /opt/rustwide/cargo-home/registry/src/index.crates.io-1949cf8c6b5b557f/rumqttc-v4-next-0.33.3/src/client.rs:248:22
[INFO] [stdout]     |
[INFO] [stdout] 248 |     pub const fn new(options: MqttOptions) -> Self {
[INFO] [stdout]     |                      ^^^^^^^ the destructor for this type cannot be evaluated in constant functions
[INFO] [stdout] ...
[INFO] [stdout] 251 |     }
[INFO] [stdout]     |     - value is dropped here
[INFO] [stdout] 
[INFO] [stdout] 
[INFO] [stdout] error[E0493]: destructor of `MqttOptions` cannot be evaluated at compile-time
[INFO] [stdout]    --> /opt/rustwide/cargo-home/registry/src/index.crates.io-1949cf8c6b5b557f/rumqttc-v4-next-0.33.3/src/client.rs:295:22
[INFO] [stdout]     |
[INFO] [stdout] 295 |     pub const fn new(options: MqttOptions) -> Self {
[INFO] [stdout]     |                      ^^^^^^^ the destructor for this type cannot be evaluated in constant functions
[INFO] [stdout] ...
[INFO] [stdout] 298 |     }
[INFO] [stdout]     |     - value is dropped here
[INFO] [stdout] 
[INFO] [stdout] 
[INFO] [stderr]     Checking camel-auth v0.57.0
[INFO] [stdout] error[E0493]: destructor of `MqttOptionsBuilder` cannot be evaluated at compile-time
[INFO] [stdout]     --> /opt/rustwide/cargo-home/registry/src/index.crates.io-1949cf8c6b5b557f/rumqttc-v4-next-0.33.3/src/lib.rs:1055:34
[INFO] [stdout]      |
[INFO] [stdout] 1055 |     pub const fn max_packet_size(mut self, incoming: usize, outgoing: usize) -> Self {
[INFO] [stdout]      |                                  ^^^^^^^^ the destructor for this type cannot be evaluated in constant functions
[INFO] [stdout] ...
[INFO] [stdout] 1058 |     }
[INFO] [stdout]      |     - value is dropped here
[INFO] [stdout] 
[INFO] [stdout] 
[INFO] [stdout] error[E0493]: destructor of `MqttOptionsBuilder` cannot be evaluated at compile-time
[INFO] [stdout]     --> /opt/rustwide/cargo-home/registry/src/index.crates.io-1949cf8c6b5b557f/rumqttc-v4-next-0.33.3/src/lib.rs:1105:43
[INFO] [stdout]      |
[INFO] [stdout] 1105 |     pub const fn request_channel_capacity(mut self, capacity: usize) -> Self {
[INFO] [stdout]      |                                           ^^^^^^^^ the destructor for this type cannot be evaluated in constant functions
[INFO] [stdout] ...
[INFO] [stdout] 1108 |     }
[INFO] [stdout]      |     - value is dropped here
[INFO] [stdout] 
[INFO] [stdout] 
[INFO] [stdout] error[E0493]: destructor of `MqttOptionsBuilder` cannot be evaluated at compile-time
[INFO] [stdout]     --> /opt/rustwide/cargo-home/registry/src/index.crates.io-1949cf8c6b5b557f/rumqttc-v4-next-0.33.3/src/lib.rs:1112:36
[INFO] [stdout]      |
[INFO] [stdout] 1112 |     pub const fn max_request_batch(mut self, max: usize) -> Self {
[INFO] [stdout]      |                                    ^^^^^^^^ the destructor for this type cannot be evaluated in constant functions
[INFO] [stdout] ...
[INFO] [stdout] 1115 |     }
[INFO] [stdout]      |     - value is dropped here
[INFO] [stdout] 
[INFO] [stdout] 
[INFO] [stdout] error[E0493]: destructor of `MqttOptionsBuilder` cannot be evaluated at compile-time
[INFO] [stdout]     --> /opt/rustwide/cargo-home/registry/src/index.crates.io-1949cf8c6b5b557f/rumqttc-v4-next-0.33.3/src/lib.rs:1119:34
[INFO] [stdout]      |
[INFO] [stdout] 1119 |     pub const fn read_batch_size(mut self, size: usize) -> Self {
[INFO] [stdout]      |                                  ^^^^^^^^ the destructor for this type cannot be evaluated in constant functions
[INFO] [stdout] ...
[INFO] [stdout] 1122 |     }
[INFO] [stdout]      |     - value is dropped here
[INFO] [stdout] 
[INFO] [stdout] 
[INFO] [stdout] error[E0493]: destructor of `MqttOptionsBuilder` cannot be evaluated at compile-time
[INFO] [stdout]     --> /opt/rustwide/cargo-home/registry/src/index.crates.io-1949cf8c6b5b557f/rumqttc-v4-next-0.33.3/src/lib.rs:1126:35
[INFO] [stdout]      |
[INFO] [stdout] 1126 |     pub const fn pending_throttle(mut self, duration: Duration) -> Self {
[INFO] [stdout]      |                                   ^^^^^^^^ the destructor for this type cannot be evaluated in constant functions
[INFO] [stdout] ...
[INFO] [stdout] 1129 |     }
[INFO] [stdout]      |     - value is dropped here
[INFO] [stdout] 
[INFO] [stdout] 
[INFO] [stdout] error[E0493]: destructor of `MqttOptionsBuilder` cannot be evaluated at compile-time
[INFO] [stdout]     --> /opt/rustwide/cargo-home/registry/src/index.crates.io-1949cf8c6b5b557f/rumqttc-v4-next-0.33.3/src/lib.rs:1144:30
[INFO] [stdout]      |
[INFO] [stdout] 1144 |     pub const fn manual_acks(mut self, manual_acks: bool) -> Self {
[INFO] [stdout]      |                              ^^^^^^^^ the destructor for this type cannot be evaluated in constant functions
[INFO] [stdout] ...
[INFO] [stdout] 1147 |     }
[INFO] [stdout]      |     - value is dropped here
[INFO] [stdout] 
[INFO] [stdout] 
[INFO] [stdout] For more information about this error, try `rustc --explain E0493`.
[INFO] [stdout] 
[INFO] [stderr] error: could not compile `rumqttc-v4-next` (lib) due to 8 previous errors
[INFO] [stderr] warning: build failed, waiting for other jobs to finish...
[INFO] running `Command { std: "docker" "inspect" "f5c175ab233785f8d00941b8b3a7492dfa16f4036cd2143ca762f5fcaa443348", kill_on_drop: false }`
[INFO] running `Command { std: "docker" "rm" "-f" "f5c175ab233785f8d00941b8b3a7492dfa16f4036cd2143ca762f5fcaa443348", kill_on_drop: false }`
[INFO] [stdout] f5c175ab233785f8d00941b8b3a7492dfa16f4036cd2143ca762f5fcaa443348
