[INFO] fetching crate bmux_windows_plugin 0.0.1-alpha.1...
[INFO] checking bmux_windows_plugin-0.0.1-alpha.1 against c60b92c03ca8a3b101eb9d57f51e2232690638c7 for pr-164148-crater-rollup
[INFO] extracting crate bmux_windows_plugin 0.0.1-alpha.1 into /workspace/builds/worker-3-tc2/source
[INFO] started tweaking crates.io crate bmux_windows_plugin 0.0.1-alpha.1
[INFO] finished tweaking crates.io crate bmux_windows_plugin 0.0.1-alpha.1
[INFO] tweaked toml for crates.io crate bmux_windows_plugin 0.0.1-alpha.1 written to /workspace/builds/worker-3-tc2/source/Cargo.toml
[INFO] validating manifest of crates.io crate bmux_windows_plugin 0.0.1-alpha.1 on toolchain c60b92c03ca8a3b101eb9d57f51e2232690638c7
[INFO] running `Command { std: CARGO_HOME="/workspace/cargo-home" RUSTUP_HOME="/workspace/rustup-home" "/workspace/cargo-home/bin/cargo" "+c60b92c03ca8a3b101eb9d57f51e2232690638c7" "metadata" "--manifest-path" "Cargo.toml" "--no-deps", kill_on_drop: false }`
[INFO] crate crates.io crate bmux_windows_plugin 0.0.1-alpha.1 already has a lockfile, it will not be regenerated
[INFO] running `Command { std: CARGO_HOME="/workspace/cargo-home" RUSTUP_HOME="/workspace/rustup-home" "/workspace/cargo-home/bin/cargo" "+c60b92c03ca8a3b101eb9d57f51e2232690638c7" "fetch" "--manifest-path" "Cargo.toml", kill_on_drop: false }`
[INFO] running `Command { std: "docker" "create" "-v" "/var/lib/crater-agent-workspace/builds/worker-3-tc2/source:/opt/rustwide/workdir:ro,Z" "-v" "/var/lib/crater-agent-workspace/builds/worker-3-tc2/target:/opt/rustwide/target:rw,Z" "-v" "/var/lib/crater-agent-workspace/cargo-home:/opt/rustwide/cargo-home:ro,Z" "-v" "/var/lib/crater-agent-workspace/rustup-home:/opt/rustwide/rustup-home:ro,Z" "-m" "1610612736" "--network" "none" "ghcr.io/rust-lang/crates-build-env/linux@sha256:77db811e55d90add9212f6832c23229e3de5f1c1f9905e8cb07319ea15df73ac" "sleep" "infinity", kill_on_drop: false }`
[INFO] [stdout] e0a6269aae5a9a2c398157586861e05f2f3f69eeb005f4141d21ec44e70d4575
[INFO] running `Command { std: "docker" "start" "e0a6269aae5a9a2c398157586861e05f2f3f69eeb005f4141d21ec44e70d4575", kill_on_drop: false }`
[INFO] running `Command { std: "docker" "inspect" "e0a6269aae5a9a2c398157586861e05f2f3f69eeb005f4141d21ec44e70d4575", kill_on_drop: false }`
[INFO] running `Command { std: "docker" "exec" "-e" "SOURCE_DIR=/opt/rustwide/workdir" "-e" "CARGO_HOME=/opt/rustwide/cargo-home" "-e" "RUSTUP_HOME=/opt/rustwide/rustup-home" "-e" "CARGO_TARGET_DIR=/opt/rustwide/target" "-w" "/opt/rustwide/workdir" "--user" "0:0" "e0a6269aae5a9a2c398157586861e05f2f3f69eeb005f4141d21ec44e70d4575" "/opt/rustwide/cargo-home/bin/cargo" "+c60b92c03ca8a3b101eb9d57f51e2232690638c7" "metadata" "--no-deps" "--format-version=1", kill_on_drop: false }`
[INFO] running `Command { std: "docker" "inspect" "e0a6269aae5a9a2c398157586861e05f2f3f69eeb005f4141d21ec44e70d4575", kill_on_drop: false }`
[INFO] running `Command { std: "docker" "exec" "-e" "SOURCE_DIR=/opt/rustwide/workdir" "-e" "CARGO_HOME=/opt/rustwide/cargo-home" "-e" "RUSTUP_HOME=/opt/rustwide/rustup-home" "-e" "CARGO_TARGET_DIR=/opt/rustwide/target" "-e" "CARGO_INCREMENTAL=0" "-e" "RUST_BACKTRACE=full" "-e" "RUSTFLAGS=--cap-lints=forbid" "-e" "RUSTDOCFLAGS=--cap-lints=forbid" "-w" "/opt/rustwide/workdir" "--user" "0:0" "e0a6269aae5a9a2c398157586861e05f2f3f69eeb005f4141d21ec44e70d4575" "/opt/rustwide/cargo-home/bin/cargo" "+c60b92c03ca8a3b101eb9d57f51e2232690638c7" "check" "--frozen" "--all" "--all-targets" "--message-format=json", kill_on_drop: false }`
[INFO] [stderr]     Checking futures-channel v0.3.32
[INFO] [stderr]    Compiling serde_json v1.0.150
[INFO] [stderr]     Checking log v0.4.29
[INFO] [stderr]     Checking toml_writer v1.1.1+spec-1.1.0
[INFO] [stderr]     Checking libloading v0.9.0
[INFO] [stderr]     Checking semver v1.0.28
[INFO] [stderr]     Checking unicode-width v0.2.2
[INFO] [stderr]     Checking getrandom v0.4.2
[INFO] [stderr]    Compiling thiserror v2.0.18
[INFO] [stderr]    Compiling futures-macro v0.3.32
[INFO] [stderr]    Compiling tokio-macros v2.7.0
[INFO] [stderr]     Checking serde v1.0.228
[INFO] [stderr]     Checking uuid v1.23.1
[INFO] [stderr]     Checking toml v1.1.2+spec-1.1.0
[INFO] [stderr]     Checking tokio v1.52.3
[INFO] [stderr]     Checking bmux_codec v0.0.1-alpha.1
[INFO] [stderr]     Checking futures-util v0.3.32
[INFO] [stderr]    Compiling bmux_plugin_schema v0.0.1-alpha.1
[INFO] [stderr]     Checking bmux_attach_image_protocol v0.0.1-alpha.1
[INFO] [stderr]     Checking bmux_perf_telemetry v0.0.1-alpha.1
[INFO] [stderr]    Compiling bmux_plugin_schema_macros v0.0.1-alpha.1
[INFO] [stderr]     Checking futures-executor v0.3.32
[INFO] [stderr]     Checking futures v0.3.32
[INFO] [stderr]     Checking tokio-util v0.7.18
[INFO] [stderr]     Checking bmux_ipc v0.0.1-alpha.1
[INFO] [stderr]     Checking switchy_async v0.3.0
[INFO] [stderr]     Checking switchy v0.3.0
[INFO] [stderr]     Checking bmux_plugin_sdk v0.0.1-alpha.1
[INFO] [stdout] error[E0493]: destructor of `PromptRequest` cannot be evaluated at compile-time
[INFO] [stdout]    --> /opt/rustwide/cargo-home/registry/src/index.crates.io-1949cf8c6b5b557f/bmux_plugin_sdk-0.0.1-alpha.1/src/prompt.rs:516:34
[INFO] [stdout]     |
[INFO] [stdout] 516 |     pub const fn confirm_default(mut self, default: bool) -> Self {
[INFO] [stdout]     |                                  ^^^^^^^^ the destructor for this type cannot be evaluated in constant functions
[INFO] [stdout] ...
[INFO] [stdout] 525 |     }
[INFO] [stdout]     |     - value is dropped here
[INFO] [stdout]     |
[INFO] [stdout]     = note: see issue #133214 <https://github.com/rust-lang/rust/issues/133214> for more information
[INFO] [stdout]     = help: add `#![feature(const_destruct)]` to the crate attributes to enable
[INFO] [stdout]     = note: this compiler was built on 2026-10-11; consider upgrading it if it is out of date
[INFO] [stdout] 
[INFO] [stdout] 
[INFO] [stdout] error[E0493]: destructor of `PromptRequest` cannot be evaluated at compile-time
[INFO] [stdout]    --> /opt/rustwide/cargo-home/registry/src/index.crates.io-1949cf8c6b5b557f/bmux_plugin_sdk-0.0.1-alpha.1/src/prompt.rs:558:33
[INFO] [stdout]     |
[INFO] [stdout] 558 |     pub const fn input_required(mut self, required: bool) -> Self {
[INFO] [stdout]     |                                 ^^^^^^^^ the destructor for this type cannot be evaluated in constant functions
[INFO] [stdout] ...
[INFO] [stdout] 567 |     }
[INFO] [stdout]     |     - value is dropped here
[INFO] [stdout]     |
[INFO] [stdout]     = note: see issue #133214 <https://github.com/rust-lang/rust/issues/133214> for more information
[INFO] [stdout]     = help: add `#![feature(const_destruct)]` to the crate attributes to enable
[INFO] [stdout]     = note: this compiler was built on 2026-10-11; consider upgrading it if it is out of date
[INFO] [stdout] 
[INFO] [stdout] 
[INFO] [stdout] error[E0493]: destructor of `PromptRequest` cannot be evaluated at compile-time
[INFO] [stdout]    --> /opt/rustwide/cargo-home/registry/src/index.crates.io-1949cf8c6b5b557f/bmux_plugin_sdk-0.0.1-alpha.1/src/prompt.rs:585:39
[INFO] [stdout]     |
[INFO] [stdout] 585 |     pub const fn single_default_index(mut self, index: usize) -> Self {
[INFO] [stdout]     |                                       ^^^^^^^^ the destructor for this type cannot be evaluated in constant functions
[INFO] [stdout] ...
[INFO] [stdout] 590 |     }
[INFO] [stdout]     |     - value is dropped here
[INFO] [stdout]     |
[INFO] [stdout]     = note: see issue #133214 <https://github.com/rust-lang/rust/issues/133214> for more information
[INFO] [stdout]     = help: add `#![feature(const_destruct)]` to the crate attributes to enable
[INFO] [stdout]     = note: this compiler was built on 2026-10-11; consider upgrading it if it is out of date
[INFO] [stdout] 
[INFO] [stdout] 
[INFO] [stdout] error[E0493]: destructor of `PromptRequest` cannot be evaluated at compile-time
[INFO] [stdout]    --> /opt/rustwide/cargo-home/registry/src/index.crates.io-1949cf8c6b5b557f/bmux_plugin_sdk-0.0.1-alpha.1/src/prompt.rs:593:38
[INFO] [stdout]     |
[INFO] [stdout] 593 |     pub const fn single_live_preview(mut self, enabled: bool) -> Self {
[INFO] [stdout]     |                                      ^^^^^^^^ the destructor for this type cannot be evaluated in constant functions
[INFO] [stdout] ...
[INFO] [stdout] 602 |     }
[INFO] [stdout]     |     - value is dropped here
[INFO] [stdout]     |
[INFO] [stdout]     = note: see issue #133214 <https://github.com/rust-lang/rust/issues/133214> for more information
[INFO] [stdout]     = help: add `#![feature(const_destruct)]` to the crate attributes to enable
[INFO] [stdout]     = note: this compiler was built on 2026-10-11; consider upgrading it if it is out of date
[INFO] [stdout] 
[INFO] [stdout] 
[INFO] [stdout] error[E0493]: destructor of `PromptRequest` cannot be evaluated at compile-time
[INFO] [stdout]    --> /opt/rustwide/cargo-home/registry/src/index.crates.io-1949cf8c6b5b557f/bmux_plugin_sdk-0.0.1-alpha.1/src/prompt.rs:624:37
[INFO] [stdout]     |
[INFO] [stdout] 624 |     pub const fn multi_min_selected(mut self, min_selected: usize) -> Self {
[INFO] [stdout]     |                                     ^^^^^^^^ the destructor for this type cannot be evaluated in constant functions
[INFO] [stdout] ...
[INFO] [stdout] 633 |     }
[INFO] [stdout]     |     - value is dropped here
[INFO] [stdout]     |
[INFO] [stdout]     = note: see issue #133214 <https://github.com/rust-lang/rust/issues/133214> for more information
[INFO] [stdout]     = help: add `#![feature(const_destruct)]` to the crate attributes to enable
[INFO] [stdout]     = note: this compiler was built on 2026-10-11; consider upgrading it if it is out of date
[INFO] [stdout] 
[INFO] [stdout] 
[INFO] [stdout] error[E0493]: destructor of `PromptRequest` cannot be evaluated at compile-time
[INFO] [stdout]    --> /opt/rustwide/cargo-home/registry/src/index.crates.io-1949cf8c6b5b557f/bmux_plugin_sdk-0.0.1-alpha.1/src/prompt.rs:636:36
[INFO] [stdout]     |
[INFO] [stdout] 636 |     pub const fn form_live_preview(mut self, enabled: bool) -> Self {
[INFO] [stdout]     |                                    ^^^^^^^^ the destructor for this type cannot be evaluated in constant functions
[INFO] [stdout] ...
[INFO] [stdout] 641 |     }
[INFO] [stdout]     |     - value is dropped here
[INFO] [stdout]     |
[INFO] [stdout]     = note: see issue #133214 <https://github.com/rust-lang/rust/issues/133214> for more information
[INFO] [stdout]     = help: add `#![feature(const_destruct)]` to the crate attributes to enable
[INFO] [stdout]     = note: this compiler was built on 2026-10-11; consider upgrading it if it is out of date
[INFO] [stdout] 
[INFO] [stdout] 
[INFO] [stdout] For more information about this error, try `rustc --explain E0493`.
[INFO] [stdout] 
[INFO] [stderr] error: could not compile `bmux_plugin_sdk` (lib) due to 6 previous errors
[INFO] running `Command { std: "docker" "inspect" "e0a6269aae5a9a2c398157586861e05f2f3f69eeb005f4141d21ec44e70d4575", kill_on_drop: false }`
[INFO] running `Command { std: "docker" "rm" "-f" "e0a6269aae5a9a2c398157586861e05f2f3f69eeb005f4141d21ec44e70d4575", kill_on_drop: false }`
[INFO] [stdout] e0a6269aae5a9a2c398157586861e05f2f3f69eeb005f4141d21ec44e70d4575
