[INFO] fetching crate blsful 4.1.0...
[INFO] checking blsful-4.1.0 against c60b92c03ca8a3b101eb9d57f51e2232690638c7 for pr-164148-crater-rollup
[INFO] extracting crate blsful 4.1.0 into /workspace/builds/worker-4-tc2/source
[INFO] started tweaking crates.io crate blsful 4.1.0
[INFO] removed 0 missing tests
[INFO] finished tweaking crates.io crate blsful 4.1.0
[INFO] tweaked toml for crates.io crate blsful 4.1.0 written to /workspace/builds/worker-4-tc2/source/Cargo.toml
[INFO] validating manifest of crates.io crate blsful 4.1.0 on toolchain c60b92c03ca8a3b101eb9d57f51e2232690638c7
[INFO] running `Command { std: CARGO_HOME="/workspace/cargo-home" RUSTUP_HOME="/workspace/rustup-home" "/workspace/cargo-home/bin/cargo" "+c60b92c03ca8a3b101eb9d57f51e2232690638c7" "metadata" "--manifest-path" "Cargo.toml" "--no-deps", kill_on_drop: false }`
[INFO] crate crates.io crate blsful 4.1.0 already has a lockfile, it will not be regenerated
[INFO] running `Command { std: CARGO_HOME="/workspace/cargo-home" RUSTUP_HOME="/workspace/rustup-home" "/workspace/cargo-home/bin/cargo" "+c60b92c03ca8a3b101eb9d57f51e2232690638c7" "fetch" "--manifest-path" "Cargo.toml", kill_on_drop: false }`
[INFO] [stderr] warning: `package.homepage` is redundant with `package.repository`
[INFO] [stderr]    --> Cargo.toml:113:12
[INFO] [stderr]     |
[INFO] [stderr] 113 | homepage = "https://github.com/LF-Decentralized-Trust-labs/agora-blsful"
[INFO] [stderr]     |            ^^^^^^^^^^^^^^^^^^^^^^^^^^^^^^^^^^^^^^^^^^^^^^^^^^^^^^^^^^^^^
[INFO] [stderr] ...
[INFO] [stderr] 118 | repository = "https://github.com/LF-Decentralized-Trust-labs/agora-blsful"
[INFO] [stderr]     |              -------------------------------------------------------------
[INFO] [stderr]     |
[INFO] [stderr]     = note: `cargo::redundant_homepage` is set to `warn` by default
[INFO] [stderr] help: consider removing `package.homepage`
[INFO] [stderr] warning: `blsful` (manifest) generated 1 warning
[INFO] running `Command { std: "docker" "create" "-v" "/var/lib/crater-agent-workspace/builds/worker-4-tc2/source:/opt/rustwide/workdir:ro,Z" "-v" "/var/lib/crater-agent-workspace/builds/worker-4-tc2/target:/opt/rustwide/target:rw,Z" "-v" "/var/lib/crater-agent-workspace/cargo-home:/opt/rustwide/cargo-home:ro,Z" "-v" "/var/lib/crater-agent-workspace/rustup-home:/opt/rustwide/rustup-home:ro,Z" "-m" "1610612736" "--network" "none" "ghcr.io/rust-lang/crates-build-env/linux@sha256:77db811e55d90add9212f6832c23229e3de5f1c1f9905e8cb07319ea15df73ac" "sleep" "infinity", kill_on_drop: false }`
[INFO] [stdout] ef0b80ae3c9d80142fe2883e411d0615b96b280c2090a3571ffdefbeea9e8478
[INFO] running `Command { std: "docker" "start" "ef0b80ae3c9d80142fe2883e411d0615b96b280c2090a3571ffdefbeea9e8478", kill_on_drop: false }`
[INFO] running `Command { std: "docker" "inspect" "ef0b80ae3c9d80142fe2883e411d0615b96b280c2090a3571ffdefbeea9e8478", kill_on_drop: false }`
[INFO] running `Command { std: "docker" "exec" "-e" "SOURCE_DIR=/opt/rustwide/workdir" "-e" "CARGO_HOME=/opt/rustwide/cargo-home" "-e" "RUSTUP_HOME=/opt/rustwide/rustup-home" "-e" "CARGO_TARGET_DIR=/opt/rustwide/target" "-w" "/opt/rustwide/workdir" "--user" "0:0" "ef0b80ae3c9d80142fe2883e411d0615b96b280c2090a3571ffdefbeea9e8478" "/opt/rustwide/cargo-home/bin/cargo" "+c60b92c03ca8a3b101eb9d57f51e2232690638c7" "metadata" "--no-deps" "--format-version=1", kill_on_drop: false }`
[INFO] running `Command { std: "docker" "inspect" "ef0b80ae3c9d80142fe2883e411d0615b96b280c2090a3571ffdefbeea9e8478", kill_on_drop: false }`
[INFO] running `Command { std: "docker" "exec" "-e" "SOURCE_DIR=/opt/rustwide/workdir" "-e" "CARGO_HOME=/opt/rustwide/cargo-home" "-e" "RUSTUP_HOME=/opt/rustwide/rustup-home" "-e" "CARGO_TARGET_DIR=/opt/rustwide/target" "-e" "CARGO_INCREMENTAL=0" "-e" "RUST_BACKTRACE=full" "-e" "RUSTFLAGS=--cap-lints=forbid" "-e" "RUSTDOCFLAGS=--cap-lints=forbid" "-w" "/opt/rustwide/workdir" "--user" "0:0" "ef0b80ae3c9d80142fe2883e411d0615b96b280c2090a3571ffdefbeea9e8478" "/opt/rustwide/cargo-home/bin/cargo" "+c60b92c03ca8a3b101eb9d57f51e2232690638c7" "check" "--frozen" "--all" "--all-targets" "--message-format=json", kill_on_drop: false }`
[INFO] [stderr] warning: `package.homepage` is redundant with `package.repository`
[INFO] [stderr]    --> Cargo.toml:113:12
[INFO] [stderr]     |
[INFO] [stderr] 113 | homepage = "https://github.com/LF-Decentralized-Trust-labs/agora-blsful"
[INFO] [stderr]     |            ^^^^^^^^^^^^^^^^^^^^^^^^^^^^^^^^^^^^^^^^^^^^^^^^^^^^^^^^^^^^^
[INFO] [stderr] ...
[INFO] [stderr] 118 | repository = "https://github.com/LF-Decentralized-Trust-labs/agora-blsful"
[INFO] [stderr]     |              -------------------------------------------------------------
[INFO] [stderr]     |
[INFO] [stderr]     = note: `cargo::redundant_homepage` is set to `warn` by default
[INFO] [stderr] help: consider removing `package.homepage`
[INFO] [stderr] warning: `blsful` (manifest) generated 1 warning
[INFO] [stderr]     Checking subtle v2.6.1
[INFO] [stderr]    Compiling serde v1.0.229
[INFO] [stderr]    Compiling radium v0.7.0
[INFO] [stderr]     Checking tap v1.0.1
[INFO] [stderr]     Checking funty v2.0.0
[INFO] [stderr]     Checking cmov v0.5.4
[INFO] [stderr]     Checking rand_core v0.6.4
[INFO] [stderr]     Checking cpubits v0.1.1
[INFO] [stderr]    Compiling thiserror v2.0.19
[INFO] [stderr]    Compiling syn v2.0.119
[INFO] [stderr]    Compiling syn v3.0.3
[INFO] [stderr]    Compiling generic-array v0.14.9
[INFO] [stderr]    Compiling num-traits v0.2.19
[INFO] [stderr]    Compiling libc v0.2.189
[INFO] [stderr]    Compiling zerocopy v0.8.55
[INFO] [stderr]    Compiling aho-corasick v1.1.4
[INFO] [stderr]     Checking base16ct v1.0.0
[INFO] [stderr]     Checking cpufeatures v0.3.0
[INFO] [stderr]     Checking wyz v0.5.1
[INFO] [stderr]    Compiling rstest_macros v0.26.1
[INFO] [stderr]     Checking base16ct v0.2.0
[INFO] [stderr]     Checking generic-array v1.4.4
[INFO] [stderr]     Checking chacha20 v0.10.1
[INFO] [stderr]     Checking keccak v0.2.0
[INFO] [stderr]     Checking arrayref v0.3.9
[INFO] [stderr]     Checking keccak v0.1.6
[INFO] [stderr]     Checking ctutils v0.4.2
[INFO] [stderr]     Checking ciborium-io v0.2.2
[INFO] [stderr]    Compiling glob v0.3.4
[INFO] [stderr]     Checking byteorder v1.5.0
[INFO] [stderr]    Compiling noyalib v0.0.18
[INFO] [stderr]    Compiling relative-path v1.9.3
[INFO] [stderr]     Checking sponge-cursor v0.1.0
[INFO] [stderr]     Checking winnow v1.0.4
[INFO] [stderr]     Checking indexmap v2.14.0
[INFO] [stderr]     Checking serde_spanned v1.1.1
[INFO] [stderr]     Checking toml_datetime v1.1.1+spec-1.1.0
[INFO] [stderr]     Checking unsigned-varint v0.8.0
[INFO] [stderr]     Checking rustc-hash v2.1.3
[INFO] [stderr]     Checking toml_writer v1.1.2+spec-1.1.0
[INFO] [stderr]     Checking serde_json v1.0.151
[INFO] [stderr]     Checking rand_xorshift v0.5.0
[INFO] [stderr]     Checking bitvec v1.1.1
[INFO] [stderr]     Checking toml_parser v1.1.3+spec-1.1.0
[INFO] [stdout] error[E0493]: destructor of `ArrayBuilder<T, N>` cannot be evaluated at compile-time
[INFO] [stdout]    --> /opt/rustwide/cargo-home/registry/src/index.crates.io-1949cf8c6b5b557f/generic-array-1.4.4/src/internal.rs:103:31
[INFO] [stdout]     |
[INFO] [stdout] 103 |     pub unsafe fn assume_init(self) -> GenericArray<T, N> {
[INFO] [stdout]     |                               ^^^^ the destructor for this type cannot be evaluated in constant functions
[INFO] [stdout] ...
[INFO] [stdout] 109 |     }
[INFO] [stdout]     |     - value is dropped here
[INFO] [stdout] 
[INFO] [stdout] 
[INFO] [stdout] error[E0493]: destructor of `GenericArray<core::mem::MaybeUninit<*const T>, N>` cannot be evaluated at compile-time
[INFO] [stdout]    --> /opt/rustwide/cargo-home/registry/src/index.crates.io-1949cf8c6b5b557f/generic-array-1.4.4/src/lib.rs:981:13
[INFO] [stdout]     |
[INFO] [stdout] 981 |         let mut out: GenericArray<MaybeUninit<*const T>, N> = GenericArray::uninit();
[INFO] [stdout]     |             ^^^^^^^ the destructor for this type cannot be evaluated in constant functions
[INFO] [stdout] ...
[INFO] [stdout] 996 |     }
[INFO] [stdout]     |     - value is dropped here
[INFO] [stdout] 
[INFO] [stdout] 
[INFO] [stdout] error[E0493]: destructor of `GenericArray<core::mem::MaybeUninit<*mut T>, N>` cannot be evaluated at compile-time
[INFO] [stdout]     --> /opt/rustwide/cargo-home/registry/src/index.crates.io-1949cf8c6b5b557f/generic-array-1.4.4/src/lib.rs:1016:13
[INFO] [stdout]      |
[INFO] [stdout] 1016 |         let mut out: GenericArray<MaybeUninit<*mut T>, N> = GenericArray::uninit();
[INFO] [stdout]      |             ^^^^^^^ the destructor for this type cannot be evaluated in constant functions
[INFO] [stdout] ...
[INFO] [stdout] 1031 |     }
[INFO] [stdout]      |     - value is dropped here
[INFO] [stdout] 
[INFO] [stdout] 
[INFO] [stdout] For more information about this error, try `rustc --explain E0493`.
[INFO] [stdout] 
[INFO] [stderr] error: could not compile `generic-array` (lib) due to 3 previous errors
[INFO] [stderr] warning: build failed, waiting for other jobs to finish...
[INFO] running `Command { std: "docker" "inspect" "ef0b80ae3c9d80142fe2883e411d0615b96b280c2090a3571ffdefbeea9e8478", kill_on_drop: false }`
[INFO] running `Command { std: "docker" "rm" "-f" "ef0b80ae3c9d80142fe2883e411d0615b96b280c2090a3571ffdefbeea9e8478", kill_on_drop: false }`
[INFO] [stdout] ef0b80ae3c9d80142fe2883e411d0615b96b280c2090a3571ffdefbeea9e8478
