[INFO] fetching crate bamboo-sdk 2026.10.10...
[INFO] checking bamboo-sdk-2026.10.10 against c60b92c03ca8a3b101eb9d57f51e2232690638c7 for pr-164148-crater-rollup
[INFO] extracting crate bamboo-sdk 2026.10.10 into /workspace/builds/worker-2-tc2/source
[INFO] started tweaking crates.io crate bamboo-sdk 2026.10.10
[INFO] removed 0 missing tests
[INFO] finished tweaking crates.io crate bamboo-sdk 2026.10.10
[INFO] tweaked toml for crates.io crate bamboo-sdk 2026.10.10 written to /workspace/builds/worker-2-tc2/source/Cargo.toml
[INFO] validating manifest of crates.io crate bamboo-sdk 2026.10.10 on toolchain c60b92c03ca8a3b101eb9d57f51e2232690638c7
[INFO] running `Command { std: CARGO_HOME="/workspace/cargo-home" RUSTUP_HOME="/workspace/rustup-home" "/workspace/cargo-home/bin/cargo" "+c60b92c03ca8a3b101eb9d57f51e2232690638c7" "metadata" "--manifest-path" "Cargo.toml" "--no-deps", kill_on_drop: false }`
[INFO] crate crates.io crate bamboo-sdk 2026.10.10 already has a lockfile, it will not be regenerated
[INFO] running `Command { std: CARGO_HOME="/workspace/cargo-home" RUSTUP_HOME="/workspace/rustup-home" "/workspace/cargo-home/bin/cargo" "+c60b92c03ca8a3b101eb9d57f51e2232690638c7" "fetch" "--manifest-path" "Cargo.toml", kill_on_drop: false }`
[INFO] running `Command { std: "docker" "create" "-v" "/var/lib/crater-agent-workspace/builds/worker-2-tc2/source:/opt/rustwide/workdir:ro,Z" "-v" "/var/lib/crater-agent-workspace/builds/worker-2-tc2/target:/opt/rustwide/target:rw,Z" "-v" "/var/lib/crater-agent-workspace/cargo-home:/opt/rustwide/cargo-home:ro,Z" "-v" "/var/lib/crater-agent-workspace/rustup-home:/opt/rustwide/rustup-home:ro,Z" "-m" "1610612736" "--network" "none" "ghcr.io/rust-lang/crates-build-env/linux@sha256:77db811e55d90add9212f6832c23229e3de5f1c1f9905e8cb07319ea15df73ac" "sleep" "infinity", kill_on_drop: false }`
[INFO] [stdout] b20485ed8be8b2bf138f52d4935765287253ccc823df6bfd3da7180cc0c3608d
[INFO] running `Command { std: "docker" "start" "b20485ed8be8b2bf138f52d4935765287253ccc823df6bfd3da7180cc0c3608d", kill_on_drop: false }`
[INFO] running `Command { std: "docker" "inspect" "b20485ed8be8b2bf138f52d4935765287253ccc823df6bfd3da7180cc0c3608d", kill_on_drop: false }`
[INFO] running `Command { std: "docker" "exec" "-e" "SOURCE_DIR=/opt/rustwide/workdir" "-e" "CARGO_HOME=/opt/rustwide/cargo-home" "-e" "RUSTUP_HOME=/opt/rustwide/rustup-home" "-e" "CARGO_TARGET_DIR=/opt/rustwide/target" "-w" "/opt/rustwide/workdir" "--user" "0:0" "b20485ed8be8b2bf138f52d4935765287253ccc823df6bfd3da7180cc0c3608d" "/opt/rustwide/cargo-home/bin/cargo" "+c60b92c03ca8a3b101eb9d57f51e2232690638c7" "metadata" "--no-deps" "--format-version=1", kill_on_drop: false }`
[INFO] running `Command { std: "docker" "inspect" "b20485ed8be8b2bf138f52d4935765287253ccc823df6bfd3da7180cc0c3608d", kill_on_drop: false }`
[INFO] running `Command { std: "docker" "exec" "-e" "SOURCE_DIR=/opt/rustwide/workdir" "-e" "CARGO_HOME=/opt/rustwide/cargo-home" "-e" "RUSTUP_HOME=/opt/rustwide/rustup-home" "-e" "CARGO_TARGET_DIR=/opt/rustwide/target" "-e" "CARGO_INCREMENTAL=0" "-e" "RUST_BACKTRACE=full" "-e" "RUSTFLAGS=--cap-lints=forbid" "-e" "RUSTDOCFLAGS=--cap-lints=forbid" "-w" "/opt/rustwide/workdir" "--user" "0:0" "b20485ed8be8b2bf138f52d4935765287253ccc823df6bfd3da7180cc0c3608d" "/opt/rustwide/cargo-home/bin/cargo" "+c60b92c03ca8a3b101eb9d57f51e2232690638c7" "check" "--frozen" "--all" "--all-targets" "--message-format=json", kill_on_drop: false }`
[INFO] [stderr]     Checking typenum v1.20.1
[INFO] [stderr]     Checking zeroize v1.9.0
[INFO] [stderr]     Checking subtle v2.6.1
[INFO] [stderr]     Checking cmov v0.5.4
[INFO] [stderr]    Compiling syn v3.0.3
[INFO] [stderr]     Checking const-oid v0.10.2
[INFO] [stderr]     Checking parking_lot_core v0.9.12
[INFO] [stderr]     Checking bitflags v2.13.1
[INFO] [stderr]     Checking mio v1.2.1
[INFO] [stderr]     Checking cpubits v0.1.1
[INFO] [stderr]    Compiling thiserror v2.0.21
[INFO] [stderr]    Compiling serde_json v1.0.151
[INFO] [stderr]     Checking parking_lot v0.12.5
[INFO] [stderr]     Checking tracing v0.1.44
[INFO] [stderr]     Checking ctutils v0.4.2
[INFO] [stderr]     Checking indexmap v2.14.0
[INFO] [stderr]     Checking aho-corasick v1.1.4
[INFO] [stderr]     Checking tokio v1.53.1
[INFO] [stderr]    Compiling crossbeam-utils v0.8.22
[INFO] [stderr]     Checking rustls-pki-types v1.15.0
[INFO] [stderr]    Compiling zerocopy v0.8.53
[INFO] [stderr]     Checking pem-rfc7468 v1.0.0
[INFO] [stderr]     Checking uuid v1.26.1
[INFO] [stderr]     Checking idna v1.1.0
[INFO] [stderr]     Checking regex-automata v0.4.18
[INFO] [stderr]    Compiling openssl-sys v0.9.117
[INFO] [stderr]     Checking der v0.8.2
[INFO] [stderr]    Compiling getrandom v0.3.4
[INFO] [stderr]     Checking url v2.5.8
[INFO] [stderr]     Checking hybrid-array v0.4.13
[INFO] [stderr]     Checking generic-array v0.14.7
[INFO] [stderr]     Checking http-body v1.0.1
[INFO] [stderr]     Checking getrandom v0.2.17
[INFO] [stderr]     Checking block-buffer v0.10.4
[INFO] [stderr]     Checking crypto-common v0.1.7
[INFO] [stderr]     Checking digest v0.10.7
[INFO] [stderr]    Compiling openssl v0.10.81
[INFO] [stderr]     Checking dashmap v6.2.1
[INFO] [stderr]     Checking spki v0.8.0
[INFO] [stderr]     Checking sha2 v0.10.9
[INFO] [stderr]    Compiling openssl-macros v0.1.1
[INFO] [stderr]    Compiling native-tls v0.2.18
[INFO] [stderr]    Compiling rustix v1.1.5
[INFO] [stderr]     Checking ring v0.17.14
[INFO] [stderr]     Checking crypto-common v0.2.2
[INFO] [stderr]     Checking block-buffer v0.12.1
[INFO] [stderr]     Checking block-padding v0.4.2
[INFO] [stderr]     Checking inout v0.2.2
[INFO] [stderr]     Checking crypto-bigint v0.7.5
[INFO] [stderr]     Checking digest v0.11.3
[INFO] [stderr]     Checking cipher v0.5.2
[INFO] [stderr]     Checking universal-hash v0.6.1
[INFO] [stderr]     Checking polyval v0.7.1
[INFO] [stderr]     Checking ghash v0.6.0
[INFO] [stderr]     Checking aes v0.9.1
[INFO] [stderr]     Checking ctr v0.10.1
[INFO] [stderr]     Checking sha2 v0.11.0
[INFO] [stderr]    Compiling serde_derive v1.0.229
[INFO] [stderr]    Compiling futures-macro v0.3.34
[INFO] [stderr]    Compiling thiserror-impl v2.0.21
[INFO] [stderr]     Checking aead v0.6.1
[INFO] [stderr]     Checking aes-gcm v0.11.1
[INFO] [stderr]    Compiling async-trait v0.1.92
[INFO] [stderr]     Checking futures-util v0.3.34
[INFO] [stderr]     Checking regex v1.13.1
[INFO] [stderr]     Checking hmac v0.13.0
[INFO] [stderr]     Checking chacha20 v0.10.2
[INFO] [stderr]     Checking pbkdf2 v0.13.0
[INFO] [stderr]     Checking salsa20 v0.11.0
[INFO] [stderr]     Checking cbc v0.2.1
[INFO] [stderr]     Checking ppv-lite86 v0.2.21
[INFO] [stderr]     Checking rand v0.10.3
[INFO] [stderr]     Checking scrypt v0.12.0
[INFO] [stderr]     Checking pkcs5 v0.8.1
[INFO] [stderr]     Checking pkcs8 v0.11.0
[INFO] [stderr]     Checking http-body-util v0.1.3
[INFO] [stderr]     Checking ff v0.14.0
[INFO] [stderr]     Checking linux-raw-sys v0.12.1
[INFO] [stderr]     Checking dirs-sys v0.5.0
[INFO] [stderr]     Checking inotify v0.11.4
[INFO] [stderr]    Compiling libsqlite3-sys v0.38.2
[INFO] [stderr]     Checking notify-types v2.1.0
[INFO] [stderr]    Compiling rustls v0.23.45
[INFO] [stderr]     Checking notify v8.2.0
[INFO] [stderr]     Checking dirs v6.0.0
[INFO] [stderr]     Checking group v0.14.0
[INFO] [stderr]     Checking rustls-webpki v0.103.15
[INFO] [stderr]     Checking matchers v0.2.0
[INFO] [stderr]     Checking signature v3.0.0
[INFO] [stderr]     Checking encoding_rs v0.8.35
[INFO] [stderr]     Checking base16ct v1.0.0
[INFO] [stderr]     Checking time v0.3.53
[INFO] [stderr]     Checking tokio-native-tls v0.3.1
[INFO] [stderr]     Checking serde v1.0.229
[INFO] [stderr]     Checking tracing-subscriber v0.3.23
[INFO] [stderr]     Checking chrono v0.4.45
[INFO] [stderr]     Checking serde_yaml_ng v0.10.0
[INFO] [stderr]     Checking tokio-util v0.7.19
[INFO] [stderr]     Checking futures-executor v0.3.34
[INFO] [stderr]     Checking futures v0.3.34
[INFO] [stderr]     Checking serde_yaml v0.9.34+deprecated
[INFO] [stderr]     Checking tower v0.5.3
[INFO] [stderr]     Checking serde_urlencoded v0.7.1
[INFO] [stderr]     Checking h2 v0.4.16
[INFO] [stderr]     Checking sec1 v0.8.1
[INFO] [stderr]     Checking tower-http v0.6.11
[INFO] [stderr]     Checking hkdf v0.13.0
[INFO] [stderr]     Checking crossbeam-channel v0.5.16
[INFO] [stderr]     Checking bamboo-domain v2026.10.10
[INFO] [stderr]     Checking hashlink v0.12.1
[INFO] [stderr]    Compiling io-lifetimes v3.0.1
[INFO] [stderr]    Compiling io-lifetimes v2.0.4
[INFO] [stderr]     Checking symlink v0.1.0
[INFO] [stderr]    Compiling nix v0.31.3
[INFO] [stderr]     Checking tracing-appender v0.2.5
[INFO] [stderr]     Checking elliptic-curve v0.14.1
[INFO] [stderr]     Checking primefield v0.14.0
[INFO] [stderr]     Checking sha1 v0.10.6
[INFO] [stderr]     Checking rand_core v0.6.4
[INFO] [stderr]     Checking sysinfo v0.39.6
[INFO] [stderr]    Compiling io-extras v0.19.0
[INFO] [stderr]    Compiling tree-sitter-language v0.1.7
[INFO] [stderr]     Checking nom v7.1.3
[INFO] [stderr]     Checking rand_chacha v0.3.1
[INFO] [stderr]     Checking wnaf v0.14.1
[INFO] [stderr]     Checking ahash v0.8.12
[INFO] [stderr]     Checking rfc6979 v0.6.0
[INFO] [stderr]    Compiling ref-cast-impl v1.0.26
[INFO] [stderr]    Compiling thiserror-impl v1.0.69
[INFO] [stderr]    Compiling cap-primitives v4.0.3
[INFO] [stderr]    Compiling darling_core v0.20.11
[INFO] [stderr]     Checking ecdsa v0.17.0
[INFO] [stderr]     Checking ref-cast v1.0.26
[INFO] [stderr]     Checking fs-set-times v0.20.3
[INFO] [stderr]     Checking rand v0.8.6
[INFO] [stderr]     Checking primeorder v0.14.0
[INFO] [stderr]     Checking thiserror v1.0.69
[INFO] [stderr]     Checking hyper v1.10.1
[INFO] [stderr]    Compiling curve25519-dalek v5.0.0
[INFO] [stderr]     Checking rustix-linux-procfs v0.1.1
[INFO] [stderr]     Checking tokio-rustls v0.26.6
[INFO] [stderr]     Checking fancy-regex v0.19.0
[INFO] [stderr]     Checking num-bigint v0.4.8
[INFO] [stderr]     Checking eventsource-stream v0.2.3
[INFO] [stderr]     Checking retry-policies v0.5.2
[INFO] [stderr]     Checking bstr v1.13.1
[INFO] [stderr]     Checking hyper-util v0.1.20
[INFO] [stderr]     Checking rand_core v0.9.5
[INFO] [stderr]     Checking webpki-roots v1.0.8
[INFO] [stderr]     Checking maybe-owned v0.3.4
[INFO] [stderr]    Compiling cap-std v4.0.3
[INFO] [stderr]     Checking ambient-authority v0.0.2
[INFO] [stderr]     Checking tungstenite v0.24.0
[INFO] [stderr]     Checking num-rational v0.4.2
[INFO] [stderr]     Checking webpki-roots v0.26.11
[INFO] [stderr]     Checking rand_chacha v0.9.0
[INFO] [stderr]    Compiling darling_macro v0.20.11
[INFO] [stderr]     Checking num-iter v0.1.46
[INFO] [stderr]     Checking ssh-encoding v0.3.0
[INFO] [stderr]     Checking num-complex v0.4.6
[INFO] [stderr]    Compiling curve25519-dalek-derive v0.1.1
[INFO] [stderr]     Checking keccak v0.2.0
[INFO] [stderr]     Checking hyper-tls v0.6.0
[INFO] [stderr]    Compiling crc32fast v1.5.0
[INFO] [stderr]     Checking reqwest v0.13.5
[INFO] [stderr]    Compiling cap-fs-ext v4.0.3
[INFO] [stderr]    Compiling darling v0.20.11
[INFO] [stderr]     Checking rand v0.9.4
[INFO] [stderr]     Checking tokio-tungstenite v0.24.0
[INFO] [stderr]     Checking num v0.4.3
[INFO] [stderr]     Checking crossbeam-epoch v0.9.20
[INFO] [stderr]    Compiling tree-sitter v0.26.12
[INFO] [stderr]    Compiling stop-words v0.9.0
[INFO] [stderr]     Checking ed25519 v3.0.0
[INFO] [stderr]     Checking crypto-primes v0.7.2
[INFO] [stderr]     Checking blowfish v0.10.0
[INFO] [stderr]     Checking poly1305 v0.9.0
[INFO] [stderr]     Checking blake2 v0.11.0-rc.6
[INFO] [stderr]     Checking pkcs1 v0.8.0-rc.4
[INFO] [stderr]     Checking reqwest-middleware v0.5.2
[INFO] [stderr]    Compiling tree-sitter-bash v0.25.1
[INFO] [stderr]     Checking fs2 v0.4.3
[INFO] [stderr]     Checking rustc-hash v2.1.3
[INFO] [stderr]     Checking borrow-or-share v0.2.4
[INFO] [stderr]    Compiling crossbeam-deque v0.8.8
[INFO] [stderr]     Checking reqwest-retry v0.9.1
[INFO] [stderr]    Compiling portable-atomic v1.13.1
[INFO] [stderr]    Compiling unicode-general-category v1.1.0
[INFO] [stderr]    Compiling bamboo-skills v2026.10.10
[INFO] [stderr]     Checking tempfile v3.27.0
[INFO] [stderr]     Checking miniz_oxide v0.9.1
[INFO] [stderr]    Compiling strum_macros v0.28.0
[INFO] [stderr]     Checking rusqlite v0.40.2
[INFO] [stderr]     Checking ed25519-dalek v3.0.0
[INFO] [stderr]     Checking fluent-uri v0.4.1
[INFO] [stderr]     Checking tiktoken-rs v0.12.1
[INFO] [stderr]     Checking argon2 v0.6.0-rc.8
[INFO] [stderr]     Checking ssh-cipher v0.3.0
[INFO] [stderr]     Checking bcrypt-pbkdf v0.11.0
[INFO] [stderr]     Checking rsa v0.10.0-rc.18
[INFO] [stderr]     Checking fraction v0.17.0
[INFO] [stderr]    Compiling cached_proc_macro v0.25.0
[INFO] [stderr]     Checking sha3 v0.11.0
[INFO] [stderr]     Checking unicode-normalization v0.1.25
[INFO] [stderr]     Checking p256 v0.14.0
[INFO] [stderr]     Checking p521 v0.14.0
[INFO] [stderr]     Checking p384 v0.14.0
[INFO] [stderr]     Checking bamboo-plugin-protocol v2026.10.10
[INFO] [stderr]     Checking sha1 v0.11.0
[INFO] [stderr]     Checking kem v0.3.0
[INFO] [stderr]     Checking module-lattice v0.2.3
[INFO] [stderr]    Compiling serde_derive_internals v0.30.0
[INFO] [stderr]     Checking raw-cpuid v11.6.0
[INFO] [stderr]     Checking sponge-cursor v0.1.0
[INFO] [stderr]     Checking outref v0.5.2
[INFO] [stderr]     Checking cached_proc_macro_types v0.1.1
[INFO] [stderr]     Checking streaming-iterator v0.1.9
[INFO] [stderr]     Checking micromap v0.3.0
[INFO] [stderr]     Checking vsimd v0.8.0
[INFO] [stderr]    Compiling rmcp v3.5.0
[INFO] [stderr]     Checking referencing v0.56.0
[INFO] [stderr]     Checking toml_parser v1.1.3+spec-1.1.0
[INFO] [stderr]     Checking uuid-simd v0.8.0
[INFO] [stderr]    Compiling schemars_derive v1.2.2
[INFO] [stderr]    Compiling enum_dispatch v0.3.13
[INFO] [stderr]     Checking cached v0.56.0
[INFO] [stderr]     Checking jsonschema-value v0.56.0
[INFO] [stderr]     Checking ml-kem v0.3.2
[INFO] [stderr]     Checking sha3 v0.12.0
[INFO] [stderr]     Checking strum v0.28.0
[INFO] [stderr]     Checking jiandu-memory v0.2.0
[INFO] [stderr]     Checking flate2 v1.1.10
[INFO] [stderr]     Checking bamboo-config v2026.10.10
[INFO] [stderr]     Checking bamboo-infrastructure v2026.10.10
[INFO] [stderr]     Checking bamboo-agent-core v2026.10.10
[INFO] [stderr]     Checking bamboo-subagent v2026.10.10
[INFO] [stderr]     Checking quanta v0.12.6
[INFO] [stderr]     Checking bamboo-compression v2026.10.10
[INFO] [stderr]     Checking tungstenite v0.29.0
[INFO] [stderr]     Checking generic-array v1.4.3
[INFO] [stderr]     Checking russh-cryptovec v0.62.0
[INFO] [stderr]     Checking ssh-key v0.7.0-rc.11
[INFO] [stderr]     Checking process-wrap v10.0.1
[INFO] [stdout] error[E0493]: destructor of `ArrayBuilder<T, N>` cannot be evaluated at compile-time
[INFO] [stdout]    --> /opt/rustwide/cargo-home/registry/src/index.crates.io-1949cf8c6b5b557f/generic-array-1.4.3/src/internal.rs:103:31
[INFO] [stdout]     |
[INFO] [stdout] 103 |     pub unsafe fn assume_init(self) -> GenericArray<T, N> {
[INFO] [stdout]     |                               ^^^^ the destructor for this type cannot be evaluated in constant functions
[INFO] [stdout] ...
[INFO] [stdout] 109 |     }
[INFO] [stdout]     |     - value is dropped here
[INFO] [stdout] 
[INFO] [stdout] 
[INFO] [stderr]     Checking globset v0.4.20
[INFO] [stdout] error[E0493]: destructor of `GenericArray<core::mem::MaybeUninit<*const T>, N>` cannot be evaluated at compile-time
[INFO] [stdout]    --> /opt/rustwide/cargo-home/registry/src/index.crates.io-1949cf8c6b5b557f/generic-array-1.4.3/src/lib.rs:970:13
[INFO] [stdout]     |
[INFO] [stdout] 970 |         let mut out: GenericArray<MaybeUninit<*const T>, N> = GenericArray::uninit();
[INFO] [stdout]     |             ^^^^^^^ the destructor for this type cannot be evaluated in constant functions
[INFO] [stdout] ...
[INFO] [stdout] 985 |     }
[INFO] [stdout]     |     - value is dropped here
[INFO] [stdout] 
[INFO] [stdout] 
[INFO] [stdout] error[E0493]: destructor of `GenericArray<core::mem::MaybeUninit<*mut T>, N>` cannot be evaluated at compile-time
[INFO] [stdout]     --> /opt/rustwide/cargo-home/registry/src/index.crates.io-1949cf8c6b5b557f/generic-array-1.4.3/src/lib.rs:1005:13
[INFO] [stdout]      |
[INFO] [stdout] 1005 |         let mut out: GenericArray<MaybeUninit<*mut T>, N> = GenericArray::uninit();
[INFO] [stdout]      |             ^^^^^^^ the destructor for this type cannot be evaluated in constant functions
[INFO] [stdout] ...
[INFO] [stdout] 1020 |     }
[INFO] [stdout]      |     - value is dropped here
[INFO] [stdout] 
[INFO] [stdout] 
[INFO] [stdout] For more information about this error, try `rustc --explain E0493`.
[INFO] [stdout] 
[INFO] [stderr] error: could not compile `generic-array` (lib) due to 3 previous errors
[INFO] [stderr] warning: build failed, waiting for other jobs to finish...
[INFO] running `Command { std: "docker" "inspect" "b20485ed8be8b2bf138f52d4935765287253ccc823df6bfd3da7180cc0c3608d", kill_on_drop: false }`
[INFO] running `Command { std: "docker" "rm" "-f" "b20485ed8be8b2bf138f52d4935765287253ccc823df6bfd3da7180cc0c3608d", kill_on_drop: false }`
[INFO] [stdout] b20485ed8be8b2bf138f52d4935765287253ccc823df6bfd3da7180cc0c3608d
