[INFO] fetching crate armas 0.2.2...
[INFO] checking armas-0.2.2 against c60b92c03ca8a3b101eb9d57f51e2232690638c7 for pr-164148-crater-rollup
[INFO] extracting crate armas 0.2.2 into /workspace/builds/worker-3-tc2/source
[INFO] started tweaking crates.io crate armas 0.2.2
[INFO] finished tweaking crates.io crate armas 0.2.2
[INFO] tweaked toml for crates.io crate armas 0.2.2 written to /workspace/builds/worker-3-tc2/source/Cargo.toml
[INFO] validating manifest of crates.io crate armas 0.2.2 on toolchain c60b92c03ca8a3b101eb9d57f51e2232690638c7
[INFO] running `Command { std: CARGO_HOME="/workspace/cargo-home" RUSTUP_HOME="/workspace/rustup-home" "/workspace/cargo-home/bin/cargo" "+c60b92c03ca8a3b101eb9d57f51e2232690638c7" "metadata" "--manifest-path" "Cargo.toml" "--no-deps", kill_on_drop: false }`
[INFO] crate crates.io crate armas 0.2.2 already has a lockfile, it will not be regenerated
[INFO] running `Command { std: CARGO_HOME="/workspace/cargo-home" RUSTUP_HOME="/workspace/rustup-home" "/workspace/cargo-home/bin/cargo" "+c60b92c03ca8a3b101eb9d57f51e2232690638c7" "fetch" "--manifest-path" "Cargo.toml", kill_on_drop: false }`
[INFO] running `Command { std: "docker" "create" "-v" "/var/lib/crater-agent-workspace/builds/worker-3-tc2/source:/opt/rustwide/workdir:ro,Z" "-v" "/var/lib/crater-agent-workspace/builds/worker-3-tc2/target:/opt/rustwide/target:rw,Z" "-v" "/var/lib/crater-agent-workspace/cargo-home:/opt/rustwide/cargo-home:ro,Z" "-v" "/var/lib/crater-agent-workspace/rustup-home:/opt/rustwide/rustup-home:ro,Z" "-m" "1610612736" "--network" "none" "ghcr.io/rust-lang/crates-build-env/linux@sha256:77db811e55d90add9212f6832c23229e3de5f1c1f9905e8cb07319ea15df73ac" "sleep" "infinity", kill_on_drop: false }`
[INFO] [stdout] b772cca903a5f130d1463940e7b8f81a76671831de30c1a4d5927180fc54ac0e
[INFO] running `Command { std: "docker" "start" "b772cca903a5f130d1463940e7b8f81a76671831de30c1a4d5927180fc54ac0e", kill_on_drop: false }`
[INFO] running `Command { std: "docker" "inspect" "b772cca903a5f130d1463940e7b8f81a76671831de30c1a4d5927180fc54ac0e", kill_on_drop: false }`
[INFO] running `Command { std: "docker" "exec" "-e" "SOURCE_DIR=/opt/rustwide/workdir" "-e" "CARGO_HOME=/opt/rustwide/cargo-home" "-e" "RUSTUP_HOME=/opt/rustwide/rustup-home" "-e" "CARGO_TARGET_DIR=/opt/rustwide/target" "-w" "/opt/rustwide/workdir" "--user" "0:0" "b772cca903a5f130d1463940e7b8f81a76671831de30c1a4d5927180fc54ac0e" "/opt/rustwide/cargo-home/bin/cargo" "+c60b92c03ca8a3b101eb9d57f51e2232690638c7" "metadata" "--no-deps" "--format-version=1", kill_on_drop: false }`
[INFO] running `Command { std: "docker" "inspect" "b772cca903a5f130d1463940e7b8f81a76671831de30c1a4d5927180fc54ac0e", kill_on_drop: false }`
[INFO] running `Command { std: "docker" "exec" "-e" "SOURCE_DIR=/opt/rustwide/workdir" "-e" "CARGO_HOME=/opt/rustwide/cargo-home" "-e" "RUSTUP_HOME=/opt/rustwide/rustup-home" "-e" "CARGO_TARGET_DIR=/opt/rustwide/target" "-e" "CARGO_INCREMENTAL=0" "-e" "RUST_BACKTRACE=full" "-e" "RUSTFLAGS=--cap-lints=forbid" "-e" "RUSTDOCFLAGS=--cap-lints=forbid" "-w" "/opt/rustwide/workdir" "--user" "0:0" "b772cca903a5f130d1463940e7b8f81a76671831de30c1a4d5927180fc54ac0e" "/opt/rustwide/cargo-home/bin/cargo" "+c60b92c03ca8a3b101eb9d57f51e2232690638c7" "check" "--frozen" "--all" "--all-targets" "--message-format=json", kill_on_drop: false }`
[INFO] [stderr]    Compiling libc v0.2.179
[INFO] [stderr]    Compiling proc-macro2 v1.0.105
[INFO] [stderr]    Compiling quote v1.0.43
[INFO] [stderr]     Checking emath v0.33.3
[INFO] [stderr]     Checking once_cell v1.21.3
[INFO] [stderr]     Checking epaint_default_fonts v0.33.3
[INFO] [stderr]     Checking profiling v1.0.17
[INFO] [stderr]     Checking chrono v0.4.42
[INFO] [stderr]     Checking ahash v0.8.12
[INFO] [stderr]     Checking ecolor v0.33.3
[INFO] [stderr]    Compiling syn v2.0.113
[INFO] [stderr]     Checking parking_lot_core v0.9.12
[INFO] [stderr]     Checking parking_lot v0.12.5
[INFO] [stderr]     Checking epaint v0.33.3
[INFO] [stderr]     Checking egui v0.33.3
[INFO] [stderr]    Compiling serde_derive v1.0.228
[INFO] [stderr]     Checking serde v1.0.228
[INFO] [stderr]     Checking armas-icon v0.2.2
[INFO] [stderr]     Checking armas-basic v0.2.2
[INFO] [stdout] error[E0493]: destructor of `ToastBuilder<'_>` cannot be evaluated at compile-time
[INFO] [stdout]    --> /opt/rustwide/cargo-home/registry/src/index.crates.io-1949cf8c6b5b557f/armas-basic-0.2.2/src/components/toast.rs:568:24
[INFO] [stdout]     |
[INFO] [stdout] 568 |     pub const fn color(mut self, color: Color32) -> Self {
[INFO] [stdout]     |                        ^^^^^^^^ the destructor for this type cannot be evaluated in constant functions
[INFO] [stdout] ...
[INFO] [stdout] 573 |     }
[INFO] [stdout]     |     - value is dropped here
[INFO] [stdout]     |
[INFO] [stdout]     = note: see issue #133214 <https://github.com/rust-lang/rust/issues/133214> for more information
[INFO] [stdout]     = help: add `#![feature(const_destruct)]` to the crate attributes to enable
[INFO] [stdout]     = note: this compiler was built on 2026-10-11; consider upgrading it if it is out of date
[INFO] [stdout] 
[INFO] [stdout] 
[INFO] [stdout] error[E0493]: destructor of `ToastBuilder<'_>` cannot be evaluated at compile-time
[INFO] [stdout]    --> /opt/rustwide/cargo-home/registry/src/index.crates.io-1949cf8c6b5b557f/armas-basic-0.2.2/src/components/toast.rs:577:27
[INFO] [stdout]     |
[INFO] [stdout] 577 |     pub const fn duration(mut self, duration: std::time::Duration) -> Self {
[INFO] [stdout]     |                           ^^^^^^^^ the destructor for this type cannot be evaluated in constant functions
[INFO] [stdout] ...
[INFO] [stdout] 582 |     }
[INFO] [stdout]     |     - value is dropped here
[INFO] [stdout]     |
[INFO] [stdout]     = note: see issue #133214 <https://github.com/rust-lang/rust/issues/133214> for more information
[INFO] [stdout]     = help: add `#![feature(const_destruct)]` to the crate attributes to enable
[INFO] [stdout]     = note: this compiler was built on 2026-10-11; consider upgrading it if it is out of date
[INFO] [stdout] 
[INFO] [stdout] 
[INFO] [stdout] error[E0493]: destructor of `ToastBuilder<'_>` cannot be evaluated at compile-time
[INFO] [stdout]    --> /opt/rustwide/cargo-home/registry/src/index.crates.io-1949cf8c6b5b557f/armas-basic-0.2.2/src/components/toast.rs:586:30
[INFO] [stdout]     |
[INFO] [stdout] 586 |     pub const fn dismissible(mut self, dismissible: bool) -> Self {
[INFO] [stdout]     |                              ^^^^^^^^ the destructor for this type cannot be evaluated in constant functions
[INFO] [stdout] ...
[INFO] [stdout] 591 |     }
[INFO] [stdout]     |     - value is dropped here
[INFO] [stdout]     |
[INFO] [stdout]     = note: see issue #133214 <https://github.com/rust-lang/rust/issues/133214> for more information
[INFO] [stdout]     = help: add `#![feature(const_destruct)]` to the crate attributes to enable
[INFO] [stdout]     = note: this compiler was built on 2026-10-11; consider upgrading it if it is out of date
[INFO] [stdout] 
[INFO] [stdout] 
[INFO] [stdout] error[E0493]: destructor of `ToastBuilder<'_>` cannot be evaluated at compile-time
[INFO] [stdout]    --> /opt/rustwide/cargo-home/registry/src/index.crates.io-1949cf8c6b5b557f/armas-basic-0.2.2/src/components/toast.rs:596:27
[INFO] [stdout]     |
[INFO] [stdout] 596 |     pub const fn progress(mut self, progress: f32) -> Self {
[INFO] [stdout]     |                           ^^^^^^^^ the destructor for this type cannot be evaluated in constant functions
[INFO] [stdout] ...
[INFO] [stdout] 601 |     }
[INFO] [stdout]     |     - value is dropped here
[INFO] [stdout]     |
[INFO] [stdout]     = note: see issue #133214 <https://github.com/rust-lang/rust/issues/133214> for more information
[INFO] [stdout]     = help: add `#![feature(const_destruct)]` to the crate attributes to enable
[INFO] [stdout]     = note: this compiler was built on 2026-10-11; consider upgrading it if it is out of date
[INFO] [stdout] 
[INFO] [stdout] 
[INFO] [stdout] For more information about this error, try `rustc --explain E0493`.
[INFO] [stdout] 
[INFO] [stderr] error: could not compile `armas-basic` (lib) due to 4 previous errors
[INFO] running `Command { std: "docker" "inspect" "b772cca903a5f130d1463940e7b8f81a76671831de30c1a4d5927180fc54ac0e", kill_on_drop: false }`
[INFO] running `Command { std: "docker" "rm" "-f" "b772cca903a5f130d1463940e7b8f81a76671831de30c1a4d5927180fc54ac0e", kill_on_drop: false }`
[INFO] [stdout] b772cca903a5f130d1463940e7b8f81a76671831de30c1a4d5927180fc54ac0e
