[INFO] fetching crate armas-audio 0.2.2...
[INFO] checking armas-audio-0.2.2 against c60b92c03ca8a3b101eb9d57f51e2232690638c7 for pr-164148-crater-rollup
[INFO] extracting crate armas-audio 0.2.2 into /workspace/builds/worker-5-tc2/source
[INFO] started tweaking crates.io crate armas-audio 0.2.2
[INFO] removed 0 missing tests
[INFO] finished tweaking crates.io crate armas-audio 0.2.2
[INFO] tweaked toml for crates.io crate armas-audio 0.2.2 written to /workspace/builds/worker-5-tc2/source/Cargo.toml
[INFO] validating manifest of crates.io crate armas-audio 0.2.2 on toolchain c60b92c03ca8a3b101eb9d57f51e2232690638c7
[INFO] running `Command { std: CARGO_HOME="/workspace/cargo-home" RUSTUP_HOME="/workspace/rustup-home" "/workspace/cargo-home/bin/cargo" "+c60b92c03ca8a3b101eb9d57f51e2232690638c7" "metadata" "--manifest-path" "Cargo.toml" "--no-deps", kill_on_drop: false }`
[INFO] crate crates.io crate armas-audio 0.2.2 already has a lockfile, it will not be regenerated
[INFO] running `Command { std: CARGO_HOME="/workspace/cargo-home" RUSTUP_HOME="/workspace/rustup-home" "/workspace/cargo-home/bin/cargo" "+c60b92c03ca8a3b101eb9d57f51e2232690638c7" "fetch" "--manifest-path" "Cargo.toml", kill_on_drop: false }`
[INFO] running `Command { std: "docker" "create" "-v" "/var/lib/crater-agent-workspace/builds/worker-5-tc2/source:/opt/rustwide/workdir:ro,Z" "-v" "/var/lib/crater-agent-workspace/builds/worker-5-tc2/target:/opt/rustwide/target:rw,Z" "-v" "/var/lib/crater-agent-workspace/cargo-home:/opt/rustwide/cargo-home:ro,Z" "-v" "/var/lib/crater-agent-workspace/rustup-home:/opt/rustwide/rustup-home:ro,Z" "-m" "1610612736" "--network" "none" "ghcr.io/rust-lang/crates-build-env/linux@sha256:77db811e55d90add9212f6832c23229e3de5f1c1f9905e8cb07319ea15df73ac" "sleep" "infinity", kill_on_drop: false }`
[INFO] [stdout] 4ad1cd7e776f1ae295631471cd997688618d24f524e23a57094fd7a247cdff64
[INFO] running `Command { std: "docker" "start" "4ad1cd7e776f1ae295631471cd997688618d24f524e23a57094fd7a247cdff64", kill_on_drop: false }`
[INFO] running `Command { std: "docker" "inspect" "4ad1cd7e776f1ae295631471cd997688618d24f524e23a57094fd7a247cdff64", kill_on_drop: false }`
[INFO] running `Command { std: "docker" "exec" "-e" "SOURCE_DIR=/opt/rustwide/workdir" "-e" "CARGO_HOME=/opt/rustwide/cargo-home" "-e" "RUSTUP_HOME=/opt/rustwide/rustup-home" "-e" "CARGO_TARGET_DIR=/opt/rustwide/target" "-w" "/opt/rustwide/workdir" "--user" "0:0" "4ad1cd7e776f1ae295631471cd997688618d24f524e23a57094fd7a247cdff64" "/opt/rustwide/cargo-home/bin/cargo" "+c60b92c03ca8a3b101eb9d57f51e2232690638c7" "metadata" "--no-deps" "--format-version=1", kill_on_drop: false }`
[INFO] running `Command { std: "docker" "inspect" "4ad1cd7e776f1ae295631471cd997688618d24f524e23a57094fd7a247cdff64", kill_on_drop: false }`
[INFO] running `Command { std: "docker" "exec" "-e" "SOURCE_DIR=/opt/rustwide/workdir" "-e" "CARGO_HOME=/opt/rustwide/cargo-home" "-e" "RUSTUP_HOME=/opt/rustwide/rustup-home" "-e" "CARGO_TARGET_DIR=/opt/rustwide/target" "-e" "CARGO_INCREMENTAL=0" "-e" "RUST_BACKTRACE=full" "-e" "RUSTFLAGS=--cap-lints=forbid" "-e" "RUSTDOCFLAGS=--cap-lints=forbid" "-w" "/opt/rustwide/workdir" "--user" "0:0" "4ad1cd7e776f1ae295631471cd997688618d24f524e23a57094fd7a247cdff64" "/opt/rustwide/cargo-home/bin/cargo" "+c60b92c03ca8a3b101eb9d57f51e2232690638c7" "check" "--frozen" "--all" "--all-targets" "--message-format=json", kill_on_drop: false }`
[INFO] [stderr]    Compiling proc-macro2 v1.0.105
[INFO] [stderr]    Compiling quote v1.0.43
[INFO] [stderr]    Compiling libc v0.2.179
[INFO] [stderr]    Compiling libm v0.2.15
[INFO] [stderr]    Compiling zerocopy v0.8.31
[INFO] [stderr]     Checking smallvec v1.15.1
[INFO] [stderr]     Checking profiling v1.0.17
[INFO] [stderr]    Compiling num-traits v0.2.19
[INFO] [stderr]    Compiling thiserror v2.0.17
[INFO] [stderr]     Checking hashbrown v0.15.5
[INFO] [stderr]     Checking ttf-parser v0.25.1
[INFO] [stderr]    Compiling naga v27.0.3
[INFO] [stderr]    Compiling ahash v0.8.12
[INFO] [stderr]     Checking hashbrown v0.16.1
[INFO] [stderr]     Checking accesskit v0.21.1
[INFO] [stderr]    Compiling ash v0.38.0+1.3.281
[INFO] [stderr]     Checking bit-vec v0.8.0
[INFO] [stderr]    Compiling khronos-egl v6.0.0
[INFO] [stderr]     Checking spirv v0.3.0+sdk-1.3.268.0
[INFO] [stderr]     Checking gpu-alloc-types v0.3.0
[INFO] [stderr]     Checking bit-set v0.8.0
[INFO] [stderr]     Checking gpu-descriptor-types v0.2.0
[INFO] [stderr]    Compiling wgpu-hal v27.0.4
[INFO] [stderr]     Checking codespan-reporting v0.12.0
[INFO] [stderr]     Checking nohash-hasher v0.2.0
[INFO] [stderr]     Checking hexf-parse v0.2.1
[INFO] [stderr]     Checking rustc-hash v1.1.0
[INFO] [stderr]     Checking epaint_default_fonts v0.33.3
[INFO] [stderr]     Checking simd-adler32 v0.3.8
[INFO] [stderr]     Checking unicode-ident v1.0.22
[INFO] [stderr]     Checking gpu-alloc v0.6.0
[INFO] [stderr]     Checking renderdoc-sys v1.1.0
[INFO] [stderr]     Checking raw-window-handle v0.6.2
[INFO] [stderr]     Checking glow v0.16.0
[INFO] [stderr]    Compiling wgpu-core v27.0.3
[INFO] [stderr]    Compiling litrs v1.0.0
[INFO] [stderr]     Checking miniz_oxide v0.8.9
[INFO] [stderr]     Checking fdeflate v0.3.7
[INFO] [stderr]    Compiling wgpu v27.0.1
[INFO] [stderr]    Compiling anyhow v1.0.100
[INFO] [stderr]     Checking is-docker v0.2.0
[INFO] [stderr]     Checking indexmap v2.12.1
[INFO] [stderr]     Checking gpu-descriptor v0.3.2
[INFO] [stderr]     Checking rustc-hash v2.1.1
[INFO] [stderr]     Checking either v1.15.0
[INFO] [stderr]     Checking iana-time-zone v0.1.64
[INFO] [stderr]     Checking type-map v0.5.1
[INFO] [stderr]     Checking flate2 v1.1.5
[INFO] [stderr]     Checking is-wsl v0.4.0
[INFO] [stderr]     Checking accesskit_consumer v0.30.1
[INFO] [stderr]     Checking getopts v0.2.24
[INFO] [stderr]    Compiling syn v2.0.113
[INFO] [stderr]     Checking rayon v1.11.0
[INFO] [stderr]     Checking pathdiff v0.2.3
[INFO] [stderr]    Compiling document-features v0.2.12
[INFO] [stderr]     Checking web-time v1.1.0
[INFO] [stderr]     Checking pollster v0.4.0
[INFO] [stderr]     Checking png v0.18.0
[INFO] [stderr]     Checking parking_lot_core v0.9.12
[INFO] [stderr]     Checking getrandom v0.3.4
[INFO] [stderr]     Checking open v5.3.3
[INFO] [stderr]     Checking tempfile v3.24.0
[INFO] [stderr]     Checking parking_lot v0.12.5
[INFO] [stderr]     Checking kittest v0.3.0
[INFO] [stderr]     Checking ordered-float v5.1.0
[INFO] [stderr]     Checking pxfm v0.1.27
[INFO] [stderr]     Checking chrono v0.4.42
[INFO] [stderr]     Checking owned_ttf_parser v0.25.1
[INFO] [stderr]     Checking ab_glyph v0.2.32
[INFO] [stderr]    Compiling bytemuck_derive v1.10.2
[INFO] [stderr]    Compiling zerocopy-derive v0.8.31
[INFO] [stderr]    Compiling thiserror-impl v2.0.17
[INFO] [stderr]    Compiling serde_derive v1.0.228
[INFO] [stderr]     Checking moxcms v0.7.11
[INFO] [stderr]     Checking bytemuck v1.24.0
[INFO] [stderr]     Checking emath v0.33.3
[INFO] [stderr]     Checking wgpu-types v27.0.1
[INFO] [stderr]     Checking ecolor v0.33.3
[INFO] [stderr]     Checking serde v1.0.228
[INFO] [stderr]     Checking half v2.7.1
[INFO] [stderr]     Checking epaint v0.33.3
[INFO] [stderr]     Checking egui v0.33.3
[INFO] [stderr]     Checking image v0.25.9
[INFO] [stderr]     Checking dify v0.7.4
[INFO] [stderr]     Checking armas-icon v0.2.2
[INFO] [stderr]     Checking armas-basic v0.2.2
[INFO] [stdout] error[E0493]: destructor of `ToastBuilder<'_>` cannot be evaluated at compile-time
[INFO] [stdout]    --> /opt/rustwide/cargo-home/registry/src/index.crates.io-1949cf8c6b5b557f/armas-basic-0.2.2/src/components/toast.rs:568:24
[INFO] [stdout]     |
[INFO] [stdout] 568 |     pub const fn color(mut self, color: Color32) -> Self {
[INFO] [stdout]     |                        ^^^^^^^^ the destructor for this type cannot be evaluated in constant functions
[INFO] [stdout] ...
[INFO] [stdout] 573 |     }
[INFO] [stdout]     |     - value is dropped here
[INFO] [stdout]     |
[INFO] [stdout]     = note: see issue #133214 <https://github.com/rust-lang/rust/issues/133214> for more information
[INFO] [stdout]     = help: add `#![feature(const_destruct)]` to the crate attributes to enable
[INFO] [stdout]     = note: this compiler was built on 2026-10-11; consider upgrading it if it is out of date
[INFO] [stdout] 
[INFO] [stdout] 
[INFO] [stdout] error[E0493]: destructor of `ToastBuilder<'_>` cannot be evaluated at compile-time
[INFO] [stdout]    --> /opt/rustwide/cargo-home/registry/src/index.crates.io-1949cf8c6b5b557f/armas-basic-0.2.2/src/components/toast.rs:577:27
[INFO] [stdout]     |
[INFO] [stdout] 577 |     pub const fn duration(mut self, duration: std::time::Duration) -> Self {
[INFO] [stdout]     |                           ^^^^^^^^ the destructor for this type cannot be evaluated in constant functions
[INFO] [stdout] ...
[INFO] [stdout] 582 |     }
[INFO] [stdout]     |     - value is dropped here
[INFO] [stdout]     |
[INFO] [stdout]     = note: see issue #133214 <https://github.com/rust-lang/rust/issues/133214> for more information
[INFO] [stdout]     = help: add `#![feature(const_destruct)]` to the crate attributes to enable
[INFO] [stdout]     = note: this compiler was built on 2026-10-11; consider upgrading it if it is out of date
[INFO] [stdout] 
[INFO] [stdout] 
[INFO] [stdout] error[E0493]: destructor of `ToastBuilder<'_>` cannot be evaluated at compile-time
[INFO] [stdout]    --> /opt/rustwide/cargo-home/registry/src/index.crates.io-1949cf8c6b5b557f/armas-basic-0.2.2/src/components/toast.rs:586:30
[INFO] [stdout]     |
[INFO] [stdout] 586 |     pub const fn dismissible(mut self, dismissible: bool) -> Self {
[INFO] [stdout]     |                              ^^^^^^^^ the destructor for this type cannot be evaluated in constant functions
[INFO] [stdout] ...
[INFO] [stdout] 591 |     }
[INFO] [stdout]     |     - value is dropped here
[INFO] [stdout]     |
[INFO] [stdout]     = note: see issue #133214 <https://github.com/rust-lang/rust/issues/133214> for more information
[INFO] [stdout]     = help: add `#![feature(const_destruct)]` to the crate attributes to enable
[INFO] [stdout]     = note: this compiler was built on 2026-10-11; consider upgrading it if it is out of date
[INFO] [stdout] 
[INFO] [stdout] 
[INFO] [stdout] error[E0493]: destructor of `ToastBuilder<'_>` cannot be evaluated at compile-time
[INFO] [stdout]    --> /opt/rustwide/cargo-home/registry/src/index.crates.io-1949cf8c6b5b557f/armas-basic-0.2.2/src/components/toast.rs:596:27
[INFO] [stdout]     |
[INFO] [stdout] 596 |     pub const fn progress(mut self, progress: f32) -> Self {
[INFO] [stdout]     |                           ^^^^^^^^ the destructor for this type cannot be evaluated in constant functions
[INFO] [stdout] ...
[INFO] [stdout] 601 |     }
[INFO] [stdout]     |     - value is dropped here
[INFO] [stdout]     |
[INFO] [stdout]     = note: see issue #133214 <https://github.com/rust-lang/rust/issues/133214> for more information
[INFO] [stdout]     = help: add `#![feature(const_destruct)]` to the crate attributes to enable
[INFO] [stdout]     = note: this compiler was built on 2026-10-11; consider upgrading it if it is out of date
[INFO] [stdout] 
[INFO] [stdout] 
[INFO] [stdout] For more information about this error, try `rustc --explain E0493`.
[INFO] [stdout] 
[INFO] [stderr] error: could not compile `armas-basic` (lib) due to 4 previous errors
[INFO] [stderr] warning: build failed, waiting for other jobs to finish...
[INFO] running `Command { std: "docker" "inspect" "4ad1cd7e776f1ae295631471cd997688618d24f524e23a57094fd7a247cdff64", kill_on_drop: false }`
[INFO] running `Command { std: "docker" "rm" "-f" "4ad1cd7e776f1ae295631471cd997688618d24f524e23a57094fd7a247cdff64", kill_on_drop: false }`
[INFO] [stdout] 4ad1cd7e776f1ae295631471cd997688618d24f524e23a57094fd7a247cdff64
