[INFO] fetching crate apt-swarm 0.6.0...
[INFO] checking apt-swarm-0.6.0 against c60b92c03ca8a3b101eb9d57f51e2232690638c7 for pr-164148-crater-rollup
[INFO] extracting crate apt-swarm 0.6.0 into /workspace/builds/worker-6-tc2/source
[INFO] started tweaking crates.io crate apt-swarm 0.6.0
[INFO] removed 0 missing examples
[INFO] finished tweaking crates.io crate apt-swarm 0.6.0
[INFO] tweaked toml for crates.io crate apt-swarm 0.6.0 written to /workspace/builds/worker-6-tc2/source/Cargo.toml
[INFO] validating manifest of crates.io crate apt-swarm 0.6.0 on toolchain c60b92c03ca8a3b101eb9d57f51e2232690638c7
[INFO] running `Command { std: CARGO_HOME="/workspace/cargo-home" RUSTUP_HOME="/workspace/rustup-home" "/workspace/cargo-home/bin/cargo" "+c60b92c03ca8a3b101eb9d57f51e2232690638c7" "metadata" "--manifest-path" "Cargo.toml" "--no-deps", kill_on_drop: false }`
[INFO] crate crates.io crate apt-swarm 0.6.0 already has a lockfile, it will not be regenerated
[INFO] running `Command { std: CARGO_HOME="/workspace/cargo-home" RUSTUP_HOME="/workspace/rustup-home" "/workspace/cargo-home/bin/cargo" "+c60b92c03ca8a3b101eb9d57f51e2232690638c7" "fetch" "--manifest-path" "Cargo.toml", kill_on_drop: false }`
[INFO] [stderr]     Blocking waiting for file lock on package cache
[INFO] running `Command { std: "docker" "create" "-v" "/var/lib/crater-agent-workspace/builds/worker-6-tc2/source:/opt/rustwide/workdir:ro,Z" "-v" "/var/lib/crater-agent-workspace/builds/worker-6-tc2/target:/opt/rustwide/target:rw,Z" "-v" "/var/lib/crater-agent-workspace/cargo-home:/opt/rustwide/cargo-home:ro,Z" "-v" "/var/lib/crater-agent-workspace/rustup-home:/opt/rustwide/rustup-home:ro,Z" "-m" "1610612736" "--network" "none" "ghcr.io/rust-lang/crates-build-env/linux@sha256:77db811e55d90add9212f6832c23229e3de5f1c1f9905e8cb07319ea15df73ac" "sleep" "infinity", kill_on_drop: false }`
[INFO] [stdout] 526eb27ad4f1b5eb922c5eb05a9b2ecdd0021ebc6bb0ef2068436b92a78cb0bb
[INFO] running `Command { std: "docker" "start" "526eb27ad4f1b5eb922c5eb05a9b2ecdd0021ebc6bb0ef2068436b92a78cb0bb", kill_on_drop: false }`
[INFO] running `Command { std: "docker" "inspect" "526eb27ad4f1b5eb922c5eb05a9b2ecdd0021ebc6bb0ef2068436b92a78cb0bb", kill_on_drop: false }`
[INFO] running `Command { std: "docker" "exec" "-e" "SOURCE_DIR=/opt/rustwide/workdir" "-e" "CARGO_HOME=/opt/rustwide/cargo-home" "-e" "RUSTUP_HOME=/opt/rustwide/rustup-home" "-e" "CARGO_TARGET_DIR=/opt/rustwide/target" "-w" "/opt/rustwide/workdir" "--user" "0:0" "526eb27ad4f1b5eb922c5eb05a9b2ecdd0021ebc6bb0ef2068436b92a78cb0bb" "/opt/rustwide/cargo-home/bin/cargo" "+c60b92c03ca8a3b101eb9d57f51e2232690638c7" "metadata" "--no-deps" "--format-version=1", kill_on_drop: false }`
[INFO] running `Command { std: "docker" "inspect" "526eb27ad4f1b5eb922c5eb05a9b2ecdd0021ebc6bb0ef2068436b92a78cb0bb", kill_on_drop: false }`
[INFO] running `Command { std: "docker" "exec" "-e" "SOURCE_DIR=/opt/rustwide/workdir" "-e" "CARGO_HOME=/opt/rustwide/cargo-home" "-e" "RUSTUP_HOME=/opt/rustwide/rustup-home" "-e" "CARGO_TARGET_DIR=/opt/rustwide/target" "-e" "CARGO_INCREMENTAL=0" "-e" "RUST_BACKTRACE=full" "-e" "RUSTFLAGS=--cap-lints=forbid" "-e" "RUSTDOCFLAGS=--cap-lints=forbid" "-w" "/opt/rustwide/workdir" "--user" "0:0" "526eb27ad4f1b5eb922c5eb05a9b2ecdd0021ebc6bb0ef2068436b92a78cb0bb" "/opt/rustwide/cargo-home/bin/cargo" "+c60b92c03ca8a3b101eb9d57f51e2232690638c7" "check" "--frozen" "--all" "--all-targets" "--message-format=json", kill_on_drop: false }`
[INFO] [stderr]    Compiling aws-lc-rs v1.16.3
[INFO] [stderr]    Compiling num-traits v0.2.19
[INFO] [stderr]    Compiling cc v1.2.61
[INFO] [stderr]     Checking zeroize v1.8.2
[INFO] [stderr]     Checking tokio v1.52.1
[INFO] [stderr]     Checking futures-util v0.3.32
[INFO] [stderr]     Checking ff v0.13.1
[INFO] [stderr]     Checking zerofrom v0.1.7
[INFO] [stderr]    Compiling rustls v0.23.39
[INFO] [stderr]     Checking regex-automata v0.4.14
[INFO] [stderr]     Checking ppv-lite86 v0.2.21
[INFO] [stderr]    Compiling crypto-common v0.1.7
[INFO] [stderr]    Compiling regex-syntax v0.8.10
[INFO] [stderr]    Compiling siphasher v1.0.2
[INFO] [stderr]    Compiling term v1.2.1
[INFO] [stderr]    Compiling bit-vec v0.8.0
[INFO] [stderr]    Compiling digest v0.10.7
[INFO] [stderr]    Compiling keccak v0.1.6
[INFO] [stderr]     Checking generic-array v0.14.7
[INFO] [stderr]     Checking der v0.7.10
[INFO] [stderr]     Checking rustls-pki-types v1.14.1
[INFO] [stderr]     Checking yoke v0.8.2
[INFO] [stderr]     Checking group v0.13.0
[INFO] [stderr]    Compiling phf_shared v0.11.3
[INFO] [stderr]    Compiling petgraph v0.7.1
[INFO] [stderr]    Compiling itertools v0.14.0
[INFO] [stderr]     Checking zerovec v0.11.6
[INFO] [stderr]     Checking zerotrie v0.2.4
[INFO] [stderr]    Compiling string_cache v0.8.9
[INFO] [stderr]    Compiling ascii-canvas v4.0.0
[INFO] [stderr]     Checking rand_chacha v0.3.1
[INFO] [stderr]     Checking block-buffer v0.10.4
[INFO] [stderr]     Checking block-padding v0.3.3
[INFO] [stderr]     Checking tinystr v0.8.3
[INFO] [stderr]     Checking potential_utf v0.1.5
[INFO] [stderr]     Checking crypto-bigint v0.5.5
[INFO] [stderr]     Checking inout v0.1.4
[INFO] [stderr]     Checking icu_collections v2.2.0
[INFO] [stderr]     Checking rand v0.8.6
[INFO] [stderr]     Checking aead v0.5.2
[INFO] [stderr]     Checking icu_locale_core v2.2.0
[INFO] [stderr]     Checking universal-hash v0.5.1
[INFO] [stderr]     Checking cipher v0.4.4
[INFO] [stderr]    Compiling sha3 v0.10.9
[INFO] [stderr]     Checking hmac v0.12.1
[INFO] [stderr]     Checking signature v2.2.0
[INFO] [stderr]     Checking sha2 v0.10.9
[INFO] [stderr]     Checking hkdf v0.12.4
[INFO] [stderr]     Checking rfc6979 v0.4.0
[INFO] [stderr]     Checking num-integer v0.1.46
[INFO] [stderr]     Checking ctr v0.9.2
[INFO] [stderr]    Compiling bit-set v0.8.0
[INFO] [stderr]    Compiling ena v0.14.4
[INFO] [stderr]    Compiling getrandom v0.3.4
[INFO] [stderr]    Compiling lalrpop-util v0.22.2
[INFO] [stderr]     Checking hybrid-array v0.4.11
[INFO] [stderr]     Checking polyval v0.6.2
[INFO] [stderr]    Compiling cmake v0.1.58
[INFO] [stderr]     Checking spki v0.7.3
[INFO] [stderr]     Checking rustls-native-certs v0.8.3
[INFO] [stderr]     Checking num-iter v0.1.45
[INFO] [stderr]     Checking pkcs8 v0.10.2
[INFO] [stderr]     Checking serde v1.0.228
[INFO] [stderr]     Checking curve25519-dalek v4.1.3
[INFO] [stderr]     Checking sec1 v0.7.3
[INFO] [stderr]     Checking num-bigint-dig v0.8.6
[INFO] [stderr]     Checking dbl v0.3.2
[INFO] [stderr]    Compiling bzip2-sys v0.1.13+1.0.8
[INFO] [stderr]    Compiling sha1collisiondetection v0.3.4
[INFO] [stderr]     Checking libbz2-rs-sys v0.1.3
[INFO] [stderr]    Compiling aws-lc-sys v0.40.0
[INFO] [stderr]     Checking clap_builder v4.6.0
[INFO] [stderr]     Checking hashbrown v0.17.0
[INFO] [stderr]     Checking icu_provider v2.2.0
[INFO] [stderr]    Compiling clap_derive v4.6.1
[INFO] [stderr]     Checking bzip2 v0.5.2
[INFO] [stderr]     Checking cmac v0.7.2
[INFO] [stderr]     Checking rand_core v0.9.5
[INFO] [stderr]     Checking icu_normalizer v2.2.0
[INFO] [stderr]     Checking icu_properties v2.2.0
[INFO] [stderr]     Checking block-buffer v0.12.0
[INFO] [stderr]     Checking crypto-common v0.2.1
[INFO] [stderr]     Checking pkcs1 v0.7.5
[INFO] [stderr]     Checking ghash v0.5.1
[INFO] [stderr]     Checking ed25519 v2.2.3
[INFO] [stderr]     Checking aes v0.8.4
[INFO] [stderr]     Checking blake2 v0.10.6
[INFO] [stderr]     Checking webpki-roots v1.0.7
[INFO] [stderr]     Checking password-hash v0.5.0
[INFO] [stderr]     Checking generic-array v1.4.0
[INFO] [stderr]     Checking libbz2-rs-sys v0.2.3
[INFO] [stderr]     Checking iri-string v0.7.12
[INFO] [stderr]     Checking elliptic-curve v0.13.8
[INFO] [stderr]     Checking argon2 v0.5.3
[INFO] [stderr]     Checking ed25519-dalek v2.2.0
[INFO] [stderr]     Checking x25519-dalek v2.0.1
[INFO] [stderr]     Checking aes-gcm v0.10.3
[INFO] [stderr]     Checking chrono v0.4.44
[INFO] [stderr]     Checking primeorder v0.13.6
[INFO] [stderr]     Checking ecdsa v0.16.9
[INFO] [stderr]     Checking pin-project v1.1.11
[INFO] [stderr]     Checking digest v0.11.2
[INFO] [stderr]     Checking webpki-roots v0.26.11
[INFO] [stderr]     Checking rsa v0.9.10
[INFO] [stderr]     Checking dsa v0.6.3
[INFO] [stderr]     Checking rand v0.9.4
[INFO] [stderr]     Checking buffered-reader v1.4.0
[INFO] [stdout] error[E0493]: destructor of `ArrayBuilder<T, N>` cannot be evaluated at compile-time
[INFO] [stdout]    --> /opt/rustwide/cargo-home/registry/src/index.crates.io-1949cf8c6b5b557f/generic-array-1.4.0/src/internal.rs:103:31
[INFO] [stdout]     |
[INFO] [stdout] 103 |     pub unsafe fn assume_init(self) -> GenericArray<T, N> {
[INFO] [stdout]     |                               ^^^^ the destructor for this type cannot be evaluated in constant functions
[INFO] [stdout] ...
[INFO] [stdout] 109 |     }
[INFO] [stdout]     |     - value is dropped here
[INFO] [stdout] 
[INFO] [stdout] 
[INFO] [stderr]     Checking bzip2 v0.6.1
[INFO] [stdout] error[E0493]: destructor of `GenericArray<core::mem::MaybeUninit<*const T>, N>` cannot be evaluated at compile-time
[INFO] [stdout]    --> /opt/rustwide/cargo-home/registry/src/index.crates.io-1949cf8c6b5b557f/generic-array-1.4.0/src/lib.rs:970:13
[INFO] [stdout]     |
[INFO] [stdout] 970 |         let mut out: GenericArray<MaybeUninit<*const T>, N> = GenericArray::uninit();
[INFO] [stdout]     |             ^^^^^^^ the destructor for this type cannot be evaluated in constant functions
[INFO] [stdout] ...
[INFO] [stdout] 985 |     }
[INFO] [stdout]     |     - value is dropped here
[INFO] [stdout] 
[INFO] [stdout] 
[INFO] [stdout] error[E0493]: destructor of `GenericArray<core::mem::MaybeUninit<*mut T>, N>` cannot be evaluated at compile-time
[INFO] [stdout]     --> /opt/rustwide/cargo-home/registry/src/index.crates.io-1949cf8c6b5b557f/generic-array-1.4.0/src/lib.rs:1005:13
[INFO] [stdout]      |
[INFO] [stdout] 1005 |         let mut out: GenericArray<MaybeUninit<*mut T>, N> = GenericArray::uninit();
[INFO] [stdout]      |             ^^^^^^^ the destructor for this type cannot be evaluated in constant functions
[INFO] [stdout] ...
[INFO] [stdout] 1020 |     }
[INFO] [stdout]      |     - value is dropped here
[INFO] [stdout] 
[INFO] [stdout] 
[INFO] [stdout] For more information about this error, try `rustc --explain E0493`.
[INFO] [stdout] 
[INFO] [stderr]     Checking eax v0.5.0
[INFO] [stderr] error: could not compile `generic-array` (lib) due to 3 previous errors
[INFO] [stderr] warning: build failed, waiting for other jobs to finish...
[INFO] running `Command { std: "docker" "inspect" "526eb27ad4f1b5eb922c5eb05a9b2ecdd0021ebc6bb0ef2068436b92a78cb0bb", kill_on_drop: false }`
[INFO] running `Command { std: "docker" "rm" "-f" "526eb27ad4f1b5eb922c5eb05a9b2ecdd0021ebc6bb0ef2068436b92a78cb0bb", kill_on_drop: false }`
[INFO] [stdout] 526eb27ad4f1b5eb922c5eb05a9b2ecdd0021ebc6bb0ef2068436b92a78cb0bb
