[INFO] cloning repository https://github.com/znation/modelweightvis
[INFO] running `Command { std: "git" "-c" "credential.helper=" "-c" "credential.helper=/workspace/cargo-home/bin/git-credential-null" "clone" "--bare" "https://github.com/znation/modelweightvis" "/workspace/cache/git-repos/https%3A%2F%2Fgithub.com%2Fznation%2Fmodelweightvis", kill_on_drop: false }`
[INFO] [stderr] Cloning into bare repository '/workspace/cache/git-repos/https%3A%2F%2Fgithub.com%2Fznation%2Fmodelweightvis'...
[INFO] running `Command { std: "git" "rev-parse" "HEAD", kill_on_drop: false }`
[INFO] [stdout] 6fbe3d7b36818f2caf6a999d7a8d72dda234fa0f
[INFO] checking znation/modelweightvis against c60b92c03ca8a3b101eb9d57f51e2232690638c7 for pr-164148-crater-rollup
[INFO] running `Command { std: "git" "clone" "/workspace/cache/git-repos/https%3A%2F%2Fgithub.com%2Fznation%2Fmodelweightvis" "/workspace/builds/worker-6-tc2/source", kill_on_drop: false }`
[INFO] [stderr] Cloning into '/workspace/builds/worker-6-tc2/source'...
[INFO] [stderr] done.
[INFO] removed /workspace/builds/worker-6-tc2/source/rust-toolchain.toml
[INFO] started tweaking git repo https://github.com/znation/modelweightvis
[INFO] finished tweaking git repo https://github.com/znation/modelweightvis
[INFO] tweaked toml for git repo https://github.com/znation/modelweightvis written to /workspace/builds/worker-6-tc2/source/Cargo.toml
[INFO] validating manifest of git repo https://github.com/znation/modelweightvis on toolchain c60b92c03ca8a3b101eb9d57f51e2232690638c7
[INFO] running `Command { std: CARGO_HOME="/workspace/cargo-home" RUSTUP_HOME="/workspace/rustup-home" "/workspace/cargo-home/bin/cargo" "+c60b92c03ca8a3b101eb9d57f51e2232690638c7" "metadata" "--manifest-path" "Cargo.toml" "--no-deps", kill_on_drop: false }`
[INFO] crate git repo https://github.com/znation/modelweightvis already has a lockfile, it will not be regenerated
[INFO] running `Command { std: CARGO_HOME="/workspace/cargo-home" RUSTUP_HOME="/workspace/rustup-home" "/workspace/cargo-home/bin/cargo" "+c60b92c03ca8a3b101eb9d57f51e2232690638c7" "fetch" "--manifest-path" "Cargo.toml", kill_on_drop: false }`
[INFO] running `Command { std: "docker" "create" "-v" "/var/lib/crater-agent-workspace/builds/worker-6-tc2/source:/opt/rustwide/workdir:ro,Z" "-v" "/var/lib/crater-agent-workspace/builds/worker-6-tc2/target:/opt/rustwide/target:rw,Z" "-v" "/var/lib/crater-agent-workspace/cargo-home:/opt/rustwide/cargo-home:ro,Z" "-v" "/var/lib/crater-agent-workspace/rustup-home:/opt/rustwide/rustup-home:ro,Z" "-m" "1610612736" "--network" "none" "ghcr.io/rust-lang/crates-build-env/linux@sha256:77db811e55d90add9212f6832c23229e3de5f1c1f9905e8cb07319ea15df73ac" "sleep" "infinity", kill_on_drop: false }`
[INFO] [stdout] a5725e4f7f65f77bd8096dab0accc4cd862625fcd2b52f98bdaa495634b18b58
[INFO] running `Command { std: "docker" "start" "a5725e4f7f65f77bd8096dab0accc4cd862625fcd2b52f98bdaa495634b18b58", kill_on_drop: false }`
[INFO] running `Command { std: "docker" "inspect" "a5725e4f7f65f77bd8096dab0accc4cd862625fcd2b52f98bdaa495634b18b58", kill_on_drop: false }`
[INFO] running `Command { std: "docker" "exec" "-e" "SOURCE_DIR=/opt/rustwide/workdir" "-e" "CARGO_HOME=/opt/rustwide/cargo-home" "-e" "RUSTUP_HOME=/opt/rustwide/rustup-home" "-e" "CARGO_TARGET_DIR=/opt/rustwide/target" "-w" "/opt/rustwide/workdir" "--user" "0:0" "a5725e4f7f65f77bd8096dab0accc4cd862625fcd2b52f98bdaa495634b18b58" "/opt/rustwide/cargo-home/bin/cargo" "+c60b92c03ca8a3b101eb9d57f51e2232690638c7" "metadata" "--no-deps" "--format-version=1", kill_on_drop: false }`
[INFO] running `Command { std: "docker" "inspect" "a5725e4f7f65f77bd8096dab0accc4cd862625fcd2b52f98bdaa495634b18b58", kill_on_drop: false }`
[INFO] running `Command { std: "docker" "exec" "-e" "SOURCE_DIR=/opt/rustwide/workdir" "-e" "CARGO_HOME=/opt/rustwide/cargo-home" "-e" "RUSTUP_HOME=/opt/rustwide/rustup-home" "-e" "CARGO_TARGET_DIR=/opt/rustwide/target" "-e" "CARGO_INCREMENTAL=0" "-e" "RUST_BACKTRACE=full" "-e" "RUSTFLAGS=--cap-lints=forbid" "-e" "RUSTDOCFLAGS=--cap-lints=forbid" "-w" "/opt/rustwide/workdir" "--user" "0:0" "a5725e4f7f65f77bd8096dab0accc4cd862625fcd2b52f98bdaa495634b18b58" "/opt/rustwide/cargo-home/bin/cargo" "+c60b92c03ca8a3b101eb9d57f51e2232690638c7" "check" "--frozen" "--all" "--all-targets" "--message-format=json", kill_on_drop: false }`
[INFO] [stderr]     Checking smallvec v1.15.1
[INFO] [stderr]     Checking stable_deref_trait v1.2.1
[INFO] [stderr]    Compiling quote v1.0.45
[INFO] [stderr]    Compiling num-traits v0.2.19
[INFO] [stderr]    Compiling zerocopy v0.8.48
[INFO] [stderr]     Checking bitflags v2.11.1
[INFO] [stderr]     Checking either v1.15.0
[INFO] [stderr]     Checking crossbeam-epoch v0.9.18
[INFO] [stderr]     Checking getrandom v0.3.4
[INFO] [stderr]    Compiling serde v1.0.228
[INFO] [stderr]    Compiling cc v1.2.62
[INFO] [stderr]     Checking aho-corasick v1.1.4
[INFO] [stderr]     Checking regex-syntax v0.8.10
[INFO] [stderr]    Compiling fs_extra v1.3.0
[INFO] [stderr]     Checking mio v1.2.0
[INFO] [stderr]     Checking socket2 v0.6.3
[INFO] [stderr]     Checking zeroize v1.8.2
[INFO] [stderr]     Checking futures-io v0.3.32
[INFO] [stderr]    Compiling aws-lc-rs v1.16.3
[INFO] [stderr]    Compiling serde_json v1.0.149
[INFO] [stderr]    Compiling pulp v0.22.2
[INFO] [stderr]     Checking rand_core v0.9.5
[INFO] [stderr]     Checking rustls-pki-types v1.14.1
[INFO] [stderr]    Compiling syn v2.0.117
[INFO] [stderr]     Checking crossbeam-deque v0.8.6
[INFO] [stderr]     Checking raw-cpuid v11.6.0
[INFO] [stderr]    Compiling dyn-stack-macros v0.1.3
[INFO] [stderr]     Checking parking_lot_core v0.9.12
[INFO] [stderr]     Checking pulp-wasm-simd-flag v0.1.0
[INFO] [stderr]     Checking http-body v1.0.1
[INFO] [stderr]     Checking itertools v0.14.0
[INFO] [stderr]     Checking rayon-core v1.13.0
[INFO] [stderr]    Compiling seq-macro v0.3.6
[INFO] [stderr]     Checking arrayvec v0.7.6
[INFO] [stderr]    Compiling rustls v0.23.40
[INFO] [stderr]     Checking anyhow v1.0.102
[INFO] [stderr]     Checking rand_core v0.10.1
[INFO] [stderr]     Checking parking_lot v0.12.5
[INFO] [stderr]    Compiling getrandom v0.4.2
[INFO] [stderr]     Checking as-slice v0.2.1
[INFO] [stderr]     Checking openssl-probe v0.2.1
[INFO] [stderr]    Compiling built v0.8.0
[INFO] [stderr]    Compiling av-scenechange v0.14.1
[INFO] [stderr]     Checking rustls-native-certs v0.8.3
[INFO] [stderr]     Checking dirs-sys v0.5.0
[INFO] [stderr]     Checking aligned v0.4.3
[INFO] [stderr]     Checking tracing-log v0.2.0
[INFO] [stderr]    Compiling ahash v0.8.12
[INFO] [stderr]     Checking rayon v1.12.0
[INFO] [stderr]     Checking nom v8.0.0
[INFO] [stderr]     Checking no_std_io2 v0.9.4
[INFO] [stderr]     Checking num-conv v0.2.1
[INFO] [stderr]     Checking minimal-lexical v0.2.1
[INFO] [stderr]    Compiling esaxx-rs v0.1.10
[INFO] [stderr]    Compiling pastey v0.1.1
[INFO] [stderr]    Compiling portable-atomic v1.13.1
[INFO] [stderr]     Checking typewit v1.15.2
[INFO] [stderr]     Checking y4m v0.8.0
[INFO] [stderr]    Compiling dtor-proc-macro v0.0.6
[INFO] [stderr]     Checking nom v7.1.3
[INFO] [stderr]     Checking time v0.3.47
[INFO] [stderr]     Checking dtor v0.1.1
[INFO] [stderr]    Compiling rav1e v0.8.1
[INFO] [stderr]     Checking bitstream-io v4.10.0
[INFO] [stderr]     Checking dirs v6.0.0
[INFO] [stderr]     Checking num-integer v0.1.46
[INFO] [stderr]     Checking castaway v0.2.4
[INFO] [stderr]     Checking chacha20 v0.10.0
[INFO] [stderr]    Compiling cmake v0.1.58
[INFO] [stderr]     Checking const_panic v0.2.15
[INFO] [stderr]     Checking flate2 v1.1.9
[INFO] [stderr]     Checking http-body-util v0.1.3
[INFO] [stderr]    Compiling simd_helpers v0.1.0
[INFO] [stderr]     Checking num-bigint v0.4.6
[INFO] [stderr]     Checking concurrent-queue v2.5.0
[INFO] [stderr]     Checking crossbeam-channel v0.5.15
[INFO] [stderr]     Checking encoding_rs v0.8.35
[INFO] [stderr]     Checking os_str_bytes v6.6.1
[INFO] [stderr]     Checking unicode-segmentation v1.13.2
[INFO] [stderr]     Checking base64 v0.13.1
[INFO] [stderr]    Compiling konst_proc_macros v0.4.1
[INFO] [stderr]    Compiling aws-lc-sys v0.40.0
[INFO] [stderr]    Compiling onig_sys v69.9.3
[INFO] [stderr]    Compiling blake3 v1.8.5
[INFO] [stderr]    Compiling noop_proc_macro v0.3.0
[INFO] [stderr]    Compiling macro_rules_attribute-proc_macro v0.2.2
[INFO] [stderr]     Checking regex-automata v0.4.14
[INFO] [stderr]     Checking zune-core v0.5.1
[INFO] [stderr]    Compiling ctor-proc-macro v0.0.7
[INFO] [stderr]     Checking symlink v0.1.0
[INFO] [stderr]     Checking new_debug_unreachable v1.0.6
[INFO] [stderr]     Checking imgref v1.12.1
[INFO] [stderr]     Checking konst v0.4.3
[INFO] [stderr]     Checking ctor v0.6.3
[INFO] [stderr]     Checking clap_builder v4.6.0
[INFO] [stderr]     Checking hashbrown v0.16.1
[INFO] [stderr]     Checking event-listener v5.4.1
[INFO] [stderr]     Checking zune-jpeg v0.5.15
[INFO] [stderr]     Checking loop9 v0.1.5
[INFO] [stderr]     Checking macro_rules_attribute v0.2.2
[INFO] [stderr]     Checking rustix v1.1.4
[INFO] [stderr]     Checking console v0.15.11
[INFO] [stderr]     Checking num-rational v0.4.2
[INFO] [stderr]     Checking chrono v0.4.44
[INFO] [stderr]     Checking rand v0.10.1
[INFO] [stderr]     Checking avif-serialize v0.8.9
[INFO] [stderr]     Checking zune-inflate v0.2.54
[INFO] [stderr]     Checking fdeflate v0.3.7
[INFO] [stdout] error[E0493]: destructor of `ArrayBuilder<T, N, D>` cannot be evaluated at compile-time
[INFO] [stdout]    --> /opt/rustwide/cargo-home/registry/src/index.crates.io-1949cf8c6b5b557f/konst-0.4.3/src/array/array_builder.rs:421:24
[INFO] [stdout]     |
[INFO] [stdout] 421 |     pub const fn build(self) -> [T; N] {
[INFO] [stdout]     |                        ^^^^ the destructor for this type cannot be evaluated in constant functions
[INFO] [stdout] ...
[INFO] [stdout] 437 |     }
[INFO] [stdout]     |     - value is dropped here
[INFO] [stdout] 
[INFO] [stdout] 
[INFO] [stdout] error[E0493]: destructor of `array_into_iter::IntoIter<T, N, D>` cannot be evaluated at compile-time
[INFO] [stdout]    --> /opt/rustwide/cargo-home/registry/src/index.crates.io-1949cf8c6b5b557f/konst-0.4.3/src/array/array_into_iter.rs:324:34
[INFO] [stdout]     |
[INFO] [stdout] 324 |     pub const fn assert_is_empty(self) {
[INFO] [stdout]     |                                  ^^^^ the destructor for this type cannot be evaluated in constant functions
[INFO] [stdout] ...
[INFO] [stdout] 327 |     }
[INFO] [stdout]     |     - value is dropped here
[INFO] [stdout] 
[INFO] [stdout] 
[INFO] [stderr]    Compiling synstructure v0.13.2
[INFO] [stderr]    Compiling darling_core v0.20.11
[INFO] [stdout] error[E0493]: destructor of `Option<(T, U)>` cannot be evaluated at compile-time
[INFO] [stdout]    --> /opt/rustwide/cargo-home/registry/src/index.crates.io-1949cf8c6b5b557f/konst-0.4.3/src/macros/control_flow.rs:83:42
[INFO] [stdout]     |
[INFO] [stdout]  81 |   macro_rules! if_let_Some {
[INFO] [stdout]  82 |       ($some:pat = $e:expr => $then:block $(else $else:block)?) => {
[INFO] [stdout]  83 |           match $crate::option::__opt($e) {opt =>
[INFO] [stdout]     |                                            ^^^ the destructor for this type cannot be evaluated in constant functions
[INFO] [stdout] ...
[INFO] [stdout]  90 |               }
[INFO] [stdout]     |               - value is dropped here
[INFO] [stdout]     |
[INFO] [stdout]    ::: /opt/rustwide/cargo-home/registry/src/index.crates.io-1949cf8c6b5b557f/konst-0.4.3/src/option.rs:635:5
[INFO] [stdout]     |
[INFO] [stdout] 635 | /     crate::if_let_Some! {tuple = opt => {
[INFO] [stdout] 636 | |         crate::destructure!{(l, r) = tuple}
[INFO] [stdout] 637 | |
[INFO] [stdout] 638 | |         (Some(l), Some(r))
[INFO] [stdout] 639 | |     } else {
[INFO] [stdout] 640 | |         (None, None)
[INFO] [stdout] 641 | |     }}
[INFO] [stdout]     | |______- in this macro invocation
[INFO] [stdout] 
[INFO] [stdout] 
[INFO] [stderr]     Checking unicode-normalization-alignments v0.1.12
[INFO] [stderr]     Checking memmap2 v0.9.10
[INFO] [stdout] For more information about this error, try `rustc --explain E0493`.
[INFO] [stdout] 
[INFO] [stderr] error: could not compile `konst` (lib) due to 3 previous errors
[INFO] [stderr] warning: build failed, waiting for other jobs to finish...
[INFO] running `Command { std: "docker" "inspect" "a5725e4f7f65f77bd8096dab0accc4cd862625fcd2b52f98bdaa495634b18b58", kill_on_drop: false }`
[INFO] running `Command { std: "docker" "rm" "-f" "a5725e4f7f65f77bd8096dab0accc4cd862625fcd2b52f98bdaa495634b18b58", kill_on_drop: false }`
[INFO] [stdout] a5725e4f7f65f77bd8096dab0accc4cd862625fcd2b52f98bdaa495634b18b58
