[INFO] cloning repository https://github.com/zkmpnn/zkMPNN
[INFO] running `Command { std: "git" "-c" "credential.helper=" "-c" "credential.helper=/workspace/cargo-home/bin/git-credential-null" "clone" "--bare" "https://github.com/zkmpnn/zkMPNN" "/workspace/cache/git-repos/https%3A%2F%2Fgithub.com%2Fzkmpnn%2FzkMPNN", kill_on_drop: false }`
[INFO] [stderr] Cloning into bare repository '/workspace/cache/git-repos/https%3A%2F%2Fgithub.com%2Fzkmpnn%2FzkMPNN'...
[INFO] running `Command { std: "git" "rev-parse" "HEAD", kill_on_drop: false }`
[INFO] [stdout] 34ccf51ec51255e7440bccf11cbe4ec36605d95d
[INFO] checking zkmpnn/zkMPNN against c60b92c03ca8a3b101eb9d57f51e2232690638c7 for pr-164148-crater-rollup
[INFO] running `Command { std: "git" "clone" "/workspace/cache/git-repos/https%3A%2F%2Fgithub.com%2Fzkmpnn%2FzkMPNN" "/workspace/builds/worker-4-tc2/source", kill_on_drop: false }`
[INFO] [stderr] Cloning into '/workspace/builds/worker-4-tc2/source'...
[INFO] [stderr] done.
[INFO] [stderr] Updating files:  53% (4301/8110)
Updating files:  54% (4380/8110)
Updating files:  55% (4461/8110)
Updating files:  56% (4542/8110)
Updating files:  57% (4623/8110)
Updating files:  58% (4704/8110)
Updating files:  59% (4785/8110)
Updating files:  60% (4866/8110)
Updating files:  61% (4948/8110)
Updating files:  62% (5029/8110)
Updating files:  63% (5110/8110)
Updating files:  64% (5191/8110)
Updating files:  65% (5272/8110)
Updating files:  66% (5353/8110)
Updating files:  67% (5434/8110)
Updating files:  68% (5515/8110)
Updating files:  69% (5596/8110)
Updating files:  70% (5677/8110)
Updating files:  71% (5759/8110)
Updating files:  72% (5840/8110)
Updating files:  73% (5921/8110)
Updating files:  74% (6002/8110)
Updating files:  75% (6083/8110)
Updating files:  76% (6164/8110)
Updating files:  77% (6245/8110)
Updating files:  78% (6326/8110)
Updating files:  79% (6407/8110)
Updating files:  80% (6488/8110)
Updating files:  81% (6570/8110)
Updating files:  82% (6651/8110)
Updating files:  83% (6732/8110)
Updating files:  84% (6813/8110)
Updating files:  85% (6894/8110)
Updating files:  86% (6975/8110)
Updating files:  87% (7056/8110)
Updating files:  88% (7137/8110)
Updating files:  89% (7218/8110)
Updating files:  90% (7299/8110)
Updating files:  91% (7381/8110)
Updating files:  92% (7462/8110)
Updating files:  93% (7543/8110)
Updating files:  94% (7624/8110)
Updating files:  95% (7705/8110)
Updating files:  96% (7786/8110)
Updating files:  97% (7867/8110)
Updating files:  98% (7948/8110)
Updating files:  99% (8029/8110)
Updating files: 100% (8110/8110)
Updating files: 100% (8110/8110), done.
[INFO] started tweaking git repo https://github.com/zkmpnn/zkMPNN
[INFO] finished tweaking git repo https://github.com/zkmpnn/zkMPNN
[INFO] tweaked toml for git repo https://github.com/zkmpnn/zkMPNN written to /workspace/builds/worker-4-tc2/source/Cargo.toml
[INFO] validating manifest of git repo https://github.com/zkmpnn/zkMPNN on toolchain c60b92c03ca8a3b101eb9d57f51e2232690638c7
[INFO] running `Command { std: CARGO_HOME="/workspace/cargo-home" RUSTUP_HOME="/workspace/rustup-home" "/workspace/cargo-home/bin/cargo" "+c60b92c03ca8a3b101eb9d57f51e2232690638c7" "metadata" "--manifest-path" "Cargo.toml" "--no-deps", kill_on_drop: false }`
[INFO] crate git repo https://github.com/zkmpnn/zkMPNN already has a lockfile, it will not be regenerated
[INFO] running `Command { std: CARGO_HOME="/workspace/cargo-home" RUSTUP_HOME="/workspace/rustup-home" "/workspace/cargo-home/bin/cargo" "+c60b92c03ca8a3b101eb9d57f51e2232690638c7" "fetch" "--manifest-path" "Cargo.toml", kill_on_drop: false }`
[INFO] running `Command { std: "docker" "create" "-v" "/var/lib/crater-agent-workspace/builds/worker-4-tc2/source:/opt/rustwide/workdir:ro,Z" "-v" "/var/lib/crater-agent-workspace/builds/worker-4-tc2/target:/opt/rustwide/target:rw,Z" "-v" "/var/lib/crater-agent-workspace/cargo-home:/opt/rustwide/cargo-home:ro,Z" "-v" "/var/lib/crater-agent-workspace/rustup-home:/opt/rustwide/rustup-home:ro,Z" "-m" "1610612736" "--network" "none" "ghcr.io/rust-lang/crates-build-env/linux@sha256:77db811e55d90add9212f6832c23229e3de5f1c1f9905e8cb07319ea15df73ac" "sleep" "infinity", kill_on_drop: false }`
[INFO] [stdout] fa887960c526b59a7d81bb870b19b4e6f518b62804aac30b9c58db875d144ce8
[INFO] running `Command { std: "docker" "start" "fa887960c526b59a7d81bb870b19b4e6f518b62804aac30b9c58db875d144ce8", kill_on_drop: false }`
[INFO] running `Command { std: "docker" "inspect" "fa887960c526b59a7d81bb870b19b4e6f518b62804aac30b9c58db875d144ce8", kill_on_drop: false }`
[INFO] running `Command { std: "docker" "exec" "-e" "SOURCE_DIR=/opt/rustwide/workdir" "-e" "CARGO_HOME=/opt/rustwide/cargo-home" "-e" "RUSTUP_HOME=/opt/rustwide/rustup-home" "-e" "CARGO_TARGET_DIR=/opt/rustwide/target" "-w" "/opt/rustwide/workdir" "--user" "0:0" "fa887960c526b59a7d81bb870b19b4e6f518b62804aac30b9c58db875d144ce8" "/opt/rustwide/cargo-home/bin/cargo" "+c60b92c03ca8a3b101eb9d57f51e2232690638c7" "metadata" "--no-deps" "--format-version=1", kill_on_drop: false }`
[INFO] running `Command { std: "docker" "inspect" "fa887960c526b59a7d81bb870b19b4e6f518b62804aac30b9c58db875d144ce8", kill_on_drop: false }`
[INFO] running `Command { std: "docker" "exec" "-e" "SOURCE_DIR=/opt/rustwide/workdir" "-e" "CARGO_HOME=/opt/rustwide/cargo-home" "-e" "RUSTUP_HOME=/opt/rustwide/rustup-home" "-e" "CARGO_TARGET_DIR=/opt/rustwide/target" "-e" "CARGO_INCREMENTAL=0" "-e" "RUST_BACKTRACE=full" "-e" "RUSTFLAGS=--cap-lints=forbid" "-e" "RUSTDOCFLAGS=--cap-lints=forbid" "-w" "/opt/rustwide/workdir" "--user" "0:0" "fa887960c526b59a7d81bb870b19b4e6f518b62804aac30b9c58db875d144ce8" "/opt/rustwide/cargo-home/bin/cargo" "+c60b92c03ca8a3b101eb9d57f51e2232690638c7" "check" "--frozen" "--all" "--all-targets" "--message-format=json", kill_on_drop: false }`
[INFO] [stderr]    Compiling proc-macro2 v1.0.107
[INFO] [stderr]    Compiling quote v1.0.47
[INFO] [stderr]    Compiling libc v0.2.189
[INFO] [stderr]    Compiling serde_core v1.0.229
[INFO] [stderr]    Compiling crossbeam-utils v0.8.23
[INFO] [stderr]    Compiling serde v1.0.229
[INFO] [stderr]    Compiling crossbeam-epoch v0.9.21
[INFO] [stderr]    Compiling crossbeam-deque v0.8.8
[INFO] [stderr]    Compiling num-bigint v0.3.3
[INFO] [stderr]     Checking either v1.18.0
[INFO] [stderr]    Compiling num-traits v0.2.19
[INFO] [stderr]     Checking bitvec v1.1.1
[INFO] [stderr]    Compiling rustversion v1.0.23
[INFO] [stderr]     Checking num-integer v0.1.47
[INFO] [stderr]    Compiling virtue v0.0.18
[INFO] [stderr]    Compiling thiserror v2.0.20
[INFO] [stderr]    Compiling halo2curves v0.9.0
[INFO] [stderr]     Checking sha2 v0.10.9
[INFO] [stderr]    Compiling serde_json v1.0.151
[INFO] [stderr]     Checking unty v0.0.4
[INFO] [stderr]     Checking sha3 v0.10.9
[INFO] [stderr]     Checking itertools v0.14.0
[INFO] [stderr]    Compiling num-bigint v0.4.8
[INFO] [stderr]     Checking generic-array v1.4.5
[INFO] [stderr]    Compiling bincode_derive v2.0.1
[INFO] [stdout] error[E0493]: destructor of `ArrayBuilder<T, N>` cannot be evaluated at compile-time
[INFO] [stdout]    --> /opt/rustwide/cargo-home/registry/src/index.crates.io-1949cf8c6b5b557f/generic-array-1.4.5/src/internal.rs:103:31
[INFO] [stdout]     |
[INFO] [stdout] 103 |     pub unsafe fn assume_init(self) -> GenericArray<T, N> {
[INFO] [stdout]     |                               ^^^^ the destructor for this type cannot be evaluated in constant functions
[INFO] [stdout] ...
[INFO] [stdout] 109 |     }
[INFO] [stdout]     |     - value is dropped here
[INFO] [stdout] 
[INFO] [stdout] 
[INFO] [stdout] error[E0493]: destructor of `GenericArray<core::mem::MaybeUninit<*const T>, N>` cannot be evaluated at compile-time
[INFO] [stdout]    --> /opt/rustwide/cargo-home/registry/src/index.crates.io-1949cf8c6b5b557f/generic-array-1.4.5/src/lib.rs:983:13
[INFO] [stdout]     |
[INFO] [stdout] 983 |         let mut out: GenericArray<MaybeUninit<*const T>, N> = GenericArray::uninit();
[INFO] [stdout]     |             ^^^^^^^ the destructor for this type cannot be evaluated in constant functions
[INFO] [stdout] ...
[INFO] [stdout] 998 |     }
[INFO] [stdout]     |     - value is dropped here
[INFO] [stdout] 
[INFO] [stdout] 
[INFO] [stdout] error[E0493]: destructor of `GenericArray<core::mem::MaybeUninit<*mut T>, N>` cannot be evaluated at compile-time
[INFO] [stdout]     --> /opt/rustwide/cargo-home/registry/src/index.crates.io-1949cf8c6b5b557f/generic-array-1.4.5/src/lib.rs:1018:13
[INFO] [stdout]      |
[INFO] [stdout] 1018 |         let mut out: GenericArray<MaybeUninit<*mut T>, N> = GenericArray::uninit();
[INFO] [stdout]      |             ^^^^^^^ the destructor for this type cannot be evaluated in constant functions
[INFO] [stdout] ...
[INFO] [stdout] 1033 |     }
[INFO] [stdout]      |     - value is dropped here
[INFO] [stdout] 
[INFO] [stdout] 
[INFO] [stdout] For more information about this error, try `rustc --explain E0493`.
[INFO] [stdout] 
[INFO] [stderr] error: could not compile `generic-array` (lib) due to 3 previous errors
[INFO] [stderr] warning: build failed, waiting for other jobs to finish...
[INFO] running `Command { std: "docker" "inspect" "fa887960c526b59a7d81bb870b19b4e6f518b62804aac30b9c58db875d144ce8", kill_on_drop: false }`
[INFO] running `Command { std: "docker" "rm" "-f" "fa887960c526b59a7d81bb870b19b4e6f518b62804aac30b9c58db875d144ce8", kill_on_drop: false }`
[INFO] [stdout] fa887960c526b59a7d81bb870b19b4e6f518b62804aac30b9c58db875d144ce8
