[INFO] cloning repository https://github.com/zacharydenton/dinov3-hrx
[INFO] running `Command { std: "git" "-c" "credential.helper=" "-c" "credential.helper=/workspace/cargo-home/bin/git-credential-null" "clone" "--bare" "https://github.com/zacharydenton/dinov3-hrx" "/workspace/cache/git-repos/https%3A%2F%2Fgithub.com%2Fzacharydenton%2Fdinov3-hrx", kill_on_drop: false }`
[INFO] [stderr] Cloning into bare repository '/workspace/cache/git-repos/https%3A%2F%2Fgithub.com%2Fzacharydenton%2Fdinov3-hrx'...
[INFO] running `Command { std: "git" "rev-parse" "HEAD", kill_on_drop: false }`
[INFO] [stdout] a170ca0497a97989156edbead8153c7ebb302327
[INFO] checking zacharydenton/dinov3-hrx against c60b92c03ca8a3b101eb9d57f51e2232690638c7 for pr-164148-crater-rollup
[INFO] running `Command { std: "git" "clone" "/workspace/cache/git-repos/https%3A%2F%2Fgithub.com%2Fzacharydenton%2Fdinov3-hrx" "/workspace/builds/worker-7-tc2/source", kill_on_drop: false }`
[INFO] [stderr] Cloning into '/workspace/builds/worker-7-tc2/source'...
[INFO] [stderr] done.
[INFO] started tweaking git repo https://github.com/zacharydenton/dinov3-hrx
[INFO] finished tweaking git repo https://github.com/zacharydenton/dinov3-hrx
[INFO] tweaked toml for git repo https://github.com/zacharydenton/dinov3-hrx written to /workspace/builds/worker-7-tc2/source/Cargo.toml
[INFO] validating manifest of git repo https://github.com/zacharydenton/dinov3-hrx on toolchain c60b92c03ca8a3b101eb9d57f51e2232690638c7
[INFO] running `Command { std: CARGO_HOME="/workspace/cargo-home" RUSTUP_HOME="/workspace/rustup-home" "/workspace/cargo-home/bin/cargo" "+c60b92c03ca8a3b101eb9d57f51e2232690638c7" "metadata" "--manifest-path" "Cargo.toml" "--no-deps", kill_on_drop: false }`
[INFO] crate git repo https://github.com/zacharydenton/dinov3-hrx already has a lockfile, it will not be regenerated
[INFO] running `Command { std: CARGO_HOME="/workspace/cargo-home" RUSTUP_HOME="/workspace/rustup-home" "/workspace/cargo-home/bin/cargo" "+c60b92c03ca8a3b101eb9d57f51e2232690638c7" "fetch" "--manifest-path" "Cargo.toml", kill_on_drop: false }`
[INFO] running `Command { std: "docker" "create" "-v" "/var/lib/crater-agent-workspace/builds/worker-7-tc2/source:/opt/rustwide/workdir:ro,Z" "-v" "/var/lib/crater-agent-workspace/builds/worker-7-tc2/target:/opt/rustwide/target:rw,Z" "-v" "/var/lib/crater-agent-workspace/cargo-home:/opt/rustwide/cargo-home:ro,Z" "-v" "/var/lib/crater-agent-workspace/rustup-home:/opt/rustwide/rustup-home:ro,Z" "-m" "1610612736" "--network" "none" "ghcr.io/rust-lang/crates-build-env/linux@sha256:77db811e55d90add9212f6832c23229e3de5f1c1f9905e8cb07319ea15df73ac" "sleep" "infinity", kill_on_drop: false }`
[INFO] [stdout] b020b6167200c70854499ae38b5b48d53068693030a29549143d7e9d8ab6f6b1
[INFO] running `Command { std: "docker" "start" "b020b6167200c70854499ae38b5b48d53068693030a29549143d7e9d8ab6f6b1", kill_on_drop: false }`
[INFO] running `Command { std: "docker" "inspect" "b020b6167200c70854499ae38b5b48d53068693030a29549143d7e9d8ab6f6b1", kill_on_drop: false }`
[INFO] running `Command { std: "docker" "exec" "-e" "SOURCE_DIR=/opt/rustwide/workdir" "-e" "CARGO_HOME=/opt/rustwide/cargo-home" "-e" "RUSTUP_HOME=/opt/rustwide/rustup-home" "-e" "CARGO_TARGET_DIR=/opt/rustwide/target" "-w" "/opt/rustwide/workdir" "--user" "0:0" "b020b6167200c70854499ae38b5b48d53068693030a29549143d7e9d8ab6f6b1" "/opt/rustwide/cargo-home/bin/cargo" "+c60b92c03ca8a3b101eb9d57f51e2232690638c7" "metadata" "--no-deps" "--format-version=1", kill_on_drop: false }`
[INFO] running `Command { std: "docker" "inspect" "b020b6167200c70854499ae38b5b48d53068693030a29549143d7e9d8ab6f6b1", kill_on_drop: false }`
[INFO] running `Command { std: "docker" "exec" "-e" "SOURCE_DIR=/opt/rustwide/workdir" "-e" "CARGO_HOME=/opt/rustwide/cargo-home" "-e" "RUSTUP_HOME=/opt/rustwide/rustup-home" "-e" "CARGO_TARGET_DIR=/opt/rustwide/target" "-e" "CARGO_INCREMENTAL=0" "-e" "RUST_BACKTRACE=full" "-e" "RUSTFLAGS=--cap-lints=forbid" "-e" "RUSTDOCFLAGS=--cap-lints=forbid" "-w" "/opt/rustwide/workdir" "--user" "0:0" "b020b6167200c70854499ae38b5b48d53068693030a29549143d7e9d8ab6f6b1" "/opt/rustwide/cargo-home/bin/cargo" "+c60b92c03ca8a3b101eb9d57f51e2232690638c7" "check" "--frozen" "--all" "--all-targets" "--message-format=json", kill_on_drop: false }`
[INFO] [stderr]    Compiling find-msvc-tools v0.1.12
[INFO] [stderr]     Checking futures-io v0.3.34
[INFO] [stderr]     Checking futures-channel v0.3.34
[INFO] [stderr]    Compiling serde v1.0.229
[INFO] [stderr]    Compiling syn v3.0.5
[INFO] [stderr]    Compiling syn v2.0.119
[INFO] [stderr]     Checking getrandom v0.2.17
[INFO] [stderr]     Checking aho-corasick v1.1.5
[INFO] [stderr]     Checking bitflags v2.13.2
[INFO] [stderr]     Checking regex-syntax v0.8.11
[INFO] [stderr]    Compiling rustls v0.23.45
[INFO] [stderr]    Compiling serde_json v1.0.151
[INFO] [stderr]    Compiling getrandom v0.4.3
[INFO] [stderr]     Checking indexmap v2.14.2
[INFO] [stderr]    Compiling crossbeam-utils v0.8.23
[INFO] [stderr]     Checking dirs-sys v0.5.0
[INFO] [stderr]     Checking chacha20 v0.10.2
[INFO] [stderr]     Checking typewit v1.15.2
[INFO] [stderr]     Checking num-conv v0.2.2
[INFO] [stderr]     Checking time-core v0.1.9
[INFO] [stderr]    Compiling cc v1.4.6
[INFO] [stderr]     Checking deranged v0.5.8
[INFO] [stderr]     Checking rustix v1.1.4
[INFO] [stderr]     Checking dirs v6.0.0
[INFO] [stderr]     Checking os_str_bytes v6.6.1
[INFO] [stderr]     Checking rand v0.10.2
[INFO] [stderr]     Checking symlink v0.1.0
[INFO] [stderr]    Compiling linktime-proc-macro v0.2.3
[INFO] [stderr]    Compiling konst_proc_macros v0.4.1
[INFO] [stderr]     Checking crossbeam-channel v0.5.17
[INFO] [stderr]     Checking link-section v0.19.3
[INFO] [stderr]     Checking chrono v0.4.45
[INFO] [stderr]     Checking crc32fast v1.5.2
[INFO] [stderr]     Checking sysinfo v0.38.4
[INFO] [stderr]     Checking whoami v2.1.3
[INFO] [stderr]     Checking const_panic v0.2.17
[INFO] [stderr]     Checking ctor v1.0.13
[INFO] [stderr]     Checking humantime v2.4.0
[INFO] [stderr]     Checking oneshot v0.1.13
[INFO] [stderr]     Checking colored v3.1.1
[INFO] [stderr]     Checking twox-hash v2.1.4
[INFO] [stderr]    Compiling redb v3.1.3
[INFO] [stderr]     Checking const-str v1.1.0
[INFO] [stderr]     Checking more-asserts v0.3.1
[INFO] [stderr]     Checking lz4_flex v0.13.1
[INFO] [stderr]     Checking uuid v1.26.1
[INFO] [stderr]     Checking countio v0.3.0
[INFO] [stderr]     Checking approx v0.5.1
[INFO] [stderr]     Checking safe-transmute v0.11.3
[INFO] [stderr]     Checking heapify v0.2.0
[INFO] [stderr]    Compiling prettyplease v0.3.0
[INFO] [stderr]     Checking digest v0.11.3
[INFO] [stderr]     Checking statrs v0.18.0
[INFO] [stderr]     Checking generic-array v0.14.7
[INFO] [stderr]     Checking sha2 v0.11.0
[INFO] [stderr]     Checking konst v0.4.3
[INFO] [stderr]     Checking gearhash v0.1.4
[INFO] [stderr]     Checking simd-adler32 v0.3.10
[INFO] [stderr]    Compiling zerocopy v0.8.57
[INFO] [stderr]    Compiling protobuf v3.7.2
[INFO] [stderr]     Checking hashbrown v0.16.1
[INFO] [stderr]     Checking tempfile v3.27.0
[INFO] [stderr]     Checking xattr v1.6.1
[INFO] [stderr]     Checking miniz_oxide v0.9.1
[INFO] [stderr]     Checking time v0.3.55
[INFO] [stderr]     Checking ureq-proto v0.6.3
[INFO] [stderr]     Checking filetime v0.2.29
[INFO] [stderr]     Checking webpki-roots v1.0.9
[INFO] [stderr]    Compiling cmake v0.1.58
[INFO] [stderr]     Checking utf8-zero v0.8.1
[INFO] [stderr]     Checking pathdiff v0.2.3
[INFO] [stderr]     Checking tar v0.4.46
[INFO] [stderr]     Checking memmap2 v0.9.11
[INFO] [stderr]     Checking block-buffer v0.10.4
[INFO] [stderr]     Checking crypto-common v0.1.7
[INFO] [stderr]     Checking flate2 v1.1.10
[INFO] [stderr]    Compiling matrixmultiply v0.3.11
[INFO] [stderr]     Checking digest v0.10.7
[INFO] [stdout] error[E0493]: destructor of `ArrayBuilder<T, N, D>` cannot be evaluated at compile-time
[INFO] [stdout]    --> /opt/rustwide/cargo-home/registry/src/index.crates.io-1949cf8c6b5b557f/konst-0.4.3/src/array/array_builder.rs:421:24
[INFO] [stdout]     |
[INFO] [stdout] 421 |     pub const fn build(self) -> [T; N] {
[INFO] [stdout]     |                        ^^^^ the destructor for this type cannot be evaluated in constant functions
[INFO] [stdout] ...
[INFO] [stdout] 437 |     }
[INFO] [stdout]     |     - value is dropped here
[INFO] [stdout] 
[INFO] [stdout] 
[INFO] [stdout] error[E0493]: destructor of `array_into_iter::IntoIter<T, N, D>` cannot be evaluated at compile-time
[INFO] [stdout]    --> /opt/rustwide/cargo-home/registry/src/index.crates.io-1949cf8c6b5b557f/konst-0.4.3/src/array/array_into_iter.rs:324:34
[INFO] [stdout]     |
[INFO] [stdout] 324 |     pub const fn assert_is_empty(self) {
[INFO] [stdout]     |                                  ^^^^ the destructor for this type cannot be evaluated in constant functions
[INFO] [stdout] ...
[INFO] [stdout] 327 |     }
[INFO] [stdout]     |     - value is dropped here
[INFO] [stdout] 
[INFO] [stdout] 
[INFO] [stdout] error[E0493]: destructor of `Option<(T, U)>` cannot be evaluated at compile-time
[INFO] [stdout]    --> /opt/rustwide/cargo-home/registry/src/index.crates.io-1949cf8c6b5b557f/konst-0.4.3/src/macros/control_flow.rs:83:42
[INFO] [stdout]     |
[INFO] [stdout]  81 |   macro_rules! if_let_Some {
[INFO] [stdout]  82 |       ($some:pat = $e:expr => $then:block $(else $else:block)?) => {
[INFO] [stdout]  83 |           match $crate::option::__opt($e) {opt =>
[INFO] [stdout]     |                                            ^^^ the destructor for this type cannot be evaluated in constant functions
[INFO] [stdout] ...
[INFO] [stdout]  90 |               }
[INFO] [stdout]     |               - value is dropped here
[INFO] [stdout]     |
[INFO] [stdout]    ::: /opt/rustwide/cargo-home/registry/src/index.crates.io-1949cf8c6b5b557f/konst-0.4.3/src/option.rs:635:5
[INFO] [stdout]     |
[INFO] [stdout] 635 | /     crate::if_let_Some! {tuple = opt => {
[INFO] [stdout] 636 | |         crate::destructure!{(l, r) = tuple}
[INFO] [stdout] 637 | |
[INFO] [stdout] 638 | |         (Some(l), Some(r))
[INFO] [stdout] 639 | |     } else {
[INFO] [stdout] 640 | |         (None, None)
[INFO] [stdout] 641 | |     }}
[INFO] [stdout]     | |______- in this macro invocation
[INFO] [stdout] 
[INFO] [stdout] 
[INFO] [stderr]     Checking regex-automata v0.4.18
[INFO] [stderr]     Checking sha2 v0.10.9
[INFO] [stdout] For more information about this error, try `rustc --explain E0493`.
[INFO] [stdout] 
[INFO] [stderr] error: could not compile `konst` (lib) due to 3 previous errors
[INFO] [stderr] warning: build failed, waiting for other jobs to finish...
[INFO] running `Command { std: "docker" "inspect" "b020b6167200c70854499ae38b5b48d53068693030a29549143d7e9d8ab6f6b1", kill_on_drop: false }`
[INFO] running `Command { std: "docker" "rm" "-f" "b020b6167200c70854499ae38b5b48d53068693030a29549143d7e9d8ab6f6b1", kill_on_drop: false }`
[INFO] [stdout] b020b6167200c70854499ae38b5b48d53068693030a29549143d7e9d8ab6f6b1
