[INFO] cloning repository https://github.com/yliu7949/PrintCode
[INFO] running `Command { std: "git" "-c" "credential.helper=" "-c" "credential.helper=/workspace/cargo-home/bin/git-credential-null" "clone" "--bare" "https://github.com/yliu7949/PrintCode" "/workspace/cache/git-repos/https%3A%2F%2Fgithub.com%2Fyliu7949%2FPrintCode", kill_on_drop: false }`
[INFO] [stderr] Cloning into bare repository '/workspace/cache/git-repos/https%3A%2F%2Fgithub.com%2Fyliu7949%2FPrintCode'...
[INFO] running `Command { std: "git" "rev-parse" "HEAD", kill_on_drop: false }`
[INFO] [stdout] 18b81d7bdd3c420c7515dcd076a53435f194e372
[INFO] checking yliu7949/PrintCode against c60b92c03ca8a3b101eb9d57f51e2232690638c7 for pr-164148-crater-rollup
[INFO] running `Command { std: "git" "clone" "/workspace/cache/git-repos/https%3A%2F%2Fgithub.com%2Fyliu7949%2FPrintCode" "/workspace/builds/worker-0-tc2/source", kill_on_drop: false }`
[INFO] [stderr] Cloning into '/workspace/builds/worker-0-tc2/source'...
[INFO] [stderr] done.
[INFO] started tweaking git repo https://github.com/yliu7949/PrintCode
[INFO] finished tweaking git repo https://github.com/yliu7949/PrintCode
[INFO] tweaked toml for git repo https://github.com/yliu7949/PrintCode written to /workspace/builds/worker-0-tc2/source/Cargo.toml
[INFO] validating manifest of git repo https://github.com/yliu7949/PrintCode on toolchain c60b92c03ca8a3b101eb9d57f51e2232690638c7
[INFO] running `Command { std: CARGO_HOME="/workspace/cargo-home" RUSTUP_HOME="/workspace/rustup-home" "/workspace/cargo-home/bin/cargo" "+c60b92c03ca8a3b101eb9d57f51e2232690638c7" "metadata" "--manifest-path" "Cargo.toml" "--no-deps", kill_on_drop: false }`
[INFO] crate git repo https://github.com/yliu7949/PrintCode already has a lockfile, it will not be regenerated
[INFO] running `Command { std: CARGO_HOME="/workspace/cargo-home" RUSTUP_HOME="/workspace/rustup-home" "/workspace/cargo-home/bin/cargo" "+c60b92c03ca8a3b101eb9d57f51e2232690638c7" "fetch" "--manifest-path" "Cargo.toml", kill_on_drop: false }`
[INFO] running `Command { std: "docker" "create" "-v" "/var/lib/crater-agent-workspace/builds/worker-0-tc2/source:/opt/rustwide/workdir:ro,Z" "-v" "/var/lib/crater-agent-workspace/builds/worker-0-tc2/target:/opt/rustwide/target:rw,Z" "-v" "/var/lib/crater-agent-workspace/cargo-home:/opt/rustwide/cargo-home:ro,Z" "-v" "/var/lib/crater-agent-workspace/rustup-home:/opt/rustwide/rustup-home:ro,Z" "-m" "1610612736" "--network" "none" "ghcr.io/rust-lang/crates-build-env/linux@sha256:77db811e55d90add9212f6832c23229e3de5f1c1f9905e8cb07319ea15df73ac" "sleep" "infinity", kill_on_drop: false }`
[INFO] [stdout] 71a9dab3a338af2a0780ca83aaf07e385611112afa9f05bae3f4f2ead6c337d2
[INFO] running `Command { std: "docker" "start" "71a9dab3a338af2a0780ca83aaf07e385611112afa9f05bae3f4f2ead6c337d2", kill_on_drop: false }`
[INFO] running `Command { std: "docker" "inspect" "71a9dab3a338af2a0780ca83aaf07e385611112afa9f05bae3f4f2ead6c337d2", kill_on_drop: false }`
[INFO] running `Command { std: "docker" "exec" "-e" "SOURCE_DIR=/opt/rustwide/workdir" "-e" "CARGO_HOME=/opt/rustwide/cargo-home" "-e" "RUSTUP_HOME=/opt/rustwide/rustup-home" "-e" "CARGO_TARGET_DIR=/opt/rustwide/target" "-w" "/opt/rustwide/workdir" "--user" "0:0" "71a9dab3a338af2a0780ca83aaf07e385611112afa9f05bae3f4f2ead6c337d2" "/opt/rustwide/cargo-home/bin/cargo" "+c60b92c03ca8a3b101eb9d57f51e2232690638c7" "metadata" "--no-deps" "--format-version=1", kill_on_drop: false }`
[INFO] running `Command { std: "docker" "inspect" "71a9dab3a338af2a0780ca83aaf07e385611112afa9f05bae3f4f2ead6c337d2", kill_on_drop: false }`
[INFO] running `Command { std: "docker" "exec" "-e" "SOURCE_DIR=/opt/rustwide/workdir" "-e" "CARGO_HOME=/opt/rustwide/cargo-home" "-e" "RUSTUP_HOME=/opt/rustwide/rustup-home" "-e" "CARGO_TARGET_DIR=/opt/rustwide/target" "-e" "CARGO_INCREMENTAL=0" "-e" "RUST_BACKTRACE=full" "-e" "RUSTFLAGS=--cap-lints=forbid" "-e" "RUSTDOCFLAGS=--cap-lints=forbid" "-w" "/opt/rustwide/workdir" "--user" "0:0" "71a9dab3a338af2a0780ca83aaf07e385611112afa9f05bae3f4f2ead6c337d2" "/opt/rustwide/cargo-home/bin/cargo" "+c60b92c03ca8a3b101eb9d57f51e2232690638c7" "check" "--frozen" "--all" "--all-targets" "--message-format=json", kill_on_drop: false }`
[INFO] [stderr]     Checking typenum v1.20.0
[INFO] [stderr]     Checking simd-adler32 v0.3.9
[INFO] [stderr]    Compiling yansi v1.0.1
[INFO] [stderr]    Compiling unicode-canonical-combining-class v1.0.0
[INFO] [stderr]    Compiling unicode-joining-type v1.0.0
[INFO] [stderr]    Compiling unicode-general-category v1.1.0
[INFO] [stderr]    Compiling pathfinder_simd v0.5.6
[INFO] [stderr]    Compiling proc-macro2-diagnostics v0.10.1
[INFO] [stderr]    Compiling enumflags2_derive v0.7.12
[INFO] [stderr]     Checking aliasable v0.1.3
[INFO] [stderr]     Checking bitflags v2.13.2
[INFO] [stderr]     Checking brotli-decompressor v5.0.0
[INFO] [stderr]    Compiling slotmap v1.1.1
[INFO] [stderr]     Checking ucd-trie v0.1.7
[INFO] [stderr]     Checking rustc-hash v2.1.3
[INFO] [stderr]     Checking glyph-names v0.2.0
[INFO] [stderr]     Checking mmapio v0.9.1
[INFO] [stderr]    Compiling serde_derive v1.0.228
[INFO] [stderr]     Checking unicode-normalization v0.1.25
[INFO] [stderr]     Checking xmlparser v0.13.6
[INFO] [stderr]     Checking azul-simplecss v0.2.1
[INFO] [stderr]     Checking getrandom v0.4.3
[INFO] [stderr]     Checking chacha20 v0.10.2
[INFO] [stderr]     Checking miniz_oxide v0.8.9
[INFO] [stderr]     Checking grid v1.0.1
[INFO] [stderr]     Checking azul-css v0.0.16
[INFO] [stderr]     Checking enumflags2 v0.7.12
[INFO] [stderr]     Checking gl-context-loader v0.1.10
[INFO] [stderr]     Checking unicode-properties v0.1.4
[INFO] [stderr]     Checking arrayvec v0.7.6
[INFO] [stderr]     Checking hashbrown v0.17.0
[INFO] [stderr]     Checking regex-syntax v0.8.10
[INFO] [stderr]     Checking stringprep v0.1.5
[INFO] [stderr]     Checking rand v0.10.3
[INFO] [stderr]     Checking crossbeam-epoch v0.9.18
[INFO] [stderr]     Checking nom v8.0.0
[INFO] [stderr]     Checking pathfinder_geometry v0.5.1
[INFO] [stderr]     Checking bstr v1.12.1
[INFO] [stderr]     Checking flate2 v1.1.9
[INFO] [stderr]     Checking unicode-segmentation v1.13.2
[INFO] [stderr]     Checking taffy v0.10.1
[INFO] [stderr]    Compiling ouroboros_macro v0.18.5
[INFO] [stderr]     Checking lru v0.18.5
[INFO] [stderr]     Checking weezl v0.2.1
[INFO] [stderr]     Checking regex-lite v0.1.9
[INFO] [stderr]     Checking num-conv v0.2.1
[INFO] [stderr]     Checking rangemap v1.7.1
[INFO] [stderr]     Checking crossbeam-deque v0.8.6
[INFO] [stderr]     Checking serde_json v1.0.149
[INFO] [stderr]     Checking unicode-width v0.2.2
[INFO] [stderr]     Checking time v0.3.47
[INFO] [stderr]     Checking clap v4.6.1
[INFO] [stderr]     Checking hybrid-array v0.4.15
[INFO] [stderr]     Checking indexmap v2.14.0
[INFO] [stderr]     Checking textwrap v0.16.2
[INFO] [stderr]     Checking regex-automata v0.4.14
[INFO] [stderr]     Checking ouroboros v0.18.5
[INFO] [stderr]     Checking allsorts-azul v0.17.2
[INFO] [stderr]     Checking crypto-common v0.2.2
[INFO] [stderr]     Checking block-padding v0.4.2
[INFO] [stderr]     Checking block-buffer v0.12.1
[INFO] [stderr]     Checking inout v0.2.2
[INFO] [stderr]     Checking cipher v0.5.2
[INFO] [stderr]     Checking digest v0.11.3
[INFO] [stderr]     Checking serde v1.0.228
[INFO] [stderr]     Checking sha2 v0.11.0
[INFO] [stderr]     Checking md-5 v0.11.0
[INFO] [stderr]     Checking ecb v0.2.1
[INFO] [stderr]     Checking cbc v0.2.1
[INFO] [stderr]     Checking aes v0.9.3
[INFO] [stderr]     Checking smallvec v1.16.2
[INFO] [stderr]     Checking globset v0.4.18
[INFO] [stderr]     Checking ignore v0.4.25
[INFO] [stderr]     Checking lopdf v0.44.0
[INFO] [stderr]     Checking rust-fontconfig v5.0.0
[INFO] [stderr]     Checking azul-core v0.0.16
[INFO] [stdout] error[E0493]: destructor of `NodeData` cannot be evaluated at compile-time
[INFO] [stdout]     --> /opt/rustwide/cargo-home/registry/src/index.crates.io-1949cf8c6b5b557f/azul-core-0.0.16/src/dom.rs:3625:33
[INFO] [stdout]      |
[INFO] [stdout] 3625 |     pub const fn with_tab_index(mut self, tab_index: TabIndex) -> Self {
[INFO] [stdout]      |                                 ^^^^^^^^ the destructor for this type cannot be evaluated in constant functions
[INFO] [stdout] ...
[INFO] [stdout] 3628 |     }
[INFO] [stdout]      |     - value is dropped here
[INFO] [stdout] 
[INFO] [stdout] 
[INFO] [stdout] error[E0493]: destructor of `NodeData` cannot be evaluated at compile-time
[INFO] [stdout]     --> /opt/rustwide/cargo-home/registry/src/index.crates.io-1949cf8c6b5b557f/azul-core-0.0.16/src/dom.rs:3631:39
[INFO] [stdout]      |
[INFO] [stdout] 3631 |     pub const fn with_contenteditable(mut self, contenteditable: bool) -> Self {
[INFO] [stdout]      |                                       ^^^^^^^^ the destructor for this type cannot be evaluated in constant functions
[INFO] [stdout] ...
[INFO] [stdout] 3634 |     }
[INFO] [stdout]      |     - value is dropped here
[INFO] [stdout] 
[INFO] [stdout] 
[INFO] [stdout] error[E0493]: destructor of `NodeData` cannot be evaluated at compile-time
[INFO] [stdout]     --> /opt/rustwide/cargo-home/registry/src/index.crates.io-1949cf8c6b5b557f/azul-core-0.0.16/src/dom.rs:3782:13
[INFO] [stdout]      |
[INFO] [stdout] 3782 |         let mut s = Self::create_div();
[INFO] [stdout]      |             ^^^^^ the destructor for this type cannot be evaluated in constant functions
[INFO] [stdout] ...
[INFO] [stdout] 3785 |     }
[INFO] [stdout]      |     - value is dropped here
[INFO] [stdout] 
[INFO] [stdout] 
[INFO] [stdout] error[E0493]: destructor of `Dom` cannot be evaluated at compile-time
[INFO] [stdout]     --> /opt/rustwide/cargo-home/registry/src/index.crates.io-1949cf8c6b5b557f/azul-core-0.0.16/src/dom.rs:6901:13
[INFO] [stdout]      |
[INFO] [stdout] 6901 |         let mut s = Self {
[INFO] [stdout]      |             ^^^^^ the destructor for this type cannot be evaluated in constant functions
[INFO] [stdout] ...
[INFO] [stdout] 6909 |     }
[INFO] [stdout]      |     - value is dropped here
[INFO] [stdout] 
[INFO] [stdout] 
[INFO] [stdout] error[E0493]: destructor of `Dom` cannot be evaluated at compile-time
[INFO] [stdout]     --> /opt/rustwide/cargo-home/registry/src/index.crates.io-1949cf8c6b5b557f/azul-core-0.0.16/src/dom.rs:7099:33
[INFO] [stdout]      |
[INFO] [stdout] 7099 |     pub const fn with_tab_index(mut self, tab_index: TabIndex) -> Self {
[INFO] [stdout]      |                                 ^^^^^^^^ the destructor for this type cannot be evaluated in constant functions
[INFO] [stdout] ...
[INFO] [stdout] 7102 |     }
[INFO] [stdout]      |     - value is dropped here
[INFO] [stdout] 
[INFO] [stdout] 
[INFO] [stdout] error[E0493]: destructor of `Dom` cannot be evaluated at compile-time
[INFO] [stdout]     --> /opt/rustwide/cargo-home/registry/src/index.crates.io-1949cf8c6b5b557f/azul-core-0.0.16/src/dom.rs:7105:39
[INFO] [stdout]      |
[INFO] [stdout] 7105 |     pub const fn with_contenteditable(mut self, contenteditable: bool) -> Self {
[INFO] [stdout]      |                                       ^^^^^^^^ the destructor for this type cannot be evaluated in constant functions
[INFO] [stdout] ...
[INFO] [stdout] 7108 |     }
[INFO] [stdout]      |     - value is dropped here
[INFO] [stdout] 
[INFO] [stdout] 
[INFO] [stdout] For more information about this error, try `rustc --explain E0493`.
[INFO] [stdout] 
[INFO] [stderr] error: could not compile `azul-core` (lib) due to 6 previous errors
[INFO] running `Command { std: "docker" "inspect" "71a9dab3a338af2a0780ca83aaf07e385611112afa9f05bae3f4f2ead6c337d2", kill_on_drop: false }`
[INFO] running `Command { std: "docker" "rm" "-f" "71a9dab3a338af2a0780ca83aaf07e385611112afa9f05bae3f4f2ead6c337d2", kill_on_drop: false }`
[INFO] [stdout] 71a9dab3a338af2a0780ca83aaf07e385611112afa9f05bae3f4f2ead6c337d2
