[INFO] cloning repository https://github.com/xX-mabster-Xx/nova-leak-example
[INFO] running `Command { std: "git" "-c" "credential.helper=" "-c" "credential.helper=/workspace/cargo-home/bin/git-credential-null" "clone" "--bare" "https://github.com/xX-mabster-Xx/nova-leak-example" "/workspace/cache/git-repos/https%3A%2F%2Fgithub.com%2FxX-mabster-Xx%2Fnova-leak-example", kill_on_drop: false }`
[INFO] [stderr] Cloning into bare repository '/workspace/cache/git-repos/https%3A%2F%2Fgithub.com%2FxX-mabster-Xx%2Fnova-leak-example'...
[INFO] running `Command { std: "git" "rev-parse" "HEAD", kill_on_drop: false }`
[INFO] [stdout] 7aa341e730366582c5d68a0c65bb6f7d5c96bef0
[INFO] checking xX-mabster-Xx/nova-leak-example against c60b92c03ca8a3b101eb9d57f51e2232690638c7 for pr-164148-crater-rollup
[INFO] running `Command { std: "git" "clone" "/workspace/cache/git-repos/https%3A%2F%2Fgithub.com%2FxX-mabster-Xx%2Fnova-leak-example" "/workspace/builds/worker-0-tc2/source", kill_on_drop: false }`
[INFO] [stderr] Cloning into '/workspace/builds/worker-0-tc2/source'...
[INFO] [stderr] done.
[INFO] started tweaking git repo https://github.com/xX-mabster-Xx/nova-leak-example
[INFO] finished tweaking git repo https://github.com/xX-mabster-Xx/nova-leak-example
[INFO] tweaked toml for git repo https://github.com/xX-mabster-Xx/nova-leak-example written to /workspace/builds/worker-0-tc2/source/Cargo.toml
[INFO] validating manifest of git repo https://github.com/xX-mabster-Xx/nova-leak-example on toolchain c60b92c03ca8a3b101eb9d57f51e2232690638c7
[INFO] running `Command { std: CARGO_HOME="/workspace/cargo-home" RUSTUP_HOME="/workspace/rustup-home" "/workspace/cargo-home/bin/cargo" "+c60b92c03ca8a3b101eb9d57f51e2232690638c7" "metadata" "--manifest-path" "Cargo.toml" "--no-deps", kill_on_drop: false }`
[INFO] crate git repo https://github.com/xX-mabster-Xx/nova-leak-example already has a lockfile, it will not be regenerated
[INFO] running `Command { std: CARGO_HOME="/workspace/cargo-home" RUSTUP_HOME="/workspace/rustup-home" "/workspace/cargo-home/bin/cargo" "+c60b92c03ca8a3b101eb9d57f51e2232690638c7" "fetch" "--manifest-path" "Cargo.toml", kill_on_drop: false }`
[INFO] running `Command { std: "docker" "create" "-v" "/var/lib/crater-agent-workspace/builds/worker-0-tc2/source:/opt/rustwide/workdir:ro,Z" "-v" "/var/lib/crater-agent-workspace/builds/worker-0-tc2/target:/opt/rustwide/target:rw,Z" "-v" "/var/lib/crater-agent-workspace/cargo-home:/opt/rustwide/cargo-home:ro,Z" "-v" "/var/lib/crater-agent-workspace/rustup-home:/opt/rustwide/rustup-home:ro,Z" "-m" "1610612736" "--network" "none" "ghcr.io/rust-lang/crates-build-env/linux@sha256:77db811e55d90add9212f6832c23229e3de5f1c1f9905e8cb07319ea15df73ac" "sleep" "infinity", kill_on_drop: false }`
[INFO] [stdout] bc2a16224145bc9c840d3e20b0e9ef347b6a2d1f278ff1687b3545f847061a5f
[INFO] running `Command { std: "docker" "start" "bc2a16224145bc9c840d3e20b0e9ef347b6a2d1f278ff1687b3545f847061a5f", kill_on_drop: false }`
[INFO] running `Command { std: "docker" "inspect" "bc2a16224145bc9c840d3e20b0e9ef347b6a2d1f278ff1687b3545f847061a5f", kill_on_drop: false }`
[INFO] running `Command { std: "docker" "exec" "-e" "SOURCE_DIR=/opt/rustwide/workdir" "-e" "CARGO_HOME=/opt/rustwide/cargo-home" "-e" "RUSTUP_HOME=/opt/rustwide/rustup-home" "-e" "CARGO_TARGET_DIR=/opt/rustwide/target" "-w" "/opt/rustwide/workdir" "--user" "0:0" "bc2a16224145bc9c840d3e20b0e9ef347b6a2d1f278ff1687b3545f847061a5f" "/opt/rustwide/cargo-home/bin/cargo" "+c60b92c03ca8a3b101eb9d57f51e2232690638c7" "metadata" "--no-deps" "--format-version=1", kill_on_drop: false }`
[INFO] running `Command { std: "docker" "inspect" "bc2a16224145bc9c840d3e20b0e9ef347b6a2d1f278ff1687b3545f847061a5f", kill_on_drop: false }`
[INFO] running `Command { std: "docker" "exec" "-e" "SOURCE_DIR=/opt/rustwide/workdir" "-e" "CARGO_HOME=/opt/rustwide/cargo-home" "-e" "RUSTUP_HOME=/opt/rustwide/rustup-home" "-e" "CARGO_TARGET_DIR=/opt/rustwide/target" "-e" "CARGO_INCREMENTAL=0" "-e" "RUST_BACKTRACE=full" "-e" "RUSTFLAGS=--cap-lints=forbid" "-e" "RUSTDOCFLAGS=--cap-lints=forbid" "-w" "/opt/rustwide/workdir" "--user" "0:0" "bc2a16224145bc9c840d3e20b0e9ef347b6a2d1f278ff1687b3545f847061a5f" "/opt/rustwide/cargo-home/bin/cargo" "+c60b92c03ca8a3b101eb9d57f51e2232690638c7" "check" "--frozen" "--all" "--all-targets" "--message-format=json", kill_on_drop: false }`
[INFO] [stderr]    Compiling syn v2.0.117
[INFO] [stderr]    Compiling libc v0.2.186
[INFO] [stderr]    Compiling num-bigint v0.3.3
[INFO] [stderr]    Compiling syn v1.0.109
[INFO] [stderr]     Checking zerocopy v0.8.48
[INFO] [stderr]    Compiling num-traits v0.2.19
[INFO] [stderr]     Checking crypto-common v0.1.7
[INFO] [stderr]     Checking num-integer v0.1.46
[INFO] [stderr]    Compiling halo2curves v0.9.0
[INFO] [stderr]    Compiling virtue v0.0.18
[INFO] [stderr]     Checking lazy_static v1.5.0
[INFO] [stderr]     Checking rayon v1.12.0
[INFO] [stderr]     Checking keccak v0.1.6
[INFO] [stderr]     Checking unty v0.0.4
[INFO] [stderr]     Checking generic-array v1.4.1
[INFO] [stderr]     Checking itertools v0.14.0
[INFO] [stderr]     Checking serde_json v1.0.150
[INFO] [stderr]     Checking digest v0.10.7
[INFO] [stderr]     Checking sha2 v0.10.9
[INFO] [stderr]     Checking sha3 v0.10.9
[INFO] [stdout] error[E0493]: destructor of `ArrayBuilder<T, N>` cannot be evaluated at compile-time
[INFO] [stdout]    --> /opt/rustwide/cargo-home/registry/src/index.crates.io-1949cf8c6b5b557f/generic-array-1.4.1/src/internal.rs:103:31
[INFO] [stdout]     |
[INFO] [stdout] 103 |     pub unsafe fn assume_init(self) -> GenericArray<T, N> {
[INFO] [stdout]     |                               ^^^^ the destructor for this type cannot be evaluated in constant functions
[INFO] [stdout] ...
[INFO] [stdout] 109 |     }
[INFO] [stdout]     |     - value is dropped here
[INFO] [stdout] 
[INFO] [stdout] 
[INFO] [stdout] error[E0493]: destructor of `GenericArray<core::mem::MaybeUninit<*const T>, N>` cannot be evaluated at compile-time
[INFO] [stdout]    --> /opt/rustwide/cargo-home/registry/src/index.crates.io-1949cf8c6b5b557f/generic-array-1.4.1/src/lib.rs:970:13
[INFO] [stdout]     |
[INFO] [stdout] 970 |         let mut out: GenericArray<MaybeUninit<*const T>, N> = GenericArray::uninit();
[INFO] [stdout]     |             ^^^^^^^ the destructor for this type cannot be evaluated in constant functions
[INFO] [stdout] ...
[INFO] [stdout] 985 |     }
[INFO] [stdout]     |     - value is dropped here
[INFO] [stdout] 
[INFO] [stdout] 
[INFO] [stdout] error[E0493]: destructor of `GenericArray<core::mem::MaybeUninit<*mut T>, N>` cannot be evaluated at compile-time
[INFO] [stdout]     --> /opt/rustwide/cargo-home/registry/src/index.crates.io-1949cf8c6b5b557f/generic-array-1.4.1/src/lib.rs:1005:13
[INFO] [stdout]      |
[INFO] [stdout] 1005 |         let mut out: GenericArray<MaybeUninit<*mut T>, N> = GenericArray::uninit();
[INFO] [stdout]      |             ^^^^^^^ the destructor for this type cannot be evaluated in constant functions
[INFO] [stdout] ...
[INFO] [stdout] 1020 |     }
[INFO] [stdout]      |     - value is dropped here
[INFO] [stdout] 
[INFO] [stdout] 
[INFO] [stdout] For more information about this error, try `rustc --explain E0493`.
[INFO] [stdout] 
[INFO] [stderr] error: could not compile `generic-array` (lib) due to 3 previous errors
[INFO] [stderr] warning: build failed, waiting for other jobs to finish...
[INFO] running `Command { std: "docker" "inspect" "bc2a16224145bc9c840d3e20b0e9ef347b6a2d1f278ff1687b3545f847061a5f", kill_on_drop: false }`
[INFO] running `Command { std: "docker" "rm" "-f" "bc2a16224145bc9c840d3e20b0e9ef347b6a2d1f278ff1687b3545f847061a5f", kill_on_drop: false }`
[INFO] [stdout] bc2a16224145bc9c840d3e20b0e9ef347b6a2d1f278ff1687b3545f847061a5f
