[INFO] cloning repository https://github.com/xBalbinus/tvc-smoke-app
[INFO] running `Command { std: "git" "-c" "credential.helper=" "-c" "credential.helper=/workspace/cargo-home/bin/git-credential-null" "clone" "--bare" "https://github.com/xBalbinus/tvc-smoke-app" "/workspace/cache/git-repos/https%3A%2F%2Fgithub.com%2FxBalbinus%2Ftvc-smoke-app", kill_on_drop: false }`
[INFO] [stderr] Cloning into bare repository '/workspace/cache/git-repos/https%3A%2F%2Fgithub.com%2FxBalbinus%2Ftvc-smoke-app'...
[INFO] running `Command { std: "git" "rev-parse" "HEAD", kill_on_drop: false }`
[INFO] [stdout] 6e4ca3d6d904ef63f0b52d2f0d581c846607d92d
[INFO] checking xBalbinus/tvc-smoke-app against c60b92c03ca8a3b101eb9d57f51e2232690638c7 for pr-164148-crater-rollup
[INFO] running `Command { std: "git" "clone" "/workspace/cache/git-repos/https%3A%2F%2Fgithub.com%2FxBalbinus%2Ftvc-smoke-app" "/workspace/builds/worker-2-tc2/source", kill_on_drop: false }`
[INFO] [stderr] Cloning into '/workspace/builds/worker-2-tc2/source'...
[INFO] [stderr] done.
[INFO] removed /workspace/builds/worker-2-tc2/source/rust-toolchain.toml
[INFO] started tweaking git repo https://github.com/xBalbinus/tvc-smoke-app
[INFO] finished tweaking git repo https://github.com/xBalbinus/tvc-smoke-app
[INFO] tweaked toml for git repo https://github.com/xBalbinus/tvc-smoke-app written to /workspace/builds/worker-2-tc2/source/Cargo.toml
[INFO] validating manifest of git repo https://github.com/xBalbinus/tvc-smoke-app on toolchain c60b92c03ca8a3b101eb9d57f51e2232690638c7
[INFO] running `Command { std: CARGO_HOME="/workspace/cargo-home" RUSTUP_HOME="/workspace/rustup-home" "/workspace/cargo-home/bin/cargo" "+c60b92c03ca8a3b101eb9d57f51e2232690638c7" "metadata" "--manifest-path" "Cargo.toml" "--no-deps", kill_on_drop: false }`
[INFO] crate git repo https://github.com/xBalbinus/tvc-smoke-app already has a lockfile, it will not be regenerated
[INFO] running `Command { std: CARGO_HOME="/workspace/cargo-home" RUSTUP_HOME="/workspace/rustup-home" "/workspace/cargo-home/bin/cargo" "+c60b92c03ca8a3b101eb9d57f51e2232690638c7" "fetch" "--manifest-path" "Cargo.toml", kill_on_drop: false }`
[INFO] running `Command { std: "docker" "create" "-v" "/var/lib/crater-agent-workspace/builds/worker-2-tc2/source:/opt/rustwide/workdir:ro,Z" "-v" "/var/lib/crater-agent-workspace/builds/worker-2-tc2/target:/opt/rustwide/target:rw,Z" "-v" "/var/lib/crater-agent-workspace/cargo-home:/opt/rustwide/cargo-home:ro,Z" "-v" "/var/lib/crater-agent-workspace/rustup-home:/opt/rustwide/rustup-home:ro,Z" "-m" "1610612736" "--network" "none" "ghcr.io/rust-lang/crates-build-env/linux@sha256:77db811e55d90add9212f6832c23229e3de5f1c1f9905e8cb07319ea15df73ac" "sleep" "infinity", kill_on_drop: false }`
[INFO] [stdout] c906b3e329050b64eb6ae2eff670c4506901d6b6506e7c96652ec7b7ac06b4a9
[INFO] running `Command { std: "docker" "start" "c906b3e329050b64eb6ae2eff670c4506901d6b6506e7c96652ec7b7ac06b4a9", kill_on_drop: false }`
[INFO] running `Command { std: "docker" "inspect" "c906b3e329050b64eb6ae2eff670c4506901d6b6506e7c96652ec7b7ac06b4a9", kill_on_drop: false }`
[INFO] running `Command { std: "docker" "exec" "-e" "SOURCE_DIR=/opt/rustwide/workdir" "-e" "CARGO_HOME=/opt/rustwide/cargo-home" "-e" "RUSTUP_HOME=/opt/rustwide/rustup-home" "-e" "CARGO_TARGET_DIR=/opt/rustwide/target" "-w" "/opt/rustwide/workdir" "--user" "0:0" "c906b3e329050b64eb6ae2eff670c4506901d6b6506e7c96652ec7b7ac06b4a9" "/opt/rustwide/cargo-home/bin/cargo" "+c60b92c03ca8a3b101eb9d57f51e2232690638c7" "metadata" "--no-deps" "--format-version=1", kill_on_drop: false }`
[INFO] running `Command { std: "docker" "inspect" "c906b3e329050b64eb6ae2eff670c4506901d6b6506e7c96652ec7b7ac06b4a9", kill_on_drop: false }`
[INFO] running `Command { std: "docker" "exec" "-e" "SOURCE_DIR=/opt/rustwide/workdir" "-e" "CARGO_HOME=/opt/rustwide/cargo-home" "-e" "RUSTUP_HOME=/opt/rustwide/rustup-home" "-e" "CARGO_TARGET_DIR=/opt/rustwide/target" "-e" "CARGO_INCREMENTAL=0" "-e" "RUST_BACKTRACE=full" "-e" "RUSTFLAGS=--cap-lints=forbid" "-e" "RUSTDOCFLAGS=--cap-lints=forbid" "-w" "/opt/rustwide/workdir" "--user" "0:0" "c906b3e329050b64eb6ae2eff670c4506901d6b6506e7c96652ec7b7ac06b4a9" "/opt/rustwide/cargo-home/bin/cargo" "+c60b92c03ca8a3b101eb9d57f51e2232690638c7" "check" "--frozen" "--all" "--all-targets" "--message-format=json", kill_on_drop: false }`
[INFO] [stderr]    Compiling libc v0.2.174
[INFO] [stderr]     Checking const-oid v0.9.6
[INFO] [stderr]    Compiling serde_core v1.0.228
[INFO] [stderr]     Checking flagset v0.4.7
[INFO] [stderr]     Checking http v1.4.0
[INFO] [stderr]    Compiling ring v0.17.14
[INFO] [stderr]    Compiling syn v2.0.117
[INFO] [stderr]    Compiling openssl-sys v0.9.111
[INFO] [stderr]    Compiling num-traits v0.2.19
[INFO] [stderr]    Compiling rustls v0.23.37
[INFO] [stderr]    Compiling toml_edit v0.25.11+spec-1.1.0
[INFO] [stderr]    Compiling borsh v1.6.1
[INFO] [stderr]    Compiling zerocopy v0.8.39
[INFO] [stderr]    Compiling memoffset v0.7.1
[INFO] [stderr]    Compiling nix v0.30.1
[INFO] [stderr]     Checking half v1.8.3
[INFO] [stderr]    Compiling thiserror v2.0.18
[INFO] [stderr]    Compiling prometheus v0.13.4
[INFO] [stderr]     Checking generic-array v1.4.1
[INFO] [stderr]     Checking hex v0.4.3
[INFO] [stderr]     Checking clap_lex v1.0.0
[INFO] [stderr]    Compiling qos_core v0.10.0
[INFO] [stderr]     Checking predicates-core v1.0.10
[INFO] [stderr]     Checking clap_builder v4.5.60
[INFO] [stderr]    Compiling openssl v0.10.75
[INFO] [stderr]    Compiling native-tls v0.2.18
[INFO] [stderr]    Compiling assert_cmd v2.2.2
[INFO] [stderr]     Checking difflib v0.4.0
[INFO] [stderr]     Checking rustix v1.1.2
[INFO] [stderr]     Checking predicates-tree v1.0.13
[INFO] [stderr]     Checking bstr v1.12.1
[INFO] [stderr]     Checking http-body v1.0.1
[INFO] [stderr]     Checking predicates v3.1.4
[INFO] [stderr]     Checking http-body-util v0.1.3
[INFO] [stdout] error[E0493]: destructor of `ArrayBuilder<T, N>` cannot be evaluated at compile-time
[INFO] [stdout]    --> /opt/rustwide/cargo-home/registry/src/index.crates.io-1949cf8c6b5b557f/generic-array-1.4.1/src/internal.rs:103:31
[INFO] [stdout]     |
[INFO] [stdout] 103 |     pub unsafe fn assume_init(self) -> GenericArray<T, N> {
[INFO] [stdout]     |                               ^^^^ the destructor for this type cannot be evaluated in constant functions
[INFO] [stdout] ...
[INFO] [stdout] 109 |     }
[INFO] [stdout]     |     - value is dropped here
[INFO] [stdout] 
[INFO] [stdout] 
[INFO] [stdout] error[E0493]: destructor of `GenericArray<core::mem::MaybeUninit<*const T>, N>` cannot be evaluated at compile-time
[INFO] [stdout]    --> /opt/rustwide/cargo-home/registry/src/index.crates.io-1949cf8c6b5b557f/generic-array-1.4.1/src/lib.rs:970:13
[INFO] [stdout]     |
[INFO] [stdout] 970 |         let mut out: GenericArray<MaybeUninit<*const T>, N> = GenericArray::uninit();
[INFO] [stdout]     |             ^^^^^^^ the destructor for this type cannot be evaluated in constant functions
[INFO] [stdout] ...
[INFO] [stdout] 985 |     }
[INFO] [stdout]     |     - value is dropped here
[INFO] [stdout] 
[INFO] [stdout] 
[INFO] [stdout] error[E0493]: destructor of `GenericArray<core::mem::MaybeUninit<*mut T>, N>` cannot be evaluated at compile-time
[INFO] [stdout]     --> /opt/rustwide/cargo-home/registry/src/index.crates.io-1949cf8c6b5b557f/generic-array-1.4.1/src/lib.rs:1005:13
[INFO] [stdout]      |
[INFO] [stdout] 1005 |         let mut out: GenericArray<MaybeUninit<*mut T>, N> = GenericArray::uninit();
[INFO] [stdout]      |             ^^^^^^^ the destructor for this type cannot be evaluated in constant functions
[INFO] [stdout] ...
[INFO] [stdout] 1020 |     }
[INFO] [stdout]      |     - value is dropped here
[INFO] [stdout] 
[INFO] [stdout] 
[INFO] [stdout] For more information about this error, try `rustc --explain E0493`.
[INFO] [stdout] 
[INFO] [stderr]     Checking axum-core v0.5.6
[INFO] [stderr] error: could not compile `generic-array` (lib) due to 3 previous errors
[INFO] [stderr] warning: build failed, waiting for other jobs to finish...
[INFO] running `Command { std: "docker" "inspect" "c906b3e329050b64eb6ae2eff670c4506901d6b6506e7c96652ec7b7ac06b4a9", kill_on_drop: false }`
[INFO] running `Command { std: "docker" "rm" "-f" "c906b3e329050b64eb6ae2eff670c4506901d6b6506e7c96652ec7b7ac06b4a9", kill_on_drop: false }`
[INFO] [stdout] c906b3e329050b64eb6ae2eff670c4506901d6b6506e7c96652ec7b7ac06b4a9
