[INFO] cloning repository https://github.com/wicked-code/covert-connect
[INFO] running `Command { std: "git" "-c" "credential.helper=" "-c" "credential.helper=/workspace/cargo-home/bin/git-credential-null" "clone" "--bare" "https://github.com/wicked-code/covert-connect" "/workspace/cache/git-repos/https%3A%2F%2Fgithub.com%2Fwicked-code%2Fcovert-connect", kill_on_drop: false }`
[INFO] [stderr] Cloning into bare repository '/workspace/cache/git-repos/https%3A%2F%2Fgithub.com%2Fwicked-code%2Fcovert-connect'...
[INFO] running `Command { std: "git" "rev-parse" "HEAD", kill_on_drop: false }`
[INFO] [stdout] 7aa8df46f75008a1da2f0d95c817e209be559e92
[INFO] checking wicked-code/covert-connect against c60b92c03ca8a3b101eb9d57f51e2232690638c7 for pr-164148-crater-rollup
[INFO] running `Command { std: "git" "clone" "/workspace/cache/git-repos/https%3A%2F%2Fgithub.com%2Fwicked-code%2Fcovert-connect" "/workspace/builds/worker-3-tc2/source", kill_on_drop: false }`
[INFO] [stderr] Cloning into '/workspace/builds/worker-3-tc2/source'...
[INFO] [stderr] done.
[INFO] started tweaking git repo https://github.com/wicked-code/covert-connect
[INFO] finished tweaking git repo https://github.com/wicked-code/covert-connect
[INFO] tweaked toml for git repo https://github.com/wicked-code/covert-connect written to /workspace/builds/worker-3-tc2/source/Cargo.toml
[INFO] validating manifest of git repo https://github.com/wicked-code/covert-connect on toolchain c60b92c03ca8a3b101eb9d57f51e2232690638c7
[INFO] running `Command { std: CARGO_HOME="/workspace/cargo-home" RUSTUP_HOME="/workspace/rustup-home" "/workspace/cargo-home/bin/cargo" "+c60b92c03ca8a3b101eb9d57f51e2232690638c7" "metadata" "--manifest-path" "Cargo.toml" "--no-deps", kill_on_drop: false }`
[INFO] crate git repo https://github.com/wicked-code/covert-connect already has a lockfile, it will not be regenerated
[INFO] running `Command { std: CARGO_HOME="/workspace/cargo-home" RUSTUP_HOME="/workspace/rustup-home" "/workspace/cargo-home/bin/cargo" "+c60b92c03ca8a3b101eb9d57f51e2232690638c7" "fetch" "--manifest-path" "Cargo.toml", kill_on_drop: false }`
[INFO] [stderr] warning: unused workspace dependency `aead`
[INFO] [stderr]   --> Cargo.toml:12:1
[INFO] [stderr]    |
[INFO] [stderr] 12 | aead = "0.5.2"
[INFO] [stderr]    | ^^^^
[INFO] [stderr]    |
[INFO] [stderr]    = note: `cargo::unused_workspace_dependencies` is set to `warn` by default
[INFO] [stderr] help: consider removing the workspace dependency `aead`
[INFO] [stderr] warning: unused workspace dependency `http-body-util`
[INFO] [stderr]   --> Cargo.toml:28:1
[INFO] [stderr]    |
[INFO] [stderr] 28 | http-body-util = "0.1.1"
[INFO] [stderr]    | ^^^^^^^^^^^^^^
[INFO] [stderr]    |
[INFO] [stderr] help: consider removing the workspace dependency `http-body-util`
[INFO] [stderr] warning: unused field `documentation` in `workspace.package`
[INFO] [stderr]   --> Cargo.toml:92:1
[INFO] [stderr]    |
[INFO] [stderr] 92 | documentation = ""
[INFO] [stderr]    | ^^^^^^^^^^^^^
[INFO] [stderr]    |
[INFO] [stderr]    = note: `cargo::unused_workspace_package_fields` is set to `warn` by default
[INFO] [stderr] help: consider removing the field `workspace.package.documentation`
[INFO] [stderr] warning: workspace (manifest) generated 3 warnings
[INFO] [stderr]     Blocking waiting for file lock on package cache
[INFO] [stderr]     Updating crates.io index
[INFO] [stderr]     Blocking waiting for file lock on package cache
[ERROR] error running command: no output for 300 seconds
[INFO] checking wicked-code/covert-connect against c60b92c03ca8a3b101eb9d57f51e2232690638c7 for pr-164148-crater-rollup
[INFO] running `Command { std: "git" "clone" "/workspace/cache/git-repos/https%3A%2F%2Fgithub.com%2Fwicked-code%2Fcovert-connect" "/workspace/builds/worker-3-tc2/source", kill_on_drop: false }`
[INFO] [stderr] Cloning into '/workspace/builds/worker-3-tc2/source'...
[INFO] [stderr] done.
[INFO] started tweaking git repo https://github.com/wicked-code/covert-connect
[INFO] finished tweaking git repo https://github.com/wicked-code/covert-connect
[INFO] tweaked toml for git repo https://github.com/wicked-code/covert-connect written to /workspace/builds/worker-3-tc2/source/Cargo.toml
[INFO] validating manifest of git repo https://github.com/wicked-code/covert-connect on toolchain c60b92c03ca8a3b101eb9d57f51e2232690638c7
[INFO] running `Command { std: CARGO_HOME="/workspace/cargo-home" RUSTUP_HOME="/workspace/rustup-home" "/workspace/cargo-home/bin/cargo" "+c60b92c03ca8a3b101eb9d57f51e2232690638c7" "metadata" "--manifest-path" "Cargo.toml" "--no-deps", kill_on_drop: false }`
[INFO] crate git repo https://github.com/wicked-code/covert-connect already has a lockfile, it will not be regenerated
[INFO] running `Command { std: CARGO_HOME="/workspace/cargo-home" RUSTUP_HOME="/workspace/rustup-home" "/workspace/cargo-home/bin/cargo" "+c60b92c03ca8a3b101eb9d57f51e2232690638c7" "fetch" "--manifest-path" "Cargo.toml", kill_on_drop: false }`
[INFO] [stderr] warning: unused workspace dependency `aead`
[INFO] [stderr]   --> Cargo.toml:12:1
[INFO] [stderr]    |
[INFO] [stderr] 12 | aead = "0.5.2"
[INFO] [stderr]    | ^^^^
[INFO] [stderr]    |
[INFO] [stderr]    = note: `cargo::unused_workspace_dependencies` is set to `warn` by default
[INFO] [stderr] help: consider removing the workspace dependency `aead`
[INFO] [stderr] warning: unused workspace dependency `http-body-util`
[INFO] [stderr]   --> Cargo.toml:28:1
[INFO] [stderr]    |
[INFO] [stderr] 28 | http-body-util = "0.1.1"
[INFO] [stderr]    | ^^^^^^^^^^^^^^
[INFO] [stderr]    |
[INFO] [stderr] help: consider removing the workspace dependency `http-body-util`
[INFO] [stderr] warning: unused field `documentation` in `workspace.package`
[INFO] [stderr]   --> Cargo.toml:92:1
[INFO] [stderr]    |
[INFO] [stderr] 92 | documentation = ""
[INFO] [stderr]    | ^^^^^^^^^^^^^
[INFO] [stderr]    |
[INFO] [stderr]    = note: `cargo::unused_workspace_package_fields` is set to `warn` by default
[INFO] [stderr] help: consider removing the field `workspace.package.documentation`
[INFO] [stderr] warning: workspace (manifest) generated 3 warnings
[INFO] [stderr]     Blocking waiting for file lock on package cache
[INFO] [stderr]     Blocking waiting for file lock on package cache
[ERROR] error running command: no output for 300 seconds
[INFO] checking wicked-code/covert-connect against c60b92c03ca8a3b101eb9d57f51e2232690638c7 for pr-164148-crater-rollup
[INFO] running `Command { std: "git" "clone" "/workspace/cache/git-repos/https%3A%2F%2Fgithub.com%2Fwicked-code%2Fcovert-connect" "/workspace/builds/worker-3-tc2/source", kill_on_drop: false }`
[INFO] [stderr] Cloning into '/workspace/builds/worker-3-tc2/source'...
[INFO] [stderr] done.
[INFO] started tweaking git repo https://github.com/wicked-code/covert-connect
[INFO] finished tweaking git repo https://github.com/wicked-code/covert-connect
[INFO] tweaked toml for git repo https://github.com/wicked-code/covert-connect written to /workspace/builds/worker-3-tc2/source/Cargo.toml
[INFO] validating manifest of git repo https://github.com/wicked-code/covert-connect on toolchain c60b92c03ca8a3b101eb9d57f51e2232690638c7
[INFO] running `Command { std: CARGO_HOME="/workspace/cargo-home" RUSTUP_HOME="/workspace/rustup-home" "/workspace/cargo-home/bin/cargo" "+c60b92c03ca8a3b101eb9d57f51e2232690638c7" "metadata" "--manifest-path" "Cargo.toml" "--no-deps", kill_on_drop: false }`
[INFO] crate git repo https://github.com/wicked-code/covert-connect already has a lockfile, it will not be regenerated
[INFO] running `Command { std: CARGO_HOME="/workspace/cargo-home" RUSTUP_HOME="/workspace/rustup-home" "/workspace/cargo-home/bin/cargo" "+c60b92c03ca8a3b101eb9d57f51e2232690638c7" "fetch" "--manifest-path" "Cargo.toml", kill_on_drop: false }`
[INFO] [stderr] warning: unused workspace dependency `aead`
[INFO] [stderr]   --> Cargo.toml:12:1
[INFO] [stderr]    |
[INFO] [stderr] 12 | aead = "0.5.2"
[INFO] [stderr]    | ^^^^
[INFO] [stderr]    |
[INFO] [stderr]    = note: `cargo::unused_workspace_dependencies` is set to `warn` by default
[INFO] [stderr] help: consider removing the workspace dependency `aead`
[INFO] [stderr] warning: unused workspace dependency `http-body-util`
[INFO] [stderr]   --> Cargo.toml:28:1
[INFO] [stderr]    |
[INFO] [stderr] 28 | http-body-util = "0.1.1"
[INFO] [stderr]    | ^^^^^^^^^^^^^^
[INFO] [stderr]    |
[INFO] [stderr] help: consider removing the workspace dependency `http-body-util`
[INFO] [stderr] warning: unused field `documentation` in `workspace.package`
[INFO] [stderr]   --> Cargo.toml:92:1
[INFO] [stderr]    |
[INFO] [stderr] 92 | documentation = ""
[INFO] [stderr]    | ^^^^^^^^^^^^^
[INFO] [stderr]    |
[INFO] [stderr]    = note: `cargo::unused_workspace_package_fields` is set to `warn` by default
[INFO] [stderr] help: consider removing the field `workspace.package.documentation`
[INFO] [stderr] warning: workspace (manifest) generated 3 warnings
[INFO] [stderr]     Blocking waiting for file lock on package cache
[INFO] [stderr]     Blocking waiting for file lock on package cache
[ERROR] error running command: no output for 300 seconds
[INFO] checking wicked-code/covert-connect against c60b92c03ca8a3b101eb9d57f51e2232690638c7 for pr-164148-crater-rollup
[INFO] running `Command { std: "git" "clone" "/workspace/cache/git-repos/https%3A%2F%2Fgithub.com%2Fwicked-code%2Fcovert-connect" "/workspace/builds/worker-3-tc2/source", kill_on_drop: false }`
[INFO] [stderr] Cloning into '/workspace/builds/worker-3-tc2/source'...
[INFO] [stderr] done.
[INFO] started tweaking git repo https://github.com/wicked-code/covert-connect
[INFO] finished tweaking git repo https://github.com/wicked-code/covert-connect
[INFO] tweaked toml for git repo https://github.com/wicked-code/covert-connect written to /workspace/builds/worker-3-tc2/source/Cargo.toml
[INFO] validating manifest of git repo https://github.com/wicked-code/covert-connect on toolchain c60b92c03ca8a3b101eb9d57f51e2232690638c7
[INFO] running `Command { std: CARGO_HOME="/workspace/cargo-home" RUSTUP_HOME="/workspace/rustup-home" "/workspace/cargo-home/bin/cargo" "+c60b92c03ca8a3b101eb9d57f51e2232690638c7" "metadata" "--manifest-path" "Cargo.toml" "--no-deps", kill_on_drop: false }`
[INFO] crate git repo https://github.com/wicked-code/covert-connect already has a lockfile, it will not be regenerated
[INFO] running `Command { std: CARGO_HOME="/workspace/cargo-home" RUSTUP_HOME="/workspace/rustup-home" "/workspace/cargo-home/bin/cargo" "+c60b92c03ca8a3b101eb9d57f51e2232690638c7" "fetch" "--manifest-path" "Cargo.toml", kill_on_drop: false }`
[INFO] [stderr] warning: unused workspace dependency `aead`
[INFO] [stderr]   --> Cargo.toml:12:1
[INFO] [stderr]    |
[INFO] [stderr] 12 | aead = "0.5.2"
[INFO] [stderr]    | ^^^^
[INFO] [stderr]    |
[INFO] [stderr]    = note: `cargo::unused_workspace_dependencies` is set to `warn` by default
[INFO] [stderr] help: consider removing the workspace dependency `aead`
[INFO] [stderr] warning: unused workspace dependency `http-body-util`
[INFO] [stderr]   --> Cargo.toml:28:1
[INFO] [stderr]    |
[INFO] [stderr] 28 | http-body-util = "0.1.1"
[INFO] [stderr]    | ^^^^^^^^^^^^^^
[INFO] [stderr]    |
[INFO] [stderr] help: consider removing the workspace dependency `http-body-util`
[INFO] [stderr] warning: unused field `documentation` in `workspace.package`
[INFO] [stderr]   --> Cargo.toml:92:1
[INFO] [stderr]    |
[INFO] [stderr] 92 | documentation = ""
[INFO] [stderr]    | ^^^^^^^^^^^^^
[INFO] [stderr]    |
[INFO] [stderr]    = note: `cargo::unused_workspace_package_fields` is set to `warn` by default
[INFO] [stderr] help: consider removing the field `workspace.package.documentation`
[INFO] [stderr] warning: workspace (manifest) generated 3 warnings
[INFO] [stderr]     Blocking waiting for file lock on package cache
[INFO] [stderr]     Blocking waiting for file lock on package cache
[INFO] [stderr]  Downloading crates ...
[INFO] [stderr]   Downloaded mirai-annotations v1.12.0
[INFO] [stderr]   Downloaded redox_syscall v0.5.2
[INFO] [stderr]   Downloaded oslog v0.2.0
[INFO] [stderr]   Downloaded build-target v0.4.0
[INFO] [stderr]   Downloaded delegate-attr v0.3.0
[INFO] [stderr]   Downloaded flutter_rust_bridge_macros v2.11.1
[INFO] [stderr]   Downloaded allo-isolate v0.1.27
[INFO] [stderr]   Downloaded chacha20 v0.9.1
[INFO] [stderr]   Downloaded poly1305 v0.8.0
[INFO] [stderr]   Downloaded serde_json v1.0.132
[INFO] [stderr]   Downloaded chacha20poly1305 v0.10.1
[INFO] [stderr]   Downloaded netlink-packet-utils v0.5.2
[INFO] [stderr]   Downloaded dart-sys v4.1.5
[INFO] [stderr]   Downloaded netstat2 v0.11.2
[INFO] [stderr]   Downloaded netlink-sys v0.8.8
[INFO] [stderr]   Downloaded netlink-packet-sock-diag v0.4.2
[INFO] [stderr]   Downloaded netlink-packet-core v0.7.0
[INFO] [stderr]   Downloaded flutter_rust_bridge v2.11.1
[INFO] [stderr]   Downloaded hyper-util v0.1.5
[INFO] [stderr]   Downloaded aws-lc-rs v1.7.3
[INFO] [stderr]   Downloaded objc2-service-management v0.3.2
[INFO] [stderr]   Downloaded webpki-roots v0.26.3
[INFO] [stderr]   Downloaded rustls-webpki v0.102.4
[INFO] [stderr]   Downloaded blake3 v1.5.1
[INFO] [stderr]   Downloaded smappservice-rs v0.1.3
[INFO] [stderr]   Downloaded hyper v1.3.1
[INFO] [stderr]   Downloaded auto-launch v0.6.0
[INFO] [stderr]   Downloaded os_info v3.14.0
[INFO] [stderr]   Downloaded rustls v0.23.10
[INFO] [stderr]   Downloaded idna v1.0.1
[INFO] [stderr]   Downloaded security-framework-sys v2.11.0
[INFO] [stderr]   Downloaded security-framework v2.11.0
[INFO] [stderr]   Downloaded openssl-sys v0.9.102
[INFO] [stderr]   Downloaded openssl v0.10.64
[INFO] [stderr]   Downloaded config v0.14.0
[INFO] [stderr]   Downloaded shellexpand v3.1.0
[INFO] [stderr]   Downloaded is-terminal v0.4.12
[INFO] [stderr]   Downloaded rust-ini v0.19.0
[INFO] [stderr]   Downloaded ordered-multimap v0.6.0
[INFO] [stderr]   Downloaded aws-lc-sys v0.18.0
[INFO] [stderr]   Downloaded pathdiff v0.2.1
[INFO] [stderr]   Downloaded pest_generator v2.7.10
[INFO] [stderr]   Downloaded pest_meta v2.7.10
[INFO] [stderr]   Downloaded pest v2.7.10
[INFO] [stderr]   Downloaded clap_derive v4.5.5
[INFO] [stderr]   Downloaded pest_derive v2.7.10
[INFO] [stderr]   Downloaded clap v4.5.7
[INFO] [stderr]   Downloaded clap_builder v4.5.7
[INFO] [stderr]   Downloaded clap_lex v0.7.1
[INFO] [stderr]   Downloaded anstyle v1.0.7
[INFO] [stderr]   Downloaded anstream v0.6.14
[INFO] [stderr]   Downloaded is_terminal_polyfill v1.70.0
[INFO] [stderr]   Downloaded colorchoice v1.0.1
[INFO] [stderr]   Downloaded anstyle-query v1.1.0
[INFO] [stderr]   Downloaded anstyle-parse v0.2.4
[INFO] [stderr]   Downloaded anstyle-wincon v3.0.3
[INFO] running `Command { std: "docker" "create" "-v" "/var/lib/crater-agent-workspace/builds/worker-3-tc2/source:/opt/rustwide/workdir:ro,Z" "-v" "/var/lib/crater-agent-workspace/builds/worker-3-tc2/target:/opt/rustwide/target:rw,Z" "-v" "/var/lib/crater-agent-workspace/cargo-home:/opt/rustwide/cargo-home:ro,Z" "-v" "/var/lib/crater-agent-workspace/rustup-home:/opt/rustwide/rustup-home:ro,Z" "-m" "1610612736" "--network" "none" "ghcr.io/rust-lang/crates-build-env/linux@sha256:77db811e55d90add9212f6832c23229e3de5f1c1f9905e8cb07319ea15df73ac" "sleep" "infinity", kill_on_drop: false }`
[INFO] [stdout] ee78bcbe0484dd16475073a396c42aa8f57541220b3a9a3245329b2d476d8b6b
[INFO] running `Command { std: "docker" "start" "ee78bcbe0484dd16475073a396c42aa8f57541220b3a9a3245329b2d476d8b6b", kill_on_drop: false }`
[INFO] running `Command { std: "docker" "inspect" "ee78bcbe0484dd16475073a396c42aa8f57541220b3a9a3245329b2d476d8b6b", kill_on_drop: false }`
[INFO] running `Command { std: "docker" "exec" "-e" "SOURCE_DIR=/opt/rustwide/workdir" "-e" "CARGO_HOME=/opt/rustwide/cargo-home" "-e" "RUSTUP_HOME=/opt/rustwide/rustup-home" "-e" "CARGO_TARGET_DIR=/opt/rustwide/target" "-w" "/opt/rustwide/workdir" "--user" "0:0" "ee78bcbe0484dd16475073a396c42aa8f57541220b3a9a3245329b2d476d8b6b" "/opt/rustwide/cargo-home/bin/cargo" "+c60b92c03ca8a3b101eb9d57f51e2232690638c7" "metadata" "--no-deps" "--format-version=1", kill_on_drop: false }`
[INFO] running `Command { std: "docker" "inspect" "ee78bcbe0484dd16475073a396c42aa8f57541220b3a9a3245329b2d476d8b6b", kill_on_drop: false }`
[INFO] running `Command { std: "docker" "exec" "-e" "SOURCE_DIR=/opt/rustwide/workdir" "-e" "CARGO_HOME=/opt/rustwide/cargo-home" "-e" "RUSTUP_HOME=/opt/rustwide/rustup-home" "-e" "CARGO_TARGET_DIR=/opt/rustwide/target" "-e" "CARGO_INCREMENTAL=0" "-e" "RUST_BACKTRACE=full" "-e" "RUSTFLAGS=--cap-lints=forbid" "-e" "RUSTDOCFLAGS=--cap-lints=forbid" "-w" "/opt/rustwide/workdir" "--user" "0:0" "ee78bcbe0484dd16475073a396c42aa8f57541220b3a9a3245329b2d476d8b6b" "/opt/rustwide/cargo-home/bin/cargo" "+c60b92c03ca8a3b101eb9d57f51e2232690638c7" "check" "--frozen" "--all" "--all-targets" "--message-format=json", kill_on_drop: false }`
[INFO] [stderr] warning: unused workspace dependency `aead`
[INFO] [stderr]   --> Cargo.toml:12:1
[INFO] [stderr]    |
[INFO] [stderr] 12 | aead = "0.5.2"
[INFO] [stderr]    | ^^^^
[INFO] [stderr]    |
[INFO] [stderr]    = note: `cargo::unused_workspace_dependencies` is set to `warn` by default
[INFO] [stderr] help: consider removing the workspace dependency `aead`
[INFO] [stderr] warning: unused workspace dependency `http-body-util`
[INFO] [stderr]   --> Cargo.toml:28:1
[INFO] [stderr]    |
[INFO] [stderr] 28 | http-body-util = "0.1.1"
[INFO] [stderr]    | ^^^^^^^^^^^^^^
[INFO] [stderr]    |
[INFO] [stderr] help: consider removing the workspace dependency `http-body-util`
[INFO] [stderr] warning: unused field `documentation` in `workspace.package`
[INFO] [stderr]   --> Cargo.toml:92:1
[INFO] [stderr]    |
[INFO] [stderr] 92 | documentation = ""
[INFO] [stderr]    | ^^^^^^^^^^^^^
[INFO] [stderr]    |
[INFO] [stderr]    = note: `cargo::unused_workspace_package_fields` is set to `warn` by default
[INFO] [stderr] help: consider removing the field `workspace.package.documentation`
[INFO] [stderr] warning: workspace (manifest) generated 3 warnings
[INFO] [stderr]    Compiling proc-macro2 v1.0.92
[INFO] [stderr]    Compiling libc v0.2.180
[INFO] [stderr]    Compiling cc v1.0.99
[INFO] [stderr]    Compiling serde v1.0.203
[INFO] [stderr]    Compiling slab v0.4.9
[INFO] [stderr]     Checking futures-sink v0.3.30
[INFO] [stderr]     Checking tracing-core v0.1.36
[INFO] [stderr]    Compiling thiserror v1.0.61
[INFO] [stderr]    Compiling generic-array v0.14.7
[INFO] [stderr]     Checking futures-task v0.3.30
[INFO] [stderr]    Compiling anyhow v1.0.86
[INFO] [stderr]     Checking futures-io v0.3.30
[INFO] [stderr]     Checking indexmap v2.2.6
[INFO] [stderr]     Checking subtle v2.5.0
[INFO] [stderr]    Compiling hashbrown v0.14.5
[INFO] [stderr]    Compiling glob v0.3.1
[INFO] [stderr]    Compiling once_cell v1.19.0
[INFO] [stderr]    Compiling toml_datetime v0.6.3
[INFO] [stderr]     Checking futures-channel v0.3.30
[INFO] [stderr]     Checking http v1.1.0
[INFO] [stderr]    Compiling prettyplease v0.2.20
[INFO] [stderr]    Compiling serde_json v1.0.132
[INFO] [stderr]    Compiling regex-syntax v0.8.4
[INFO] [stderr]    Compiling clang-sys v1.8.1
[INFO] [stderr]     Checking base64ct v1.6.0
[INFO] [stderr]    Compiling nom v7.1.3
[INFO] [stderr]    Compiling libloading v0.8.3
[INFO] [stderr]    Compiling num-traits v0.2.19
[INFO] [stderr]     Checking constant_time_eq v0.3.0
[INFO] [stderr]    Compiling bindgen v0.72.1
[INFO] [stderr]     Checking arrayvec v0.7.4
[INFO] [stderr]     Checking cpufeatures v0.2.12
[INFO] [stderr]    Compiling either v1.12.0
[INFO] [stderr]    Compiling rustc-hash v2.1.1
[INFO] [stderr]     Checking rustls-pki-types v1.7.0
[INFO] [stderr]    Compiling log v0.4.21
[INFO] [stderr]     Checking hex-literal v0.4.1
[INFO] [stderr]    Compiling bitflags v2.5.0
[INFO] [stderr]    Compiling itertools v0.12.1
[INFO] [stderr]     Checking iana-time-zone v0.1.60
[INFO] [stderr]     Checking block-buffer v0.10.4
[INFO] [stderr]     Checking crypto-common v0.1.6
[INFO] [stderr]     Checking anstyle-parse v0.2.4
[INFO] [stderr]     Checking sharded-slab v0.1.7
[INFO] [stderr]     Checking digest v0.10.7
[INFO] [stderr]     Checking http-body v1.0.0
[INFO] [stderr]     Checking tracing-log v0.2.0
[INFO] [stderr]     Checking thread_local v1.1.8
[INFO] [stderr]     Checking colorchoice v1.0.1
[INFO] [stderr]    Compiling quote v1.0.36
[INFO] [stderr]    Compiling rustls v0.23.10
[INFO] [stderr]     Checking hashbrown v0.13.2
[INFO] [stderr]     Checking is_terminal_polyfill v1.70.0
[INFO] [stderr]     Checking blake2 v0.10.6
[INFO] [stderr]     Checking anstyle v1.0.7
[INFO] [stderr]    Compiling toml_edit v0.20.2
[INFO] [stderr]     Checking winnow v0.5.40
[INFO] [stderr]     Checking anstyle-query v1.1.0
[INFO] [stderr]     Checking litemap v0.7.3
[INFO] [stderr]    Compiling syn v2.0.90
[INFO] [stderr]     Checking anstream v0.6.14
[INFO] [stderr]    Compiling unicode-xid v0.2.4
[INFO] [stderr]     Checking chrono v0.4.38
[INFO] [stderr]     Checking clap_lex v0.7.1
[INFO] [stderr]     Checking unicode-segmentation v1.11.0
[INFO] [stderr]     Checking yaml-rust v0.4.5
[INFO] [stderr]     Checking clap_builder v4.5.7
[INFO] [stderr]    Compiling const_format_proc_macros v0.2.32
[INFO] [stderr]    Compiling ring v0.17.8
[INFO] [stderr]    Compiling blake3 v1.5.1
[INFO] [stderr]    Compiling openssl-sys v0.9.102
[INFO] [stderr]     Checking pathdiff v0.2.1
[INFO] [stderr]    Compiling getrandom v0.2.15
[INFO] [stderr]     Checking num_cpus v1.16.0
[INFO] [stderr]     Checking parking_lot_core v0.9.10
[INFO] [stderr]     Checking socket2 v0.5.7
[INFO] [stderr]     Checking mio v0.8.11
[INFO] [stderr]     Checking signal-hook-registry v1.4.2
[INFO] [stderr]     Checking parking_lot v0.12.3
[INFO] [stderr]    Compiling regex-automata v0.4.7
[INFO] [stderr]     Checking rand_core v0.6.4
[INFO] [stderr]     Checking rand_chacha v0.3.1
[INFO] [stderr]     Checking password-hash v0.5.0
[INFO] [stderr]    Compiling cexpr v0.6.0
[INFO] [stderr]    Compiling const-random-macro v0.1.16
[INFO] [stderr]     Checking netlink-sys v0.8.8
[INFO] [stderr]     Checking argon2 v0.5.3
[INFO] [stderr]     Checking dirs-sys v0.4.1
[INFO] [stderr]     Checking rand v0.8.5
[INFO] [stderr]     Checking convert_case v0.6.0
[INFO] [stderr]     Checking dirs v5.0.1
[INFO] [stderr]     Checking const-random v0.1.18
[INFO] [stderr]     Checking shellexpand v3.1.0
[INFO] [stderr]     Checking const_format v0.2.32
[INFO] [stderr]     Checking dlv-list v0.5.2
[INFO] [stderr]     Checking is-terminal v0.4.12
[INFO] [stderr]     Checking webpki-roots v0.26.3
[INFO] [stderr]    Compiling openssl v0.10.64
[INFO] [stderr]    Compiling native-tls v0.2.12
[INFO] [stderr]     Checking ordered-multimap v0.6.0
[INFO] [stderr]     Checking colored v2.1.0
[INFO] [stderr]     Checking openssl-probe v0.1.5
[INFO] [stderr]    Compiling nix v0.30.1
[INFO] [stderr]    Compiling backtrace v0.3.73
[INFO] [stderr]     Checking adler v1.0.2
[INFO] [stderr]     Checking gimli v0.29.0
[INFO] [stderr]     Checking miniz_oxide v0.7.4
[INFO] [stderr]    Compiling dart-sys v4.1.5
[INFO] [stderr]     Checking object v0.36.0
[INFO] [stderr]     Checking rust-ini v0.19.0
[INFO] [stderr]    Compiling portable-atomic v1.11.1
[INFO] [stderr]     Checking rustc-demangle v0.1.24
[INFO] [stderr]    Compiling build-target v0.4.0
[INFO] [stderr]     Checking dirs-sys v0.5.0
[INFO] [stderr]     Checking rustls-pemfile v2.1.2
[INFO] [stderr]    Compiling flutter_rust_bridge v2.11.1
[INFO] [stderr]    Compiling md-5 v0.10.6
[INFO] [stderr]     Checking encoding_rs v0.8.34
[INFO] [stderr]     Checking ipnet v2.9.0
[INFO] [stderr]     Checking atomic v0.5.3
[INFO] [stderr]    Compiling proc-macro-crate v2.0.2
[INFO] [stderr]     Checking dirs v6.0.0
[INFO] [stderr]     Checking threadpool v1.8.1
[INFO] [stderr]    Compiling regex v1.10.5
[INFO] [stderr]     Checking matchers v0.2.0
[INFO] [stderr]    Compiling synstructure v0.13.1
[INFO] [stderr]     Checking addr2line v0.22.0
[INFO] [stderr]    Compiling serde_derive v1.0.203
[INFO] [stderr]    Compiling thiserror-impl v1.0.61
[INFO] [stderr]    Compiling tokio-macros v2.3.0
[INFO] [stderr]    Compiling tracing-attributes v0.1.31
[INFO] [stderr]    Compiling futures-macro v0.3.30
[INFO] [stderr]    Compiling zerofrom-derive v0.1.4
[INFO] [stderr]    Compiling num_enum_derive v0.7.2
[INFO] [stderr]    Compiling async-trait v0.1.80
[INFO] [stderr]    Compiling pin-project-internal v1.1.5
[INFO] [stderr]    Compiling yoke-derive v0.7.4
[INFO] [stderr]    Compiling thiserror-impl v2.0.18
[INFO] [stderr]    Compiling zerovec-derive v0.10.2
[INFO] [stderr]     Checking tokio v1.38.0
[INFO] [stderr]     Checking futures-util v0.3.30
[INFO] [stderr]    Compiling displaydoc v0.2.4
[INFO] [stderr]     Checking rustls-webpki v0.102.4
[INFO] [stderr]    Compiling icu_provider_macros v1.5.0
[INFO] [stderr]    Compiling clap_derive v4.5.5
[INFO] [stderr]     Checking num_enum v0.7.2
[INFO] [stderr]     Checking pin-project v1.1.5
[INFO] [stderr]    Compiling openssl-macros v0.1.1
[INFO] [stderr]    Compiling delegate-attr v0.3.0
[INFO] [stderr]    Compiling pest v2.7.10
[INFO] [stderr]     Checking netlink-packet-utils v0.5.2
[INFO] [stderr]     Checking thiserror v2.0.18
[INFO] [stderr]    Compiling flutter_rust_bridge_macros v2.11.1
[INFO] [stderr]     Checking netlink-packet-core v0.7.0
[INFO] [stderr]     Checking tracing v0.1.44
[INFO] [stderr]     Checking zerofrom v0.1.4
[INFO] [stderr]     Checking netlink-packet-sock-diag v0.4.2
[INFO] [stderr]     Checking yoke v0.7.4
[INFO] [stderr]     Checking sys-proxy v0.1.0 (/opt/rustwide/workdir/crates/sys-proxy)
[INFO] [stderr]     Checking zerovec v0.10.2
[INFO] [stderr]     Checking allo-isolate v0.1.27
[INFO] [stderr]     Checking tinystr v0.7.6
[INFO] [stderr]     Checking icu_collections v1.5.0
[INFO] [stderr]     Checking clap v4.5.7
[INFO] [stderr]    Compiling pest_meta v2.7.10
[INFO] [stderr]     Checking icu_locid v1.5.0
[INFO] [stderr]     Checking icu_provider v1.5.0
[INFO] [stderr]    Compiling pest_generator v2.7.10
[INFO] [stderr]     Checking icu_locid_transform v1.5.0
[INFO] [stderr]     Checking icu_properties v1.5.0
[INFO] [stderr]    Compiling pest_derive v2.7.10
[INFO] [stderr]    Compiling netstat2 v0.11.2
[INFO] [stderr]     Checking tracing-serde v0.2.0
[INFO] [stderr]     Checking serde_spanned v0.6.6
[INFO] [stderr]     Checking serde_urlencoded v0.7.1
[INFO] [stderr]     Checking json5 v0.4.1
[INFO] [stderr]     Checking serde_path_to_error v0.1.16
[INFO] [stderr]     Checking ron v0.8.1
[INFO] [stderr]     Checking futures-executor v0.3.30
[INFO] [stderr]     Checking http-body-util v0.1.2
[INFO] [stderr]     Checking futures v0.3.30
[INFO] [stderr]     Checking os_info v3.14.0
[INFO] [stderr]     Checking axum-core v0.4.3
[INFO] [stderr]     Checking sys-connections v0.1.0 (/opt/rustwide/workdir/crates/sys-connections)
[INFO] [stderr]     Checking icu_normalizer v1.5.0
[INFO] [stderr]     Checking auto-launch v0.6.0
[INFO] [stderr]     Checking idna v1.0.1
[INFO] [stderr]     Checking tracing-subscriber v0.3.22
[INFO] [stderr]     Checking url v2.5.1
[INFO] [stderr]     Checking toml v0.8.2
[INFO] [stderr]     Checking config v0.14.0
[INFO] [stderr]     Checking tokio-util v0.7.11
[INFO] [stderr]     Checking tower v0.4.13
[INFO] [stderr]     Checking crypto v0.1.0 (/opt/rustwide/workdir/crates/crypto)
[INFO] [stderr]     Checking tokio-rustls v0.26.0
[INFO] [stderr]     Checking tokio-native-tls v0.3.1
[INFO] [stdout] error: useless conversion to the same type: `CipherBase<Aes256Algorithm>` crypto
[INFO] [stdout]   --> crates/crypto/src/cipher.rs:28:56
[INFO] [stdout]    |
[INFO] [stdout] 28 |             CipherType::Aes256Gcm => Cipher::Aes256Gcm(CipherBase::new(key, rng).into()),
[INFO] [stdout]    |                                                        ^^^^^^^^^^^^^^^^^^^^^^^^^^^^^^^^
[INFO] [stdout]    |
[INFO] [stdout]    = note: this method call relies on the `impl<T> Into<T> for T` blanket implementation and type inference, which is a semver hazard as a new `impl Into<_>` that affects your type might be added in the future causing type inference errors
[INFO] [stdout]    = note: `#[deny(self_type_conversion)]` on by default
[INFO] [stdout] help: consider removing the conversion call
[INFO] [stdout]    |
[INFO] [stdout] 28 -             CipherType::Aes256Gcm => Cipher::Aes256Gcm(CipherBase::new(key, rng).into()),
[INFO] [stdout] 28 +             CipherType::Aes256Gcm => Cipher::Aes256Gcm(CipherBase::new(key, rng)),
[INFO] [stdout]    |
[INFO] [stdout] help: you can use the fully-qualified path to avoid triggering this lint
[INFO] [stdout]    |
[INFO] [stdout] 28 -             CipherType::Aes256Gcm => Cipher::Aes256Gcm(CipherBase::new(key, rng).into()),
[INFO] [stdout] 28 +             CipherType::Aes256Gcm => Cipher::Aes256Gcm(<CipherBase<Aes256Algorithm> as Into<_>>::into(CipherBase::new(key, rng))),
[INFO] [stdout]    |
[INFO] [stdout] 
[INFO] [stdout] 
[INFO] [stdout] error: useless conversion to the same type: `CipherBase<ChaCha20Poly1305Algorithm>` crypto
[INFO] [stdout]   --> crates/crypto/src/cipher.rs:29:70
[INFO] [stdout]    |
[INFO] [stdout] 29 |             CipherType::ChaCha20Poly1305 => Cipher::ChaCha20Poly1305(CipherBase::new(key, rng).into()),
[INFO] [stdout]    |                                                                      ^^^^^^^^^^^^^^^^^^^^^^^^^^^^^^^^
[INFO] [stdout]    |
[INFO] [stdout]    = note: this method call relies on the `impl<T> Into<T> for T` blanket implementation and type inference, which is a semver hazard as a new `impl Into<_>` that affects your type might be added in the future causing type inference errors
[INFO] [stdout] help: consider removing the conversion call
[INFO] [stdout]    |
[INFO] [stdout] 29 -             CipherType::ChaCha20Poly1305 => Cipher::ChaCha20Poly1305(CipherBase::new(key, rng).into()),
[INFO] [stdout] 29 +             CipherType::ChaCha20Poly1305 => Cipher::ChaCha20Poly1305(CipherBase::new(key, rng)),
[INFO] [stdout]    |
[INFO] [stdout] help: you can use the fully-qualified path to avoid triggering this lint
[INFO] [stdout]    |
[INFO] [stdout] 29 -             CipherType::ChaCha20Poly1305 => Cipher::ChaCha20Poly1305(CipherBase::new(key, rng).into()),
[INFO] [stdout] 29 +             CipherType::ChaCha20Poly1305 => Cipher::ChaCha20Poly1305(<CipherBase<ChaCha20Poly1305Algorithm> as Into<_>>::into(CipherBase::new(key, rng))),
[INFO] [stdout]    |
[INFO] [stdout] 
[INFO] [stdout] 
[INFO] [stdout] error: useless conversion to the same type: `CipherBase<Aes256Algorithm>` crypto
[INFO] [stdout]   --> crates/crypto/src/cipher.rs:36:56
[INFO] [stdout]    |
[INFO] [stdout] 36 |             CipherType::Aes256Gcm => Cipher::Aes256Gcm(CipherBase::new_with_nonce(key, nonce).into()),
[INFO] [stdout]    |                                                        ^^^^^^^^^^^^^^^^^^^^^^^^^^^^^^^^^^^^^^^^^^^^^
[INFO] [stdout]    |
[INFO] [stdout]    = note: this method call relies on the `impl<T> Into<T> for T` blanket implementation and type inference, which is a semver hazard as a new `impl Into<_>` that affects your type might be added in the future causing type inference errors
[INFO] [stdout] help: consider removing the conversion call
[INFO] [stdout]    |
[INFO] [stdout] 36 -             CipherType::Aes256Gcm => Cipher::Aes256Gcm(CipherBase::new_with_nonce(key, nonce).into()),
[INFO] [stdout] 36 +             CipherType::Aes256Gcm => Cipher::Aes256Gcm(CipherBase::new_with_nonce(key, nonce)),
[INFO] [stdout]    |
[INFO] [stdout] help: you can use the fully-qualified path to avoid triggering this lint
[INFO] [stdout]    |
[INFO] [stdout] 36 -             CipherType::Aes256Gcm => Cipher::Aes256Gcm(CipherBase::new_with_nonce(key, nonce).into()),
[INFO] [stdout] 36 +             CipherType::Aes256Gcm => Cipher::Aes256Gcm(<CipherBase<Aes256Algorithm> as Into<_>>::into(CipherBase::new_with_nonce(key, nonce))),
[INFO] [stdout]    |
[INFO] [stdout] 
[INFO] [stdout] 
[INFO] [stdout] error: useless conversion to the same type: `CipherBase<ChaCha20Poly1305Algorithm>` crypto
[INFO] [stdout]   --> crates/crypto/src/cipher.rs:37:70
[INFO] [stdout]    |
[INFO] [stdout] 37 |             CipherType::ChaCha20Poly1305 => Cipher::ChaCha20Poly1305(CipherBase::new_with_nonce(key, nonce).into()),
[INFO] [stdout]    |                                                                      ^^^^^^^^^^^^^^^^^^^^^^^^^^^^^^^^^^^^^^^^^^^^^
[INFO] [stdout]    |
[INFO] [stdout]    = note: this method call relies on the `impl<T> Into<T> for T` blanket implementation and type inference, which is a semver hazard as a new `impl Into<_>` that affects your type might be added in the future causing type inference errors
[INFO] [stdout] help: consider removing the conversion call
[INFO] [stdout]    |
[INFO] [stdout] 37 -             CipherType::ChaCha20Poly1305 => Cipher::ChaCha20Poly1305(CipherBase::new_with_nonce(key, nonce).into()),
[INFO] [stdout] 37 +             CipherType::ChaCha20Poly1305 => Cipher::ChaCha20Poly1305(CipherBase::new_with_nonce(key, nonce)),
[INFO] [stdout]    |
[INFO] [stdout] help: you can use the fully-qualified path to avoid triggering this lint
[INFO] [stdout]    |
[INFO] [stdout] 37 -             CipherType::ChaCha20Poly1305 => Cipher::ChaCha20Poly1305(CipherBase::new_with_nonce(key, nonce).into()),
[INFO] [stdout] 37 +             CipherType::ChaCha20Poly1305 => Cipher::ChaCha20Poly1305(<CipherBase<ChaCha20Poly1305Algorithm> as Into<_>>::into(CipherBase::new_with_nonce(key, nonce))),
[INFO] [stdout]    |
[INFO] [stdout] 
[INFO] [stdout] 
[INFO] [stderr] error: could not compile `crypto` (lib) due to 4 previous errors
[INFO] [stderr] warning: build failed, waiting for other jobs to finish...
[INFO] [stdout] error: useless conversion to the same type: `CipherBase<Aes256Algorithm>` crypto
[INFO] [stdout]   --> crates/crypto/src/cipher.rs:28:56
[INFO] [stdout]    |
[INFO] [stdout] 28 |             CipherType::Aes256Gcm => Cipher::Aes256Gcm(CipherBase::new(key, rng).into()),
[INFO] [stdout]    |                                                        ^^^^^^^^^^^^^^^^^^^^^^^^^^^^^^^^
[INFO] [stdout]    |
[INFO] [stdout]    = note: this method call relies on the `impl<T> Into<T> for T` blanket implementation and type inference, which is a semver hazard as a new `impl Into<_>` that affects your type might be added in the future causing type inference errors
[INFO] [stdout]    = note: `#[deny(self_type_conversion)]` on by default
[INFO] [stdout] help: consider removing the conversion call
[INFO] [stdout]    |
[INFO] [stdout] 28 -             CipherType::Aes256Gcm => Cipher::Aes256Gcm(CipherBase::new(key, rng).into()),
[INFO] [stdout] 28 +             CipherType::Aes256Gcm => Cipher::Aes256Gcm(CipherBase::new(key, rng)),
[INFO] [stdout]    |
[INFO] [stdout] help: you can use the fully-qualified path to avoid triggering this lint
[INFO] [stdout]    |
[INFO] [stdout] 28 -             CipherType::Aes256Gcm => Cipher::Aes256Gcm(CipherBase::new(key, rng).into()),
[INFO] [stdout] 28 +             CipherType::Aes256Gcm => Cipher::Aes256Gcm(<CipherBase<Aes256Algorithm> as Into<_>>::into(CipherBase::new(key, rng))),
[INFO] [stdout]    |
[INFO] [stdout] 
[INFO] [stdout] 
[INFO] [stdout] error: useless conversion to the same type: `CipherBase<ChaCha20Poly1305Algorithm>` crypto
[INFO] [stdout]   --> crates/crypto/src/cipher.rs:29:70
[INFO] [stdout]    |
[INFO] [stdout] 29 |             CipherType::ChaCha20Poly1305 => Cipher::ChaCha20Poly1305(CipherBase::new(key, rng).into()),
[INFO] [stdout]    |                                                                      ^^^^^^^^^^^^^^^^^^^^^^^^^^^^^^^^
[INFO] [stdout]    |
[INFO] [stdout]    = note: this method call relies on the `impl<T> Into<T> for T` blanket implementation and type inference, which is a semver hazard as a new `impl Into<_>` that affects your type might be added in the future causing type inference errors
[INFO] [stdout] help: consider removing the conversion call
[INFO] [stdout]    |
[INFO] [stdout] 29 -             CipherType::ChaCha20Poly1305 => Cipher::ChaCha20Poly1305(CipherBase::new(key, rng).into()),
[INFO] [stdout] 29 +             CipherType::ChaCha20Poly1305 => Cipher::ChaCha20Poly1305(CipherBase::new(key, rng)),
[INFO] [stdout]    |
[INFO] [stdout] help: you can use the fully-qualified path to avoid triggering this lint
[INFO] [stdout]    |
[INFO] [stdout] 29 -             CipherType::ChaCha20Poly1305 => Cipher::ChaCha20Poly1305(CipherBase::new(key, rng).into()),
[INFO] [stdout] 29 +             CipherType::ChaCha20Poly1305 => Cipher::ChaCha20Poly1305(<CipherBase<ChaCha20Poly1305Algorithm> as Into<_>>::into(CipherBase::new(key, rng))),
[INFO] [stdout]    |
[INFO] [stdout] 
[INFO] [stdout] 
[INFO] [stdout] error: useless conversion to the same type: `CipherBase<Aes256Algorithm>` crypto
[INFO] [stdout]   --> crates/crypto/src/cipher.rs:36:56
[INFO] [stdout]    |
[INFO] [stdout] 36 |             CipherType::Aes256Gcm => Cipher::Aes256Gcm(CipherBase::new_with_nonce(key, nonce).into()),
[INFO] [stdout]    |                                                        ^^^^^^^^^^^^^^^^^^^^^^^^^^^^^^^^^^^^^^^^^^^^^
[INFO] [stdout]    |
[INFO] [stdout]    = note: this method call relies on the `impl<T> Into<T> for T` blanket implementation and type inference, which is a semver hazard as a new `impl Into<_>` that affects your type might be added in the future causing type inference errors
[INFO] [stdout] help: consider removing the conversion call
[INFO] [stdout]    |
[INFO] [stdout] 36 -             CipherType::Aes256Gcm => Cipher::Aes256Gcm(CipherBase::new_with_nonce(key, nonce).into()),
[INFO] [stdout] 36 +             CipherType::Aes256Gcm => Cipher::Aes256Gcm(CipherBase::new_with_nonce(key, nonce)),
[INFO] [stdout]    |
[INFO] [stdout] help: you can use the fully-qualified path to avoid triggering this lint
[INFO] [stdout]    |
[INFO] [stdout] 36 -             CipherType::Aes256Gcm => Cipher::Aes256Gcm(CipherBase::new_with_nonce(key, nonce).into()),
[INFO] [stdout] 36 +             CipherType::Aes256Gcm => Cipher::Aes256Gcm(<CipherBase<Aes256Algorithm> as Into<_>>::into(CipherBase::new_with_nonce(key, nonce))),
[INFO] [stdout]    |
[INFO] [stdout] 
[INFO] [stdout] 
[INFO] [stdout] error: useless conversion to the same type: `CipherBase<ChaCha20Poly1305Algorithm>` crypto
[INFO] [stdout]   --> crates/crypto/src/cipher.rs:37:70
[INFO] [stdout]    |
[INFO] [stdout] 37 |             CipherType::ChaCha20Poly1305 => Cipher::ChaCha20Poly1305(CipherBase::new_with_nonce(key, nonce).into()),
[INFO] [stdout]    |                                                                      ^^^^^^^^^^^^^^^^^^^^^^^^^^^^^^^^^^^^^^^^^^^^^
[INFO] [stdout]    |
[INFO] [stdout]    = note: this method call relies on the `impl<T> Into<T> for T` blanket implementation and type inference, which is a semver hazard as a new `impl Into<_>` that affects your type might be added in the future causing type inference errors
[INFO] [stdout] help: consider removing the conversion call
[INFO] [stdout]    |
[INFO] [stdout] 37 -             CipherType::ChaCha20Poly1305 => Cipher::ChaCha20Poly1305(CipherBase::new_with_nonce(key, nonce).into()),
[INFO] [stdout] 37 +             CipherType::ChaCha20Poly1305 => Cipher::ChaCha20Poly1305(CipherBase::new_with_nonce(key, nonce)),
[INFO] [stdout]    |
[INFO] [stdout] help: you can use the fully-qualified path to avoid triggering this lint
[INFO] [stdout]    |
[INFO] [stdout] 37 -             CipherType::ChaCha20Poly1305 => Cipher::ChaCha20Poly1305(CipherBase::new_with_nonce(key, nonce).into()),
[INFO] [stdout] 37 +             CipherType::ChaCha20Poly1305 => Cipher::ChaCha20Poly1305(<CipherBase<ChaCha20Poly1305Algorithm> as Into<_>>::into(CipherBase::new_with_nonce(key, nonce))),
[INFO] [stdout]    |
[INFO] [stdout] 
[INFO] [stdout] 
[INFO] [stderr] error: could not compile `crypto` (lib test) due to 4 previous errors
[INFO] [stderr] warning: unused dependency `tracing`
[INFO] [stderr]   --> crates/sys-proxy/Cargo.toml:11:1
[INFO] [stderr]    |
[INFO] [stderr] 11 | tracing.workspace = true
[INFO] [stderr]    | ^^^^^^^
[INFO] [stderr]    |
[INFO] [stderr]    = note: `cargo::unused_dependencies` is set to `warn` by default
[INFO] [stderr] help: consider removing the dependency on `tracing`
[INFO] [stderr] warning: `sys-proxy` (manifest) generated 1 warning
[INFO] running `Command { std: "docker" "inspect" "ee78bcbe0484dd16475073a396c42aa8f57541220b3a9a3245329b2d476d8b6b", kill_on_drop: false }`
[INFO] running `Command { std: "docker" "rm" "-f" "ee78bcbe0484dd16475073a396c42aa8f57541220b3a9a3245329b2d476d8b6b", kill_on_drop: false }`
[INFO] [stdout] ee78bcbe0484dd16475073a396c42aa8f57541220b3a9a3245329b2d476d8b6b
