[INFO] cloning repository https://github.com/view321/LocalCode
[INFO] running `Command { std: "git" "-c" "credential.helper=" "-c" "credential.helper=/workspace/cargo-home/bin/git-credential-null" "clone" "--bare" "https://github.com/view321/LocalCode" "/workspace/cache/git-repos/https%3A%2F%2Fgithub.com%2Fview321%2FLocalCode", kill_on_drop: false }`
[INFO] [stderr] Cloning into bare repository '/workspace/cache/git-repos/https%3A%2F%2Fgithub.com%2Fview321%2FLocalCode'...
[INFO] running `Command { std: "git" "rev-parse" "HEAD", kill_on_drop: false }`
[INFO] [stdout] a329967f58c11cb650f27b389672f238499c072f
[INFO] checking view321/LocalCode against c60b92c03ca8a3b101eb9d57f51e2232690638c7 for pr-164148-crater-rollup
[INFO] running `Command { std: "git" "clone" "/workspace/cache/git-repos/https%3A%2F%2Fgithub.com%2Fview321%2FLocalCode" "/workspace/builds/worker-6-tc2/source", kill_on_drop: false }`
[INFO] [stderr] Cloning into '/workspace/builds/worker-6-tc2/source'...
[INFO] [stderr] done.
[INFO] started tweaking git repo https://github.com/view321/LocalCode
[INFO] finished tweaking git repo https://github.com/view321/LocalCode
[INFO] tweaked toml for git repo https://github.com/view321/LocalCode written to /workspace/builds/worker-6-tc2/source/Cargo.toml
[INFO] validating manifest of git repo https://github.com/view321/LocalCode on toolchain c60b92c03ca8a3b101eb9d57f51e2232690638c7
[INFO] running `Command { std: CARGO_HOME="/workspace/cargo-home" RUSTUP_HOME="/workspace/rustup-home" "/workspace/cargo-home/bin/cargo" "+c60b92c03ca8a3b101eb9d57f51e2232690638c7" "metadata" "--manifest-path" "Cargo.toml" "--no-deps", kill_on_drop: false }`
[INFO] crate git repo https://github.com/view321/LocalCode already has a lockfile, it will not be regenerated
[INFO] running `Command { std: CARGO_HOME="/workspace/cargo-home" RUSTUP_HOME="/workspace/rustup-home" "/workspace/cargo-home/bin/cargo" "+c60b92c03ca8a3b101eb9d57f51e2232690638c7" "fetch" "--manifest-path" "Cargo.toml", kill_on_drop: false }`
[INFO] [stderr] warning: unused workspace dependency `anyhow`
[INFO] [stderr]  --> Cargo.toml:7:1
[INFO] [stderr]   |
[INFO] [stderr] 7 | anyhow = "1"
[INFO] [stderr]   | ^^^^^^
[INFO] [stderr]   |
[INFO] [stderr]   = note: `cargo::unused_workspace_dependencies` is set to `warn` by default
[INFO] [stderr] help: consider removing the workspace dependency `anyhow`
[INFO] [stderr] warning: unused workspace dependency `bytes`
[INFO] [stderr]   --> Cargo.toml:10:1
[INFO] [stderr]    |
[INFO] [stderr] 10 | bytes = "1"
[INFO] [stderr]    | ^^^^^
[INFO] [stderr]    |
[INFO] [stderr] help: consider removing the workspace dependency `bytes`
[INFO] [stderr] warning: unused workspace dependency `httpmock`
[INFO] [stderr]   --> Cargo.toml:15:1
[INFO] [stderr]    |
[INFO] [stderr] 15 | httpmock = "0.7"
[INFO] [stderr]    | ^^^^^^^^
[INFO] [stderr]    |
[INFO] [stderr] help: consider removing the workspace dependency `httpmock`
[INFO] [stderr] warning: unused workspace dependency `indexmap`
[INFO] [stderr]   --> Cargo.toml:54:25
[INFO] [stderr]    |
[INFO] [stderr] 54 | [workspace.dependencies.indexmap]
[INFO] [stderr]    |                         ^^^^^^^^
[INFO] [stderr]    |
[INFO] [stderr] help: consider removing the workspace dependency `indexmap`
[INFO] [stderr] warning: unused workspace dependency `jsonwebtoken`
[INFO] [stderr]   --> Cargo.toml:16:1
[INFO] [stderr]    |
[INFO] [stderr] 16 | jsonwebtoken = "9"
[INFO] [stderr]    | ^^^^^^^^^^^^
[INFO] [stderr]    |
[INFO] [stderr] help: consider removing the workspace dependency `jsonwebtoken`
[INFO] [stderr] warning: unused workspace dependency `once_cell`
[INFO] [stderr]   --> Cargo.toml:17:1
[INFO] [stderr]    |
[INFO] [stderr] 17 | once_cell = "1"
[INFO] [stderr]    | ^^^^^^^^^
[INFO] [stderr]    |
[INFO] [stderr] help: consider removing the workspace dependency `once_cell`
[INFO] [stderr] warning: unused workspace dependency `sqlx`
[INFO] [stderr]    --> Cargo.toml:109:25
[INFO] [stderr]     |
[INFO] [stderr] 109 | [workspace.dependencies.sqlx]
[INFO] [stderr]     |                         ^^^^
[INFO] [stderr]     |
[INFO] [stderr] help: consider removing the workspace dependency `sqlx`
[INFO] [stderr] warning: unused workspace dependency `tokio-stream`
[INFO] [stderr]   --> Cargo.toml:28:1
[INFO] [stderr]    |
[INFO] [stderr] 28 | tokio-stream = "0.1"
[INFO] [stderr]    | ^^^^^^^^^^^^
[INFO] [stderr]    |
[INFO] [stderr] help: consider removing the workspace dependency `tokio-stream`
[INFO] [stderr] warning: workspace (manifest) generated 8 warnings
[INFO] [stderr]     Blocking waiting for file lock on package cache
[INFO] running `Command { std: "docker" "create" "-v" "/var/lib/crater-agent-workspace/builds/worker-6-tc2/source:/opt/rustwide/workdir:ro,Z" "-v" "/var/lib/crater-agent-workspace/builds/worker-6-tc2/target:/opt/rustwide/target:rw,Z" "-v" "/var/lib/crater-agent-workspace/cargo-home:/opt/rustwide/cargo-home:ro,Z" "-v" "/var/lib/crater-agent-workspace/rustup-home:/opt/rustwide/rustup-home:ro,Z" "-m" "1610612736" "--network" "none" "ghcr.io/rust-lang/crates-build-env/linux@sha256:77db811e55d90add9212f6832c23229e3de5f1c1f9905e8cb07319ea15df73ac" "sleep" "infinity", kill_on_drop: false }`
[INFO] [stdout] a7d37f139b0095f2bfee7d838acec28bfdbbf57b7ad71048488fba677f32b3e6
[INFO] running `Command { std: "docker" "start" "a7d37f139b0095f2bfee7d838acec28bfdbbf57b7ad71048488fba677f32b3e6", kill_on_drop: false }`
[INFO] running `Command { std: "docker" "inspect" "a7d37f139b0095f2bfee7d838acec28bfdbbf57b7ad71048488fba677f32b3e6", kill_on_drop: false }`
[INFO] running `Command { std: "docker" "exec" "-e" "SOURCE_DIR=/opt/rustwide/workdir" "-e" "CARGO_HOME=/opt/rustwide/cargo-home" "-e" "RUSTUP_HOME=/opt/rustwide/rustup-home" "-e" "CARGO_TARGET_DIR=/opt/rustwide/target" "-w" "/opt/rustwide/workdir" "--user" "0:0" "a7d37f139b0095f2bfee7d838acec28bfdbbf57b7ad71048488fba677f32b3e6" "/opt/rustwide/cargo-home/bin/cargo" "+c60b92c03ca8a3b101eb9d57f51e2232690638c7" "metadata" "--no-deps" "--format-version=1", kill_on_drop: false }`
[INFO] running `Command { std: "docker" "inspect" "a7d37f139b0095f2bfee7d838acec28bfdbbf57b7ad71048488fba677f32b3e6", kill_on_drop: false }`
[INFO] running `Command { std: "docker" "exec" "-e" "SOURCE_DIR=/opt/rustwide/workdir" "-e" "CARGO_HOME=/opt/rustwide/cargo-home" "-e" "RUSTUP_HOME=/opt/rustwide/rustup-home" "-e" "CARGO_TARGET_DIR=/opt/rustwide/target" "-e" "CARGO_INCREMENTAL=0" "-e" "RUST_BACKTRACE=full" "-e" "RUSTFLAGS=--cap-lints=forbid" "-e" "RUSTDOCFLAGS=--cap-lints=forbid" "-w" "/opt/rustwide/workdir" "--user" "0:0" "a7d37f139b0095f2bfee7d838acec28bfdbbf57b7ad71048488fba677f32b3e6" "/opt/rustwide/cargo-home/bin/cargo" "+c60b92c03ca8a3b101eb9d57f51e2232690638c7" "check" "--frozen" "--all" "--all-targets" "--message-format=json", kill_on_drop: false }`
[INFO] [stderr] warning: unused workspace dependency `anyhow`
[INFO] [stderr]  --> Cargo.toml:7:1
[INFO] [stderr]   |
[INFO] [stderr] 7 | anyhow = "1"
[INFO] [stderr]   | ^^^^^^
[INFO] [stderr]   |
[INFO] [stderr]   = note: `cargo::unused_workspace_dependencies` is set to `warn` by default
[INFO] [stderr] help: consider removing the workspace dependency `anyhow`
[INFO] [stderr] warning: unused workspace dependency `bytes`
[INFO] [stderr]   --> Cargo.toml:10:1
[INFO] [stderr]    |
[INFO] [stderr] 10 | bytes = "1"
[INFO] [stderr]    | ^^^^^
[INFO] [stderr]    |
[INFO] [stderr] help: consider removing the workspace dependency `bytes`
[INFO] [stderr] warning: unused workspace dependency `httpmock`
[INFO] [stderr]   --> Cargo.toml:15:1
[INFO] [stderr]    |
[INFO] [stderr] 15 | httpmock = "0.7"
[INFO] [stderr]    | ^^^^^^^^
[INFO] [stderr]    |
[INFO] [stderr] help: consider removing the workspace dependency `httpmock`
[INFO] [stderr] warning: unused workspace dependency `indexmap`
[INFO] [stderr]   --> Cargo.toml:54:25
[INFO] [stderr]    |
[INFO] [stderr] 54 | [workspace.dependencies.indexmap]
[INFO] [stderr]    |                         ^^^^^^^^
[INFO] [stderr]    |
[INFO] [stderr] help: consider removing the workspace dependency `indexmap`
[INFO] [stderr] warning: unused workspace dependency `jsonwebtoken`
[INFO] [stderr]   --> Cargo.toml:16:1
[INFO] [stderr]    |
[INFO] [stderr] 16 | jsonwebtoken = "9"
[INFO] [stderr]    | ^^^^^^^^^^^^
[INFO] [stderr]    |
[INFO] [stderr] help: consider removing the workspace dependency `jsonwebtoken`
[INFO] [stderr] warning: unused workspace dependency `once_cell`
[INFO] [stderr]   --> Cargo.toml:17:1
[INFO] [stderr]    |
[INFO] [stderr] 17 | once_cell = "1"
[INFO] [stderr]    | ^^^^^^^^^
[INFO] [stderr]    |
[INFO] [stderr] help: consider removing the workspace dependency `once_cell`
[INFO] [stderr] warning: unused workspace dependency `sqlx`
[INFO] [stderr]    --> Cargo.toml:109:25
[INFO] [stderr]     |
[INFO] [stderr] 109 | [workspace.dependencies.sqlx]
[INFO] [stderr]     |                         ^^^^
[INFO] [stderr]     |
[INFO] [stderr] help: consider removing the workspace dependency `sqlx`
[INFO] [stderr] warning: unused workspace dependency `tokio-stream`
[INFO] [stderr]   --> Cargo.toml:28:1
[INFO] [stderr]    |
[INFO] [stderr] 28 | tokio-stream = "0.1"
[INFO] [stderr]    | ^^^^^^^^^^^^
[INFO] [stderr]    |
[INFO] [stderr] help: consider removing the workspace dependency `tokio-stream`
[INFO] [stderr] warning: workspace (manifest) generated 8 warnings
[INFO] [stderr]    Compiling quote v1.0.46
[INFO] [stderr]     Checking zeroize v1.9.0
[INFO] [stderr]     Checking subtle v2.6.1
[INFO] [stderr]    Compiling getrandom v0.4.3
[INFO] [stderr]    Compiling serde_core v1.0.228
[INFO] [stderr]    Compiling num-traits v0.2.19
[INFO] [stderr]     Checking mio v1.2.2
[INFO] [stderr]     Checking parking_lot_core v0.9.12
[INFO] [stderr]     Checking socket2 v0.6.4
[INFO] [stderr]    Compiling serde_json v1.0.150
[INFO] [stderr]     Checking http v1.4.2
[INFO] [stderr]     Checking simd-adler32 v0.3.9
[INFO] [stderr]    Compiling cc v1.2.67
[INFO] [stderr]     Checking dirs-sys v0.4.1
[INFO] [stderr]    Compiling rustls v0.23.42
[INFO] [stderr]     Checking base64ct v1.8.3
[INFO] [stderr]     Checking rustls-pki-types v1.15.0
[INFO] [stderr]     Checking directories v5.0.1
[INFO] [stderr]     Checking aho-corasick v1.1.4
[INFO] [stderr]     Checking miniz_oxide v0.8.9
[INFO] [stderr]     Checking ctutils v0.4.2
[INFO] [stderr]     Checking parking_lot v0.12.5
[INFO] [stderr]     Checking either v1.16.0
[INFO] [stderr]     Checking ff v0.14.0
[INFO] [stderr]     Checking env_home v0.1.0
[INFO] [stderr]     Checking base16ct v1.0.0
[INFO] [stderr]    Compiling syn v2.0.118
[INFO] [stderr]     Checking group v0.14.0
[INFO] [stderr]     Checking hybrid-array v0.4.13
[INFO] [stderr]     Checking generic-array v0.14.7
[INFO] [stderr]     Checking webpki-roots v1.0.8
[INFO] [stderr]    Compiling curve25519-dalek v5.0.0-rc.1
[INFO] [stderr]     Checking pem-rfc7468 v1.0.0
[INFO] [stderr]     Checking which v7.0.3
[INFO] [stderr]     Checking xattr v1.6.1
[INFO] [stderr]     Checking filetime v0.2.29
[INFO] [stderr]    Compiling nix v0.31.3
[INFO] [stderr]    Compiling zip v2.4.2
[INFO] [stderr]     Checking tar v0.4.46
[INFO] [stderr]     Checking der v0.8.1
[INFO] [stderr]     Checking bumpalo v3.20.3
[INFO] [stderr]    Compiling crossbeam-utils v0.8.22
[INFO] [stderr]     Checking tempfile v3.27.0
[INFO] [stderr]     Checking deranged v0.5.8
[INFO] [stderr]     Checking flate2 v1.1.9
[INFO] [stderr]     Checking http-body v1.1.0
[INFO] [stderr]     Checking zopfli v0.8.3
[INFO] [stderr]     Checking num-integer v0.1.46
[INFO] [stderr]     Checking http-body-util v0.1.4
[INFO] [stderr]     Checking time-core v0.1.9
[INFO] [stderr]     Checking signal-hook v0.3.18
[INFO] [stderr]     Checking num-bigint v0.4.8
[INFO] [stderr]     Checking hex-literal v1.1.0
[INFO] [stderr]     Checking generic-array v1.4.4
[INFO] [stderr]     Checking symlink v0.1.0
[INFO] [stderr]     Checking compression-codecs v0.4.38
[INFO] [stderr]    Compiling zerocopy v0.8.54
[INFO] [stderr]     Checking rustix v0.38.44
[INFO] [stderr]     Checking signal-hook-mio v0.2.5
[INFO] [stderr]     Checking itertools v0.13.0
[INFO] [stderr]     Checking yansi v1.0.1
[INFO] [stderr]     Checking diff v0.1.13
[INFO] [stderr]    Compiling pulldown-cmark v0.12.2
[INFO] [stderr]     Checking getopts v0.2.24
[INFO] [stderr]     Checking regex-automata v0.4.15
[INFO] [stderr]     Checking crossbeam-channel v0.5.16
[INFO] [stderr]     Checking pulldown-cmark-escape v0.11.0
[INFO] [stderr]     Checking crypto-common v0.1.7
[INFO] [stderr]     Checking block-buffer v0.10.4
[INFO] [stderr]     Checking pretty_assertions v1.4.1
[INFO] [stderr]     Checking digest v0.10.7
[INFO] [stdout] error[E0493]: destructor of `ArrayBuilder<T, N>` cannot be evaluated at compile-time
[INFO] [stdout]    --> /opt/rustwide/cargo-home/registry/src/index.crates.io-1949cf8c6b5b557f/generic-array-1.4.4/src/internal.rs:103:31
[INFO] [stdout]     |
[INFO] [stdout] 103 |     pub unsafe fn assume_init(self) -> GenericArray<T, N> {
[INFO] [stdout]     |                               ^^^^ the destructor for this type cannot be evaluated in constant functions
[INFO] [stdout] ...
[INFO] [stdout] 109 |     }
[INFO] [stdout]     |     - value is dropped here
[INFO] [stdout] 
[INFO] [stdout] 
[INFO] [stdout] error[E0493]: destructor of `GenericArray<core::mem::MaybeUninit<*const T>, N>` cannot be evaluated at compile-time
[INFO] [stdout]    --> /opt/rustwide/cargo-home/registry/src/index.crates.io-1949cf8c6b5b557f/generic-array-1.4.4/src/lib.rs:981:13
[INFO] [stdout]     |
[INFO] [stdout] 981 |         let mut out: GenericArray<MaybeUninit<*const T>, N> = GenericArray::uninit();
[INFO] [stdout]     |             ^^^^^^^ the destructor for this type cannot be evaluated in constant functions
[INFO] [stdout] ...
[INFO] [stdout] 996 |     }
[INFO] [stdout]     |     - value is dropped here
[INFO] [stdout] 
[INFO] [stdout] 
[INFO] [stdout] error[E0493]: destructor of `GenericArray<core::mem::MaybeUninit<*mut T>, N>` cannot be evaluated at compile-time
[INFO] [stdout]     --> /opt/rustwide/cargo-home/registry/src/index.crates.io-1949cf8c6b5b557f/generic-array-1.4.4/src/lib.rs:1016:13
[INFO] [stdout]      |
[INFO] [stdout] 1016 |         let mut out: GenericArray<MaybeUninit<*mut T>, N> = GenericArray::uninit();
[INFO] [stdout]      |             ^^^^^^^ the destructor for this type cannot be evaluated in constant functions
[INFO] [stdout] ...
[INFO] [stdout] 1031 |     }
[INFO] [stdout]      |     - value is dropped here
[INFO] [stdout] 
[INFO] [stdout] 
[INFO] [stdout] For more information about this error, try `rustc --explain E0493`.
[INFO] [stdout] 
[INFO] [stderr] error: could not compile `generic-array` (lib) due to 3 previous errors
[INFO] [stderr] warning: build failed, waiting for other jobs to finish...
[INFO] running `Command { std: "docker" "inspect" "a7d37f139b0095f2bfee7d838acec28bfdbbf57b7ad71048488fba677f32b3e6", kill_on_drop: false }`
[INFO] running `Command { std: "docker" "rm" "-f" "a7d37f139b0095f2bfee7d838acec28bfdbbf57b7ad71048488fba677f32b3e6", kill_on_drop: false }`
[INFO] [stdout] a7d37f139b0095f2bfee7d838acec28bfdbbf57b7ad71048488fba677f32b3e6
