[INFO] cloning repository https://github.com/utrawal9185-cmd/sh4d0wup
[INFO] running `Command { std: "git" "-c" "credential.helper=" "-c" "credential.helper=/workspace/cargo-home/bin/git-credential-null" "clone" "--bare" "https://github.com/utrawal9185-cmd/sh4d0wup" "/workspace/cache/git-repos/https%3A%2F%2Fgithub.com%2Futrawal9185-cmd%2Fsh4d0wup", kill_on_drop: false }`
[INFO] [stderr] Cloning into bare repository '/workspace/cache/git-repos/https%3A%2F%2Fgithub.com%2Futrawal9185-cmd%2Fsh4d0wup'...
[INFO] running `Command { std: "git" "rev-parse" "HEAD", kill_on_drop: false }`
[INFO] [stdout] 5821e4b05efb80c7f675eca5a2b131f263962089
[INFO] checking utrawal9185-cmd/sh4d0wup against c60b92c03ca8a3b101eb9d57f51e2232690638c7 for pr-164148-crater-rollup
[INFO] running `Command { std: "git" "clone" "/workspace/cache/git-repos/https%3A%2F%2Fgithub.com%2Futrawal9185-cmd%2Fsh4d0wup" "/workspace/builds/worker-4-tc2/source", kill_on_drop: false }`
[INFO] [stderr] Cloning into '/workspace/builds/worker-4-tc2/source'...
[INFO] [stderr] done.
[INFO] started tweaking git repo https://github.com/utrawal9185-cmd/sh4d0wup
[INFO] finished tweaking git repo https://github.com/utrawal9185-cmd/sh4d0wup
[INFO] tweaked toml for git repo https://github.com/utrawal9185-cmd/sh4d0wup written to /workspace/builds/worker-4-tc2/source/Cargo.toml
[INFO] validating manifest of git repo https://github.com/utrawal9185-cmd/sh4d0wup on toolchain c60b92c03ca8a3b101eb9d57f51e2232690638c7
[INFO] running `Command { std: CARGO_HOME="/workspace/cargo-home" RUSTUP_HOME="/workspace/rustup-home" "/workspace/cargo-home/bin/cargo" "+c60b92c03ca8a3b101eb9d57f51e2232690638c7" "metadata" "--manifest-path" "Cargo.toml" "--no-deps", kill_on_drop: false }`
[INFO] crate git repo https://github.com/utrawal9185-cmd/sh4d0wup already has a lockfile, it will not be regenerated
[INFO] running `Command { std: CARGO_HOME="/workspace/cargo-home" RUSTUP_HOME="/workspace/rustup-home" "/workspace/cargo-home/bin/cargo" "+c60b92c03ca8a3b101eb9d57f51e2232690638c7" "fetch" "--manifest-path" "Cargo.toml", kill_on_drop: false }`
[INFO] running `Command { std: "docker" "create" "-v" "/var/lib/crater-agent-workspace/builds/worker-4-tc2/source:/opt/rustwide/workdir:ro,Z" "-v" "/var/lib/crater-agent-workspace/builds/worker-4-tc2/target:/opt/rustwide/target:rw,Z" "-v" "/var/lib/crater-agent-workspace/cargo-home:/opt/rustwide/cargo-home:ro,Z" "-v" "/var/lib/crater-agent-workspace/rustup-home:/opt/rustwide/rustup-home:ro,Z" "-m" "1610612736" "--network" "none" "ghcr.io/rust-lang/crates-build-env/linux@sha256:77db811e55d90add9212f6832c23229e3de5f1c1f9905e8cb07319ea15df73ac" "sleep" "infinity", kill_on_drop: false }`
[INFO] [stdout] f4e25d7f7907da4b21c7766f3d42aa6c20c5f9a561c9d080a352adfb7be0e193
[INFO] running `Command { std: "docker" "start" "f4e25d7f7907da4b21c7766f3d42aa6c20c5f9a561c9d080a352adfb7be0e193", kill_on_drop: false }`
[INFO] running `Command { std: "docker" "inspect" "f4e25d7f7907da4b21c7766f3d42aa6c20c5f9a561c9d080a352adfb7be0e193", kill_on_drop: false }`
[INFO] running `Command { std: "docker" "exec" "-e" "SOURCE_DIR=/opt/rustwide/workdir" "-e" "CARGO_HOME=/opt/rustwide/cargo-home" "-e" "RUSTUP_HOME=/opt/rustwide/rustup-home" "-e" "CARGO_TARGET_DIR=/opt/rustwide/target" "-w" "/opt/rustwide/workdir" "--user" "0:0" "f4e25d7f7907da4b21c7766f3d42aa6c20c5f9a561c9d080a352adfb7be0e193" "/opt/rustwide/cargo-home/bin/cargo" "+c60b92c03ca8a3b101eb9d57f51e2232690638c7" "metadata" "--no-deps" "--format-version=1", kill_on_drop: false }`
[INFO] running `Command { std: "docker" "inspect" "f4e25d7f7907da4b21c7766f3d42aa6c20c5f9a561c9d080a352adfb7be0e193", kill_on_drop: false }`
[INFO] running `Command { std: "docker" "exec" "-e" "SOURCE_DIR=/opt/rustwide/workdir" "-e" "CARGO_HOME=/opt/rustwide/cargo-home" "-e" "RUSTUP_HOME=/opt/rustwide/rustup-home" "-e" "CARGO_TARGET_DIR=/opt/rustwide/target" "-e" "CARGO_INCREMENTAL=0" "-e" "RUST_BACKTRACE=full" "-e" "RUSTFLAGS=--cap-lints=forbid" "-e" "RUSTDOCFLAGS=--cap-lints=forbid" "-w" "/opt/rustwide/workdir" "--user" "0:0" "f4e25d7f7907da4b21c7766f3d42aa6c20c5f9a561c9d080a352adfb7be0e193" "/opt/rustwide/cargo-home/bin/cargo" "+c60b92c03ca8a3b101eb9d57f51e2232690638c7" "check" "--frozen" "--all" "--all-targets" "--message-format=json", kill_on_drop: false }`
[INFO] [stderr]    Compiling libc v0.2.189
[INFO] [stderr]     Checking memchr v2.8.3
[INFO] [stderr]    Compiling serde_core v1.0.229
[INFO] [stderr]     Checking log v0.4.33
[INFO] [stderr]    Compiling syn v2.0.119
[INFO] [stderr]     Checking zeroize v1.9.0
[INFO] [stderr]     Checking digest v0.10.7
[INFO] [stderr]     Checking smallvec v1.15.2
[INFO] [stderr]    Compiling serde v1.0.229
[INFO] [stderr]    Compiling serde_derive v1.0.229
[INFO] [stderr]    Compiling displaydoc v0.2.7
[INFO] [stderr]     Checking getrandom v0.2.17
[INFO] [stderr]     Checking bitflags v2.13.1
[INFO] [stderr]     Checking futures-core v0.3.33
[INFO] [stderr]     Checking futures-sink v0.3.33
[INFO] [stderr]     Checking regex-syntax v0.8.11
[INFO] [stderr]     Checking futures-channel v0.3.33
[INFO] [stderr]     Checking errno v0.3.14
[INFO] [stderr]     Checking aho-corasick v1.1.5
[INFO] [stderr]     Checking futures-task v0.3.33
[INFO] [stderr]     Checking futures-io v0.3.33
[INFO] [stderr]     Checking signal-hook-registry v1.4.8
[INFO] [stderr]    Compiling tokio-macros v2.7.2
[INFO] [stderr]     Checking socket2 v0.6.5
[INFO] [stderr]     Checking mio v1.2.2
[INFO] [stderr]     Checking http v0.2.12
[INFO] [stderr]     Checking tokio v1.53.1
[INFO] [stderr]    Compiling jobserver v0.1.35
[INFO] [stderr]    Compiling zerocopy v0.8.55
[INFO] [stderr]    Compiling cc v1.4.0
[INFO] [stderr]     Checking sha1 v0.10.7
[INFO] [stderr]     Checking regex-automata v0.4.16
[INFO] [stderr]     Checking block-padding v0.3.3
[INFO] [stderr]    Compiling zmij v1.0.23
[INFO] [stderr]    Compiling openssl v0.10.81
[INFO] [stderr]     Checking inout v0.1.4
[INFO] [stderr]     Checking rand_core v0.6.4
[INFO] [stderr]     Checking simd-adler32 v0.3.10
[INFO] [stderr]    Compiling serde_json v1.0.151
[INFO] [stderr]     Checking cipher v0.4.4
[INFO] [stderr]    Compiling dirs-sys-next v0.1.2
[INFO] [stderr]     Checking indexmap v2.14.0
[INFO] [stderr]     Checking rustls-pki-types v1.15.1
[INFO] [stderr]    Compiling rustversion v1.0.23
[INFO] [stderr]     Checking miniz_oxide v0.8.9
[INFO] [stderr]    Compiling openssl-sys v0.9.117
[INFO] [stderr]    Compiling ring v0.17.14
[INFO] [stderr]    Compiling zstd-sys v2.0.16+zstd.1.5.7
[INFO] [stderr]    Compiling parking_lot_core v0.9.12
[INFO] [stderr]    Compiling synstructure v0.13.2
[INFO] [stderr]    Compiling darling_core v0.20.11
[INFO] [stderr]    Compiling cmake v0.1.58
[INFO] [stderr]    Compiling dirs-next v2.0.0
[INFO] [stderr]     Checking tracing v0.1.44
[INFO] [stderr]    Compiling heapless v0.8.0
[INFO] [stderr]    Compiling siphasher v1.0.3
[INFO] [stderr]    Compiling tiny-keccak v2.0.2
[INFO] [stderr]    Compiling getrandom v0.4.3
[INFO] [stderr]    Compiling phf_shared v0.11.3
[INFO] [stderr]    Compiling aws-lc-sys v0.43.0
[INFO] [stderr]    Compiling native-tls v0.2.18
[INFO] [stderr]     Checking parking_lot v0.12.5
[INFO] [stderr]    Compiling term v0.7.0
[INFO] [stderr]    Compiling zerofrom-derive v0.1.7
[INFO] [stderr]    Compiling yoke-derive v0.8.2
[INFO] [stderr]    Compiling zerovec-derive v0.11.3
[INFO] [stderr]    Compiling futures-macro v0.3.33
[INFO] [stderr]     Checking zerofrom v0.1.8
[INFO] [stderr]     Checking yoke v0.8.3
[INFO] [stderr]     Checking zerotrie v0.2.4
[INFO] [stderr]    Compiling openssl-macros v0.1.1
[INFO] [stderr]    Compiling thiserror-impl v1.0.69
[INFO] [stderr]     Checking zerovec v0.11.6
[INFO] [stderr]     Checking ppv-lite86 v0.2.21
[INFO] [stderr]     Checking futures-util v0.3.33
[INFO] [stderr]    Compiling darling_macro v0.20.11
[INFO] [stderr]    Compiling darling v0.20.11
[INFO] [stderr]     Checking rand_chacha v0.3.1
[INFO] [stderr]     Checking tinystr v0.8.3
[INFO] [stderr]     Checking potential_utf v0.1.5
[INFO] [stderr]     Checking thiserror v1.0.69
[INFO] [stderr]     Checking icu_collections v2.2.0
[INFO] [stderr]     Checking rand v0.8.7
[INFO] [stderr]     Checking icu_locale_core v2.2.0
[INFO] [stderr]     Checking bstr v1.13.0
[INFO] [stderr]     Checking regex v1.13.1
[INFO] [stderr]    Compiling bzip2-sys v0.1.13+1.0.8
[INFO] [stderr]     Checking http-body v0.4.6
[INFO] [stderr]     Checking hash32 v0.3.1
[INFO] [stderr]     Checking icu_provider v2.2.0
[INFO] [stderr]     Checking socket2 v0.5.10
[INFO] [stderr]     Checking data-encoding v2.11.1
[INFO] [stderr]     Checking icu_normalizer v2.2.0
[INFO] [stderr]     Checking icu_properties v2.2.0
[INFO] [stderr]     Checking gix-trace v0.1.21
[INFO] [stderr]    Compiling bit-vec v0.6.3
[INFO] [stderr]     Checking tokio-util v0.7.19
[INFO] [stderr]    Compiling either v1.17.0
[INFO] [stderr]     Checking jiff-core v0.1.0
[INFO] [stderr]    Compiling precomputed-hash v0.1.1
[INFO] [stderr]    Compiling new_debug_unreachable v1.0.6
[INFO] [stderr]    Compiling fixedbitset v0.4.2
[INFO] [stderr]    Compiling same-file v1.0.6
[INFO] [stderr]    Compiling rustls v0.22.4
[INFO] [stderr]    Compiling walkdir v2.5.0
[INFO] [stderr]    Compiling petgraph v0.6.5
[INFO] [stderr]    Compiling pest v2.8.8
[INFO] [stderr]     Checking jiff v0.2.35
[INFO] [stderr]    Compiling itertools v0.11.0
[INFO] [stderr]     Checking idna_adapter v1.2.2
[INFO] [stderr]     Checking idna v1.1.0
[INFO] [stderr]     Checking url v2.5.8
[INFO] [stderr]    Compiling string_cache v0.8.9
[INFO] [stderr]    Compiling bit-set v0.5.3
[INFO] [stderr]    Compiling ena v0.14.4
[INFO] [stderr]     Checking tinyvec v1.12.0
[INFO] [stderr]     Checking rustls-webpki v0.102.8
[INFO] [stderr]    Compiling derive_builder_core v0.20.2
[INFO] [stderr]    Compiling ascii-canvas v3.0.0
[INFO] [stderr]    Compiling curve25519-dalek v4.1.3
[INFO] [stderr]     Checking prodash v29.0.2
[INFO] [stderr]     Checking http v1.5.0
[INFO] [stderr]     Checking h2 v0.3.27
[INFO] [stderr]    Compiling pcsc-sys v1.3.0
[INFO] [stderr]    Compiling multer v2.1.0
[INFO] [stderr]    Compiling winapi v0.3.9
[INFO] [stderr]     Checking fastrand v2.5.0
[INFO] [stderr]    Compiling object v0.37.3
[INFO] [stderr]    Compiling lalrpop-util v0.20.2
[INFO] [stderr]    Compiling zstd-safe v7.2.4
[INFO] [stderr]     Checking zlib-rs v0.6.7
[INFO] [stderr]     Checking utf-8 v0.7.6
[INFO] [stderr]    Compiling lalrpop v0.20.2
[INFO] [stderr]    Compiling derive_builder_macro v0.20.2
[INFO] [stderr]     Checking rustix v1.1.4
[INFO] [stderr]     Checking tungstenite v0.21.0
[INFO] [stderr]     Checking gix-features v0.42.1
[INFO] [stderr]     Checking faster-hex v0.10.0
[INFO] [stderr]     Checking unicode-normalization v0.1.25
[INFO] [stderr]    Compiling pest_meta v2.8.8
[INFO] [stderr]     Checking flate2 v1.1.9
[INFO] [stderr]     Checking tokio-native-tls v0.3.1
[INFO] [stderr]    Compiling num-traits v0.2.19
[INFO] [stderr]     Checking serde_urlencoded v0.7.1
[INFO] [stderr]    Compiling curve25519-dalek-derive v0.1.1
[INFO] [stderr]    Compiling pin-project-internal v1.1.13
[INFO] [stderr]    Compiling lzma-sys v0.1.20
[INFO] [stderr]     Checking sha1-checked v0.10.0
[INFO] [stderr]     Checking headers-core v0.2.0
[INFO] [stderr]     Checking sha2 v0.10.9
[INFO] [stderr]     Checking konst_macro_rules v0.2.19
[INFO] [stderr]     Checking gimli v0.32.3
[INFO] [stderr]     Checking signature v2.2.0
[INFO] [stderr]     Checking spin v0.9.9
[INFO] [stderr]     Checking libbz2-rs-sys v0.2.5
[INFO] [stderr]     Checking time-core v0.1.9
[INFO] [stderr]    Compiling sha1collisiondetection v0.3.4
[INFO] [stderr]     Checking deranged v0.5.8
[INFO] [stderr]    Compiling aws-lc-rs v1.17.3
[INFO] [stderr]     Checking libbz2-rs-sys v0.1.3
[INFO] [stderr]    Compiling anyhow v1.0.104
[INFO] [stderr]     Checking bzip2 v0.6.1
[INFO] [stderr]     Checking clap_builder v4.6.5
[INFO] [stderr]     Checking hashbrown v0.15.5
[INFO] [stderr]     Checking bzip2 v0.5.2
[INFO] [stderr]     Checking tokio-rustls v0.25.0
[INFO] [stderr]     Checking hyper v0.14.32
[INFO] [stderr]     Checking pin-project v1.1.13
[INFO] [stderr]     Checking ed25519 v2.2.3
[INFO] [stderr]     Checking konst v0.2.20
[INFO] [stderr]    Compiling nix v0.30.1
[INFO] [stderr]     Checking gix-hash v0.18.0
[INFO] [stderr]     Checking time v0.3.55
[INFO] [stderr]     Checking headers v0.3.9
[INFO] [stderr]    Compiling pest_generator v2.8.8
[INFO] [stderr]     Checking addr2line v0.25.1
[INFO] [stderr]     Checking gix-utils v0.3.5
[INFO] [stderr]     Checking gix-date v0.10.7
[INFO] [stderr]     Checking tokio-tungstenite v0.21.0
[INFO] [stderr]     Checking derive_builder v0.20.2
[INFO] [stderr]     Checking pem v3.0.6
[INFO] [stderr]     Checking generic-array v1.4.4
[INFO] [stderr]     Checking gix-validate v0.10.1
[INFO] [stderr]    Compiling const_format_proc_macros v0.2.34
[INFO] [stderr]     Checking rustls-pemfile v2.2.0
[INFO] [stderr]     Checking blowfish v0.9.1
[INFO] [stderr]     Checking winnow v0.7.15
[INFO] [stdout] error[E0493]: destructor of `ArrayBuilder<T, N>` cannot be evaluated at compile-time
[INFO] [stdout]    --> /opt/rustwide/cargo-home/registry/src/index.crates.io-1949cf8c6b5b557f/generic-array-1.4.4/src/internal.rs:103:31
[INFO] [stdout]     |
[INFO] [stdout] 103 |     pub unsafe fn assume_init(self) -> GenericArray<T, N> {
[INFO] [stdout]     |                               ^^^^ the destructor for this type cannot be evaluated in constant functions
[INFO] [stdout] ...
[INFO] [stdout] 109 |     }
[INFO] [stdout]     |     - value is dropped here
[INFO] [stdout] 
[INFO] [stdout] 
[INFO] [stdout] error[E0493]: destructor of `GenericArray<core::mem::MaybeUninit<*const T>, N>` cannot be evaluated at compile-time
[INFO] [stdout]    --> /opt/rustwide/cargo-home/registry/src/index.crates.io-1949cf8c6b5b557f/generic-array-1.4.4/src/lib.rs:981:13
[INFO] [stdout]     |
[INFO] [stdout] 981 |         let mut out: GenericArray<MaybeUninit<*const T>, N> = GenericArray::uninit();
[INFO] [stdout]     |             ^^^^^^^ the destructor for this type cannot be evaluated in constant functions
[INFO] [stdout] ...
[INFO] [stdout] 996 |     }
[INFO] [stdout]     |     - value is dropped here
[INFO] [stdout] 
[INFO] [stdout] 
[INFO] [stdout] error[E0493]: destructor of `GenericArray<core::mem::MaybeUninit<*mut T>, N>` cannot be evaluated at compile-time
[INFO] [stdout]     --> /opt/rustwide/cargo-home/registry/src/index.crates.io-1949cf8c6b5b557f/generic-array-1.4.4/src/lib.rs:1016:13
[INFO] [stdout]      |
[INFO] [stdout] 1016 |         let mut out: GenericArray<MaybeUninit<*mut T>, N> = GenericArray::uninit();
[INFO] [stdout]      |             ^^^^^^^ the destructor for this type cannot be evaluated in constant functions
[INFO] [stdout] ...
[INFO] [stdout] 1031 |     }
[INFO] [stdout]      |     - value is dropped here
[INFO] [stdout] 
[INFO] [stdout] 
[INFO] [stdout] For more information about this error, try `rustc --explain E0493`.
[INFO] [stdout] 
[INFO] [stderr] error: could not compile `generic-array` (lib) due to 3 previous errors
[INFO] [stderr] warning: build failed, waiting for other jobs to finish...
[INFO] running `Command { std: "docker" "inspect" "f4e25d7f7907da4b21c7766f3d42aa6c20c5f9a561c9d080a352adfb7be0e193", kill_on_drop: false }`
[INFO] running `Command { std: "docker" "rm" "-f" "f4e25d7f7907da4b21c7766f3d42aa6c20c5f9a561c9d080a352adfb7be0e193", kill_on_drop: false }`
[INFO] [stdout] f4e25d7f7907da4b21c7766f3d42aa6c20c5f9a561c9d080a352adfb7be0e193
