[INFO] cloning repository https://github.com/troublemaker-dev/pantalaimon-rs
[INFO] running `Command { std: "git" "-c" "credential.helper=" "-c" "credential.helper=/workspace/cargo-home/bin/git-credential-null" "clone" "--bare" "https://github.com/troublemaker-dev/pantalaimon-rs" "/workspace/cache/git-repos/https%3A%2F%2Fgithub.com%2Ftroublemaker-dev%2Fpantalaimon-rs", kill_on_drop: false }`
[INFO] [stderr] Cloning into bare repository '/workspace/cache/git-repos/https%3A%2F%2Fgithub.com%2Ftroublemaker-dev%2Fpantalaimon-rs'...
[INFO] running `Command { std: "git" "rev-parse" "HEAD", kill_on_drop: false }`
[INFO] [stdout] 38caa3d8e6b6d0aed9f76d189233baff45c29b72
[INFO] checking troublemaker-dev/pantalaimon-rs against c60b92c03ca8a3b101eb9d57f51e2232690638c7 for pr-164148-crater-rollup
[INFO] running `Command { std: "git" "clone" "/workspace/cache/git-repos/https%3A%2F%2Fgithub.com%2Ftroublemaker-dev%2Fpantalaimon-rs" "/workspace/builds/worker-1-tc2/source", kill_on_drop: false }`
[INFO] [stderr] Cloning into '/workspace/builds/worker-1-tc2/source'...
[INFO] [stderr] done.
[INFO] started tweaking git repo https://github.com/troublemaker-dev/pantalaimon-rs
[INFO] finished tweaking git repo https://github.com/troublemaker-dev/pantalaimon-rs
[INFO] tweaked toml for git repo https://github.com/troublemaker-dev/pantalaimon-rs written to /workspace/builds/worker-1-tc2/source/Cargo.toml
[INFO] validating manifest of git repo https://github.com/troublemaker-dev/pantalaimon-rs on toolchain c60b92c03ca8a3b101eb9d57f51e2232690638c7
[INFO] running `Command { std: CARGO_HOME="/workspace/cargo-home" RUSTUP_HOME="/workspace/rustup-home" "/workspace/cargo-home/bin/cargo" "+c60b92c03ca8a3b101eb9d57f51e2232690638c7" "metadata" "--manifest-path" "Cargo.toml" "--no-deps", kill_on_drop: false }`
[INFO] crate git repo https://github.com/troublemaker-dev/pantalaimon-rs already has a lockfile, it will not be regenerated
[INFO] running `Command { std: CARGO_HOME="/workspace/cargo-home" RUSTUP_HOME="/workspace/rustup-home" "/workspace/cargo-home/bin/cargo" "+c60b92c03ca8a3b101eb9d57f51e2232690638c7" "fetch" "--manifest-path" "Cargo.toml", kill_on_drop: false }`
[INFO] running `Command { std: "docker" "create" "-v" "/var/lib/crater-agent-workspace/builds/worker-1-tc2/source:/opt/rustwide/workdir:ro,Z" "-v" "/var/lib/crater-agent-workspace/builds/worker-1-tc2/target:/opt/rustwide/target:rw,Z" "-v" "/var/lib/crater-agent-workspace/cargo-home:/opt/rustwide/cargo-home:ro,Z" "-v" "/var/lib/crater-agent-workspace/rustup-home:/opt/rustwide/rustup-home:ro,Z" "-m" "1610612736" "--network" "none" "ghcr.io/rust-lang/crates-build-env/linux@sha256:77db811e55d90add9212f6832c23229e3de5f1c1f9905e8cb07319ea15df73ac" "sleep" "infinity", kill_on_drop: false }`
[INFO] [stdout] ac53893d2758efad0e8c85540396550f66c9cc19557597f684298dbe3f52b48f
[INFO] running `Command { std: "docker" "start" "ac53893d2758efad0e8c85540396550f66c9cc19557597f684298dbe3f52b48f", kill_on_drop: false }`
[INFO] running `Command { std: "docker" "inspect" "ac53893d2758efad0e8c85540396550f66c9cc19557597f684298dbe3f52b48f", kill_on_drop: false }`
[INFO] running `Command { std: "docker" "exec" "-e" "SOURCE_DIR=/opt/rustwide/workdir" "-e" "CARGO_HOME=/opt/rustwide/cargo-home" "-e" "RUSTUP_HOME=/opt/rustwide/rustup-home" "-e" "CARGO_TARGET_DIR=/opt/rustwide/target" "-w" "/opt/rustwide/workdir" "--user" "0:0" "ac53893d2758efad0e8c85540396550f66c9cc19557597f684298dbe3f52b48f" "/opt/rustwide/cargo-home/bin/cargo" "+c60b92c03ca8a3b101eb9d57f51e2232690638c7" "metadata" "--no-deps" "--format-version=1", kill_on_drop: false }`
[INFO] running `Command { std: "docker" "inspect" "ac53893d2758efad0e8c85540396550f66c9cc19557597f684298dbe3f52b48f", kill_on_drop: false }`
[INFO] running `Command { std: "docker" "exec" "-e" "SOURCE_DIR=/opt/rustwide/workdir" "-e" "CARGO_HOME=/opt/rustwide/cargo-home" "-e" "RUSTUP_HOME=/opt/rustwide/rustup-home" "-e" "CARGO_TARGET_DIR=/opt/rustwide/target" "-e" "CARGO_INCREMENTAL=0" "-e" "RUST_BACKTRACE=full" "-e" "RUSTFLAGS=--cap-lints=forbid" "-e" "RUSTDOCFLAGS=--cap-lints=forbid" "-w" "/opt/rustwide/workdir" "--user" "0:0" "ac53893d2758efad0e8c85540396550f66c9cc19557597f684298dbe3f52b48f" "/opt/rustwide/cargo-home/bin/cargo" "+c60b92c03ca8a3b101eb9d57f51e2232690638c7" "check" "--frozen" "--all" "--all-targets" "--message-format=json", kill_on_drop: false }`
[INFO] [stderr]    Compiling libc v0.2.189
[INFO] [stderr]    Compiling winnow v1.0.4
[INFO] [stderr]    Compiling hashbrown v0.17.1
[INFO] [stderr]     Checking subtle v2.6.1
[INFO] [stderr]     Checking futures-io v0.3.34
[INFO] [stderr]    Compiling syn v3.0.4
[INFO] [stderr]     Checking litemap v0.8.3
[INFO] [stderr]     Checking writeable v0.6.4
[INFO] [stderr]    Compiling zeroize_derive v1.5.0
[INFO] [stderr]    Compiling toml_datetime v1.1.1+spec-1.1.0
[INFO] [stderr]     Checking tracing v0.1.44
[INFO] [stderr]    Compiling icu_properties_data v2.3.0
[INFO] [stderr]    Compiling thiserror v2.0.20
[INFO] [stderr]    Compiling icu_normalizer_data v2.3.0
[INFO] [stderr]     Checking indexmap v2.14.0
[INFO] [stderr]     Checking bitflags v2.13.1
[INFO] [stderr]    Compiling zerocopy v0.8.56
[INFO] [stderr]     Checking aho-corasick v1.1.5
[INFO] [stderr]     Checking block-padding v0.3.3
[INFO] [stderr]     Checking cpufeatures v0.3.0
[INFO] [stderr]    Compiling utf8parse v0.2.2
[INFO] [stderr]     Checking inout v0.1.4
[INFO] [stderr]     Checking chacha20 v0.10.1
[INFO] [stderr]    Compiling serde v1.0.229
[INFO] [stderr]    Compiling serde_spanned v1.1.1
[INFO] [stderr]    Compiling anstyle v1.0.14
[INFO] [stderr]    Compiling js_int v0.2.2
[INFO] [stderr]    Compiling anstyle-parse v1.0.0
[INFO] [stderr]    Compiling colorchoice v1.0.5
[INFO] [stderr]    Compiling anstyle-query v1.1.5
[INFO] [stderr]     Checking typewit v1.15.2
[INFO] [stderr]    Compiling is_terminal_polyfill v1.70.2
[INFO] [stderr]    Compiling openssl-sys v0.9.117
[INFO] [stderr]     Checking deranged v0.5.8
[INFO] [stderr]    Compiling as_variant v1.3.0
[INFO] [stderr]    Compiling anstream v1.0.0
[INFO] [stderr]    Compiling ruma-common v0.19.0
[INFO] [stderr]    Compiling clap_lex v1.1.0
[INFO] [stderr]    Compiling either v1.18.0
[INFO] [stderr]     Checking date_header v1.0.5
[INFO] [stderr]    Compiling ruma-events v0.34.0
[INFO] [stderr]     Checking zeroize v1.9.0
[INFO] [stderr]     Checking web-time v1.1.0
[INFO] [stderr]     Checking wildmatch v2.6.1
[INFO] [stderr]    Compiling curve25519-dalek v4.1.3
[INFO] [stderr]     Checking js_option v0.2.0
[INFO] [stderr]     Checking bitmaps v3.2.1
[INFO] [stderr]    Compiling ruma-client-api v0.24.0
[INFO] [stderr]     Checking const_panic v0.2.17
[INFO] [stderr]     Checking opaque-debug v0.3.1
[INFO] [stderr]    Compiling roff v1.1.1
[INFO] [stderr]     Checking serde_html_form v0.4.1
[INFO] [stderr]    Compiling curve25519-dalek-derive v0.1.1
[INFO] [stderr]     Checking archery v1.2.3
[INFO] [stderr]    Compiling clap_builder v4.6.6
[INFO] [stderr]     Checking assign v1.1.1
[INFO] [stderr]     Checking maplit v1.0.2
[INFO] [stderr]    Compiling openssl v0.10.81
[INFO] [stderr]     Checking rmp v0.8.15
[INFO] [stderr]    Compiling itertools v0.14.0
[INFO] [stderr]     Checking http-body-util v0.1.5
[INFO] [stderr]    Compiling anyhow v1.0.104
[INFO] [stderr]     Checking regex-automata v0.4.18
[INFO] [stderr]    Compiling blake3 v1.8.7
[INFO] [stderr]     Checking serde_bytes v0.11.19
[INFO] [stderr]     Checking signature v2.2.0
[INFO] [stderr]    Compiling matrix-sdk-common v0.18.0
[INFO] [stderr]    Compiling native-tls v0.2.18
[INFO] [stderr]     Checking imbl-sized-chunks v0.1.3
[INFO] [stderr]    Compiling libsqlite3-sys v0.35.0
[INFO] [stderr]    Compiling proc-macro-error-attr2 v2.0.0
[INFO] [stderr]    Compiling include_dir_macros v0.7.4
[INFO] [stderr]     Checking readlock v0.1.11
[INFO] [stderr]     Checking konst v0.4.3
[INFO] [stderr]     Checking constant_time_eq v0.4.2
[INFO] [stderr]    Compiling decancer v3.3.3
[INFO] [stderr]     Checking tinyvec v1.12.0
[INFO] [stderr]    Compiling itertools v0.10.5
[INFO] [stderr]    Compiling proc-macro-error2 v2.0.1
[INFO] [stderr]     Checking xxhash-rust v0.8.18
[INFO] [stderr]    Compiling include_dir v0.7.4
[INFO] [stderr]     Checking base64ct v1.8.3
[INFO] [stderr]     Checking unicode-normalization v0.1.25
[INFO] [stderr]     Checking hashlink v0.10.0
[INFO] [stderr]     Checking time v0.3.55
[INFO] [stderr]     Checking serde_path_to_error v0.1.20
[INFO] [stderr]     Checking bs58 v0.5.1
[INFO] [stderr]    Compiling toml_parser v1.1.3+spec-1.1.0
[INFO] [stderr]     Checking byteorder v1.5.0
[INFO] [stderr]     Checking rustls-pki-types v1.15.1
[INFO] [stderr]    Compiling prost-derive v0.14.4
[INFO] [stderr]     Checking rusqlite v0.37.0
[INFO] [stderr]    Compiling zvariant_utils v2.1.0
[INFO] [stderr]     Checking tracing-log v0.2.0
[INFO] [stderr]    Compiling enumflags2_derive v0.7.12
[INFO] [stdout] error[E0493]: destructor of `ArrayBuilder<T, N, D>` cannot be evaluated at compile-time
[INFO] [stdout]    --> /opt/rustwide/cargo-home/registry/src/index.crates.io-1949cf8c6b5b557f/konst-0.4.3/src/array/array_builder.rs:421:24
[INFO] [stdout]     |
[INFO] [stdout] 421 |     pub const fn build(self) -> [T; N] {
[INFO] [stdout]     |                        ^^^^ the destructor for this type cannot be evaluated in constant functions
[INFO] [stdout] ...
[INFO] [stdout] 437 |     }
[INFO] [stdout]     |     - value is dropped here
[INFO] [stdout] 
[INFO] [stdout] 
[INFO] [stdout] error[E0493]: destructor of `array_into_iter::IntoIter<T, N, D>` cannot be evaluated at compile-time
[INFO] [stdout]    --> /opt/rustwide/cargo-home/registry/src/index.crates.io-1949cf8c6b5b557f/konst-0.4.3/src/array/array_into_iter.rs:324:34
[INFO] [stdout]     |
[INFO] [stdout] 324 |     pub const fn assert_is_empty(self) {
[INFO] [stdout]     |                                  ^^^^ the destructor for this type cannot be evaluated in constant functions
[INFO] [stdout] ...
[INFO] [stdout] 327 |     }
[INFO] [stdout]     |     - value is dropped here
[INFO] [stdout] 
[INFO] [stdout] 
[INFO] [stdout] error[E0493]: destructor of `Option<(T, U)>` cannot be evaluated at compile-time
[INFO] [stdout]    --> /opt/rustwide/cargo-home/registry/src/index.crates.io-1949cf8c6b5b557f/konst-0.4.3/src/macros/control_flow.rs:83:42
[INFO] [stdout]     |
[INFO] [stdout]  81 |   macro_rules! if_let_Some {
[INFO] [stdout]  82 |       ($some:pat = $e:expr => $then:block $(else $else:block)?) => {
[INFO] [stdout]  83 |           match $crate::option::__opt($e) {opt =>
[INFO] [stdout]     |                                            ^^^ the destructor for this type cannot be evaluated in constant functions
[INFO] [stdout] ...
[INFO] [stdout]  90 |               }
[INFO] [stdout]     |               - value is dropped here
[INFO] [stdout]     |
[INFO] [stdout]    ::: /opt/rustwide/cargo-home/registry/src/index.crates.io-1949cf8c6b5b557f/konst-0.4.3/src/option.rs:635:5
[INFO] [stdout]     |
[INFO] [stdout] 635 | /     crate::if_let_Some! {tuple = opt => {
[INFO] [stdout] 636 | |         crate::destructure!{(l, r) = tuple}
[INFO] [stdout] 637 | |
[INFO] [stdout] 638 | |         (Some(l), Some(r))
[INFO] [stdout] 639 | |     } else {
[INFO] [stdout] 640 | |         (None, None)
[INFO] [stdout] 641 | |     }}
[INFO] [stdout]     | |______- in this macro invocation
[INFO] [stdout] 
[INFO] [stdout] 
[INFO] [stderr]    Compiling pin-project-internal v1.1.13
[INFO] [stderr]     Checking keyring v3.6.3
[INFO] [stderr]     Checking deadpool-runtime v0.1.4
[INFO] [stderr]     Checking configparser v3.2.0
[INFO] [stderr]    Compiling cfg_aliases v0.2.2
[INFO] [stderr]    Compiling nix v0.29.0
[INFO] [stderr]    Compiling toml_edit v0.25.13+spec-1.1.0
[INFO] [stderr]    Compiling toml v1.1.4+spec-1.1.0
[INFO] [stdout] For more information about this error, try `rustc --explain E0493`.
[INFO] [stdout] 
[INFO] [stderr] error: could not compile `konst` (lib) due to 3 previous errors
[INFO] [stderr] warning: build failed, waiting for other jobs to finish...
[INFO] running `Command { std: "docker" "inspect" "ac53893d2758efad0e8c85540396550f66c9cc19557597f684298dbe3f52b48f", kill_on_drop: false }`
[INFO] running `Command { std: "docker" "rm" "-f" "ac53893d2758efad0e8c85540396550f66c9cc19557597f684298dbe3f52b48f", kill_on_drop: false }`
[INFO] [stdout] ac53893d2758efad0e8c85540396550f66c9cc19557597f684298dbe3f52b48f
