[INFO] cloning repository https://github.com/tpmullan/aptrs
[INFO] running `Command { std: "git" "-c" "credential.helper=" "-c" "credential.helper=/workspace/cargo-home/bin/git-credential-null" "clone" "--bare" "https://github.com/tpmullan/aptrs" "/workspace/cache/git-repos/https%3A%2F%2Fgithub.com%2Ftpmullan%2Faptrs", kill_on_drop: false }`
[INFO] [stderr] Cloning into bare repository '/workspace/cache/git-repos/https%3A%2F%2Fgithub.com%2Ftpmullan%2Faptrs'...
[INFO] running `Command { std: "git" "rev-parse" "HEAD", kill_on_drop: false }`
[INFO] [stdout] c1a3ac3cb17facb823ee1503c332e31ce501e7bc
[INFO] checking tpmullan/aptrs against c60b92c03ca8a3b101eb9d57f51e2232690638c7 for pr-164148-crater-rollup
[INFO] running `Command { std: "git" "clone" "/workspace/cache/git-repos/https%3A%2F%2Fgithub.com%2Ftpmullan%2Faptrs" "/workspace/builds/worker-3-tc2/source", kill_on_drop: false }`
[INFO] [stderr] Cloning into '/workspace/builds/worker-3-tc2/source'...
[INFO] [stderr] done.
[INFO] started tweaking git repo https://github.com/tpmullan/aptrs
[INFO] finished tweaking git repo https://github.com/tpmullan/aptrs
[INFO] tweaked toml for git repo https://github.com/tpmullan/aptrs written to /workspace/builds/worker-3-tc2/source/Cargo.toml
[INFO] validating manifest of git repo https://github.com/tpmullan/aptrs on toolchain c60b92c03ca8a3b101eb9d57f51e2232690638c7
[INFO] running `Command { std: CARGO_HOME="/workspace/cargo-home" RUSTUP_HOME="/workspace/rustup-home" "/workspace/cargo-home/bin/cargo" "+c60b92c03ca8a3b101eb9d57f51e2232690638c7" "metadata" "--manifest-path" "Cargo.toml" "--no-deps", kill_on_drop: false }`
[INFO] crate git repo https://github.com/tpmullan/aptrs already has a lockfile, it will not be regenerated
[INFO] running `Command { std: CARGO_HOME="/workspace/cargo-home" RUSTUP_HOME="/workspace/rustup-home" "/workspace/cargo-home/bin/cargo" "+c60b92c03ca8a3b101eb9d57f51e2232690638c7" "fetch" "--manifest-path" "Cargo.toml", kill_on_drop: false }`
[INFO] running `Command { std: "docker" "create" "-v" "/var/lib/crater-agent-workspace/builds/worker-3-tc2/source:/opt/rustwide/workdir:ro,Z" "-v" "/var/lib/crater-agent-workspace/builds/worker-3-tc2/target:/opt/rustwide/target:rw,Z" "-v" "/var/lib/crater-agent-workspace/cargo-home:/opt/rustwide/cargo-home:ro,Z" "-v" "/var/lib/crater-agent-workspace/rustup-home:/opt/rustwide/rustup-home:ro,Z" "-m" "1610612736" "--network" "none" "ghcr.io/rust-lang/crates-build-env/linux@sha256:77db811e55d90add9212f6832c23229e3de5f1c1f9905e8cb07319ea15df73ac" "sleep" "infinity", kill_on_drop: false }`
[INFO] [stdout] d4660512215c485ffad55af86b81b8dfe8c37726e6ebf523cde3d2f31c6e28bb
[INFO] running `Command { std: "docker" "start" "d4660512215c485ffad55af86b81b8dfe8c37726e6ebf523cde3d2f31c6e28bb", kill_on_drop: false }`
[INFO] running `Command { std: "docker" "inspect" "d4660512215c485ffad55af86b81b8dfe8c37726e6ebf523cde3d2f31c6e28bb", kill_on_drop: false }`
[INFO] running `Command { std: "docker" "exec" "-e" "SOURCE_DIR=/opt/rustwide/workdir" "-e" "CARGO_HOME=/opt/rustwide/cargo-home" "-e" "RUSTUP_HOME=/opt/rustwide/rustup-home" "-e" "CARGO_TARGET_DIR=/opt/rustwide/target" "-w" "/opt/rustwide/workdir" "--user" "0:0" "d4660512215c485ffad55af86b81b8dfe8c37726e6ebf523cde3d2f31c6e28bb" "/opt/rustwide/cargo-home/bin/cargo" "+c60b92c03ca8a3b101eb9d57f51e2232690638c7" "metadata" "--no-deps" "--format-version=1", kill_on_drop: false }`
[INFO] running `Command { std: "docker" "inspect" "d4660512215c485ffad55af86b81b8dfe8c37726e6ebf523cde3d2f31c6e28bb", kill_on_drop: false }`
[INFO] running `Command { std: "docker" "exec" "-e" "SOURCE_DIR=/opt/rustwide/workdir" "-e" "CARGO_HOME=/opt/rustwide/cargo-home" "-e" "RUSTUP_HOME=/opt/rustwide/rustup-home" "-e" "CARGO_TARGET_DIR=/opt/rustwide/target" "-e" "CARGO_INCREMENTAL=0" "-e" "RUST_BACKTRACE=full" "-e" "RUSTFLAGS=--cap-lints=forbid" "-e" "RUSTDOCFLAGS=--cap-lints=forbid" "-w" "/opt/rustwide/workdir" "--user" "0:0" "d4660512215c485ffad55af86b81b8dfe8c37726e6ebf523cde3d2f31c6e28bb" "/opt/rustwide/cargo-home/bin/cargo" "+c60b92c03ca8a3b101eb9d57f51e2232690638c7" "check" "--frozen" "--all" "--all-targets" "--message-format=json", kill_on_drop: false }`
[INFO] [stderr]    Compiling find-msvc-tools v0.1.12
[INFO] [stderr]    Compiling num-traits v0.2.19
[INFO] [stderr]     Checking either v1.18.0
[INFO] [stderr]     Checking smallvec v1.16.1
[INFO] [stderr]    Compiling syn v2.0.119
[INFO] [stderr]    Compiling syn v3.0.5
[INFO] [stderr]     Checking getrandom v0.2.17
[INFO] [stderr]     Checking mio v1.2.3
[INFO] [stderr]     Checking http-body v0.4.6
[INFO] [stderr]     Checking outref v0.5.2
[INFO] [stderr]     Checking vsimd v0.8.0
[INFO] [stderr]     Checking time v0.3.55
[INFO] [stderr]     Checking pem-rfc7468 v0.7.0
[INFO] [stderr]     Checking indexmap v2.14.2
[INFO] [stderr]    Compiling aws-lc-rs v1.18.1
[INFO] [stderr]     Checking hybrid-array v0.4.15
[INFO] [stderr]    Compiling rustls v0.23.44
[INFO] [stderr]    Compiling cc v1.4.5
[INFO] [stderr]     Checking log v0.4.34
[INFO] [stderr]     Checking rand_core v0.6.4
[INFO] [stderr]     Checking bytes-utils v0.1.4
[INFO] [stderr]     Checking ipnet v2.12.2
[INFO] [stderr]    Compiling crc32fast v1.5.2
[INFO] [stderr]     Checking cmov v0.5.4
[INFO] [stderr]     Checking const-oid v0.10.2
[INFO] [stderr]    Compiling rustls v0.21.12
[INFO] [stderr]     Checking ff v0.13.1
[INFO] [stderr]     Checking group v0.13.0
[INFO] [stderr]    Compiling rustversion v1.0.23
[INFO] [stderr]    Compiling aho-corasick v1.1.5
[INFO] [stderr]     Checking socket2 v0.5.10
[INFO] [stderr]    Compiling regex-syntax v0.8.11
[INFO] [stderr]     Checking base64-simd v0.8.0
[INFO] [stderr]     Checking cpufeatures v0.3.1
[INFO] [stderr]    Compiling zerocopy v0.8.57
[INFO] [stderr]     Checking tower v0.5.3
[INFO] [stderr]    Compiling aws-types v1.6.0
[INFO] [stderr]     Checking ctutils v0.4.2
[INFO] [stderr]    Compiling parking_lot_core v0.9.12
[INFO] [stderr]    Compiling dirs-sys-next v0.1.2
[INFO] [stderr]     Checking bitflags v2.13.2
[INFO] [stderr]    Compiling crunchy v0.2.4
[INFO] [stderr]    Compiling dirs-next v2.0.0
[INFO] [stderr]    Compiling tiny-keccak v2.0.2
[INFO] [stderr]     Checking rustix v1.1.4
[INFO] [stderr]     Checking uuid v1.26.1
[INFO] [stderr]     Checking crypto-common v0.2.2
[INFO] [stderr]     Checking block-buffer v0.12.1
[INFO] [stderr]    Compiling term v0.7.0
[INFO] [stderr]     Checking arc-swap v1.9.2
[INFO] [stderr]    Compiling curve25519-dalek v4.1.3
[INFO] [stderr]    Compiling parking_lot v0.12.5
[INFO] [stderr]     Checking regex-lite v0.1.9
[INFO] [stderr]     Checking num-integer v0.1.47
[INFO] [stderr]    Compiling same-file v1.0.6
[INFO] [stderr]     Checking regex-automata v0.4.18
[INFO] [stderr]    Compiling bit-vec v0.6.3
[INFO] [stderr]    Compiling num-bigint-dig v0.8.6
[INFO] [stderr]     Checking xmlparser v0.13.6
[INFO] [stderr]    Compiling cmake v0.1.58
[INFO] [stderr]     Checking digest v0.11.3
[INFO] [stderr]    Compiling precomputed-hash v0.1.1
[INFO] [stderr]     Checking spin v0.9.9
[INFO] [stderr]    Compiling new_debug_unreachable v1.0.6
[INFO] [stderr]    Compiling fixedbitset v0.4.2
[INFO] [stderr]     Checking lazy_static v1.5.0
[INFO] [stderr]    Compiling string_cache v0.8.9
[INFO] [stderr]     Checking sha2 v0.11.0
[INFO] [stderr]     Checking hmac v0.13.0
[INFO] [stderr]    Compiling itertools v0.11.0
[INFO] [stderr]    Compiling bit-set v0.5.3
[INFO] [stderr]    Compiling ena v0.14.4
[INFO] [stderr]     Checking num-iter v0.1.46
[INFO] [stderr]    Compiling walkdir v2.5.0
[INFO] [stderr]    Compiling petgraph v0.6.5
[INFO] [stderr]    Compiling ascii-canvas v3.0.0
[INFO] [stderr]     Checking filetime v0.2.29
[INFO] [stderr]    Compiling ring v0.17.14
[INFO] [stderr]    Compiling aws-lc-sys v0.45.0
[INFO] [stderr]    Compiling unicode-xid v0.2.6
[INFO] [stderr]    Compiling lalrpop-util v0.20.2
[INFO] [stderr]    Compiling lzma-sys v0.1.20
[INFO] [stderr]     Checking serde_json v1.0.151
[INFO] [stderr]     Checking spin v0.10.1
[INFO] [stderr]     Checking urlencoding v2.1.3
[INFO] [stderr]    Compiling sha1collisiondetection v0.3.4
[INFO] [stderr]     Checking md-5 v0.11.0
[INFO] [stderr]     Checking sha1 v0.11.0
[INFO] [stderr]     Checking generic-array v1.4.5
[INFO] [stderr]     Checking simd-adler32 v0.3.10
[INFO] [stderr]     Checking predicates-core v1.0.10
[INFO] [stdout] error[E0493]: destructor of `ArrayBuilder<T, N>` cannot be evaluated at compile-time
[INFO] [stdout]    --> /opt/rustwide/cargo-home/registry/src/index.crates.io-1949cf8c6b5b557f/generic-array-1.4.5/src/internal.rs:103:31
[INFO] [stdout]     |
[INFO] [stdout] 103 |     pub unsafe fn assume_init(self) -> GenericArray<T, N> {
[INFO] [stdout]     |                               ^^^^ the destructor for this type cannot be evaluated in constant functions
[INFO] [stdout] ...
[INFO] [stdout] 109 |     }
[INFO] [stdout]     |     - value is dropped here
[INFO] [stdout] 
[INFO] [stdout] 
[INFO] [stdout] error[E0493]: destructor of `GenericArray<core::mem::MaybeUninit<*const T>, N>` cannot be evaluated at compile-time
[INFO] [stdout]    --> /opt/rustwide/cargo-home/registry/src/index.crates.io-1949cf8c6b5b557f/generic-array-1.4.5/src/lib.rs:983:13
[INFO] [stdout]     |
[INFO] [stdout] 983 |         let mut out: GenericArray<MaybeUninit<*const T>, N> = GenericArray::uninit();
[INFO] [stdout]     |             ^^^^^^^ the destructor for this type cannot be evaluated in constant functions
[INFO] [stdout] ...
[INFO] [stdout] 998 |     }
[INFO] [stdout]     |     - value is dropped here
[INFO] [stdout] 
[INFO] [stdout] 
[INFO] [stdout] error[E0493]: destructor of `GenericArray<core::mem::MaybeUninit<*mut T>, N>` cannot be evaluated at compile-time
[INFO] [stdout]     --> /opt/rustwide/cargo-home/registry/src/index.crates.io-1949cf8c6b5b557f/generic-array-1.4.5/src/lib.rs:1018:13
[INFO] [stdout]      |
[INFO] [stdout] 1018 |         let mut out: GenericArray<MaybeUninit<*mut T>, N> = GenericArray::uninit();
[INFO] [stdout]      |             ^^^^^^^ the destructor for this type cannot be evaluated in constant functions
[INFO] [stdout] ...
[INFO] [stdout] 1033 |     }
[INFO] [stdout]      |     - value is dropped here
[INFO] [stdout] 
[INFO] [stdout] 
[INFO] [stdout] For more information about this error, try `rustc --explain E0493`.
[INFO] [stdout] 
[INFO] [stderr] error: could not compile `generic-array` (lib) due to 3 previous errors
[INFO] [stderr] warning: build failed, waiting for other jobs to finish...
[INFO] running `Command { std: "docker" "inspect" "d4660512215c485ffad55af86b81b8dfe8c37726e6ebf523cde3d2f31c6e28bb", kill_on_drop: false }`
[INFO] running `Command { std: "docker" "rm" "-f" "d4660512215c485ffad55af86b81b8dfe8c37726e6ebf523cde3d2f31c6e28bb", kill_on_drop: false }`
[INFO] [stdout] d4660512215c485ffad55af86b81b8dfe8c37726e6ebf523cde3d2f31c6e28bb
