[INFO] cloning repository https://github.com/torrid-fish/hf-bsh
[INFO] running `Command { std: "git" "-c" "credential.helper=" "-c" "credential.helper=/workspace/cargo-home/bin/git-credential-null" "clone" "--bare" "https://github.com/torrid-fish/hf-bsh" "/workspace/cache/git-repos/https%3A%2F%2Fgithub.com%2Ftorrid-fish%2Fhf-bsh", kill_on_drop: false }`
[INFO] [stderr] Cloning into bare repository '/workspace/cache/git-repos/https%3A%2F%2Fgithub.com%2Ftorrid-fish%2Fhf-bsh'...
[INFO] running `Command { std: "git" "rev-parse" "HEAD", kill_on_drop: false }`
[INFO] [stdout] ebf79061198ceac3c9d78275fc1a6ec54f705dcf
[INFO] checking torrid-fish/hf-bsh against c60b92c03ca8a3b101eb9d57f51e2232690638c7 for pr-164148-crater-rollup
[INFO] running `Command { std: "git" "clone" "/workspace/cache/git-repos/https%3A%2F%2Fgithub.com%2Ftorrid-fish%2Fhf-bsh" "/workspace/builds/worker-4-tc2/source", kill_on_drop: false }`
[INFO] [stderr] Cloning into '/workspace/builds/worker-4-tc2/source'...
[INFO] [stderr] done.
[INFO] started tweaking git repo https://github.com/torrid-fish/hf-bsh
[INFO] finished tweaking git repo https://github.com/torrid-fish/hf-bsh
[INFO] tweaked toml for git repo https://github.com/torrid-fish/hf-bsh written to /workspace/builds/worker-4-tc2/source/Cargo.toml
[INFO] validating manifest of git repo https://github.com/torrid-fish/hf-bsh on toolchain c60b92c03ca8a3b101eb9d57f51e2232690638c7
[INFO] running `Command { std: CARGO_HOME="/workspace/cargo-home" RUSTUP_HOME="/workspace/rustup-home" "/workspace/cargo-home/bin/cargo" "+c60b92c03ca8a3b101eb9d57f51e2232690638c7" "metadata" "--manifest-path" "Cargo.toml" "--no-deps", kill_on_drop: false }`
[INFO] crate git repo https://github.com/torrid-fish/hf-bsh already has a lockfile, it will not be regenerated
[INFO] running `Command { std: CARGO_HOME="/workspace/cargo-home" RUSTUP_HOME="/workspace/rustup-home" "/workspace/cargo-home/bin/cargo" "+c60b92c03ca8a3b101eb9d57f51e2232690638c7" "fetch" "--manifest-path" "Cargo.toml", kill_on_drop: false }`
[INFO] running `Command { std: "docker" "create" "-v" "/var/lib/crater-agent-workspace/builds/worker-4-tc2/source:/opt/rustwide/workdir:ro,Z" "-v" "/var/lib/crater-agent-workspace/builds/worker-4-tc2/target:/opt/rustwide/target:rw,Z" "-v" "/var/lib/crater-agent-workspace/cargo-home:/opt/rustwide/cargo-home:ro,Z" "-v" "/var/lib/crater-agent-workspace/rustup-home:/opt/rustwide/rustup-home:ro,Z" "-m" "1610612736" "--network" "none" "ghcr.io/rust-lang/crates-build-env/linux@sha256:77db811e55d90add9212f6832c23229e3de5f1c1f9905e8cb07319ea15df73ac" "sleep" "infinity", kill_on_drop: false }`
[INFO] [stdout] 6da80c80e6b175210a032270499a1d887b9dc8bef042d67af8fbc561acbea760
[INFO] running `Command { std: "docker" "start" "6da80c80e6b175210a032270499a1d887b9dc8bef042d67af8fbc561acbea760", kill_on_drop: false }`
[INFO] running `Command { std: "docker" "inspect" "6da80c80e6b175210a032270499a1d887b9dc8bef042d67af8fbc561acbea760", kill_on_drop: false }`
[INFO] running `Command { std: "docker" "exec" "-e" "SOURCE_DIR=/opt/rustwide/workdir" "-e" "CARGO_HOME=/opt/rustwide/cargo-home" "-e" "RUSTUP_HOME=/opt/rustwide/rustup-home" "-e" "CARGO_TARGET_DIR=/opt/rustwide/target" "-w" "/opt/rustwide/workdir" "--user" "0:0" "6da80c80e6b175210a032270499a1d887b9dc8bef042d67af8fbc561acbea760" "/opt/rustwide/cargo-home/bin/cargo" "+c60b92c03ca8a3b101eb9d57f51e2232690638c7" "metadata" "--no-deps" "--format-version=1", kill_on_drop: false }`
[INFO] running `Command { std: "docker" "inspect" "6da80c80e6b175210a032270499a1d887b9dc8bef042d67af8fbc561acbea760", kill_on_drop: false }`
[INFO] running `Command { std: "docker" "exec" "-e" "SOURCE_DIR=/opt/rustwide/workdir" "-e" "CARGO_HOME=/opt/rustwide/cargo-home" "-e" "RUSTUP_HOME=/opt/rustwide/rustup-home" "-e" "CARGO_TARGET_DIR=/opt/rustwide/target" "-e" "CARGO_INCREMENTAL=0" "-e" "RUST_BACKTRACE=full" "-e" "RUSTFLAGS=--cap-lints=forbid" "-e" "RUSTDOCFLAGS=--cap-lints=forbid" "-w" "/opt/rustwide/workdir" "--user" "0:0" "6da80c80e6b175210a032270499a1d887b9dc8bef042d67af8fbc561acbea760" "/opt/rustwide/cargo-home/bin/cargo" "+c60b92c03ca8a3b101eb9d57f51e2232690638c7" "check" "--frozen" "--all" "--all-targets" "--message-format=json", kill_on_drop: false }`
[INFO] [stderr]    Compiling serde_core v1.0.228
[INFO] [stderr]     Checking socket2 v0.6.3
[INFO] [stderr]     Checking mio v1.2.0
[INFO] [stderr]    Compiling rustls v0.23.39
[INFO] [stderr]     Checking simd-adler32 v0.3.9
[INFO] [stderr]    Compiling cc v1.2.60
[INFO] [stderr]     Checking futures-util v0.3.32
[INFO] [stderr]     Checking tracing v0.1.44
[INFO] [stderr]     Checking compression-core v0.4.31
[INFO] [stderr]     Checking getrandom v0.4.2
[INFO] [stderr]     Checking rustls-native-certs v0.8.3
[INFO] [stderr]     Checking idna_adapter v1.2.1
[INFO] [stderr]     Checking miniz_oxide v0.8.9
[INFO] [stderr]     Checking iri-string v0.7.12
[INFO] [stderr]     Checking rustix v1.1.4
[INFO] [stderr]     Checking chacha20 v0.10.0
[INFO] [stderr]     Checking matchers v0.2.0
[INFO] [stderr]     Checking tracing-log v0.2.0
[INFO] [stderr]     Checking typewit v1.15.2
[INFO] [stderr]     Checking typenum v1.20.0
[INFO] [stderr]     Checking idna v1.1.0
[INFO] [stderr]     Checking time v0.3.47
[INFO] [stderr]     Checking dirs v6.0.0
[INFO] [stderr]     Checking crossbeam-channel v0.5.15
[INFO] [stderr]     Checking bstr v1.12.1
[INFO] [stderr]    Compiling async-trait v0.1.89
[INFO] [stderr]     Checking rand v0.10.1
[INFO] [stderr]    Compiling pin-project-internal v1.1.11
[INFO] [stderr]     Checking url v2.5.8
[INFO] [stderr]     Checking flate2 v1.1.9
[INFO] [stderr]     Checking tokio v1.52.1
[INFO] [stderr]     Checking const_panic v0.2.15
[INFO] [stderr]    Compiling git-version-macro v0.3.9
[INFO] [stderr]     Checking os_str_bytes v6.6.1
[INFO] [stderr]     Checking symlink v0.1.0
[INFO] [stderr]    Compiling konst_proc_macros v0.4.1
[INFO] [stderr]    Compiling clap_derive v4.6.1
[INFO] [stderr]     Checking compression-codecs v0.4.37
[INFO] [stderr]     Checking git-version v0.3.9
[INFO] [stderr]     Checking chrono v0.4.44
[INFO] [stderr]     Checking ctor v0.6.3
[INFO] [stderr]     Checking shellexpand v3.1.2
[INFO] [stderr]     Checking whoami v2.1.1
[INFO] [stderr]     Checking pin-project v1.1.11
[INFO] [stderr]     Checking sysinfo v0.38.4
[INFO] [stderr]     Checking csv-core v0.1.13
[INFO] [stderr]    Compiling cmake v0.1.58
[INFO] [stderr]    Compiling redb v3.1.3
[INFO] [stderr]     Checking twox-hash v2.1.2
[INFO] [stderr]     Checking oneshot v0.1.13
[INFO] [stderr]     Checking more-asserts v0.3.1
[INFO] [stderr]     Checking const-str v1.1.0
[INFO] [stderr]     Checking lz4_flex v0.13.0
[INFO] [stderr]     Checking uuid v1.23.1
[INFO] [stderr]     Checking konst v0.4.3
[INFO] [stderr]     Checking approx v0.5.1
[INFO] [stderr]     Checking regex v1.12.3
[INFO] [stderr]     Checking countio v0.3.0
[INFO] [stderr]     Checking heapify v0.2.0
[INFO] [stderr]    Compiling cfg_aliases v0.1.1
[INFO] [stderr]     Checking safe-transmute v0.11.3
[INFO] [stderr]    Compiling nix v0.28.0
[INFO] [stderr]     Checking statrs v0.18.0
[INFO] [stderr]     Checking generic-array v0.14.7
[INFO] [stderr]     Checking gearhash v0.1.3
[INFO] [stderr]     Checking nibble_vec v0.1.0
[INFO] [stderr]     Checking endian-type v0.1.2
[INFO] [stderr]    Compiling aws-lc-sys v0.40.0
[INFO] [stderr]    Compiling blake3 v1.8.4
[INFO] [stderr]    Compiling sha2-asm v0.6.4
[INFO] [stderr]     Checking radix_trie v0.2.1
[INFO] [stderr]     Checking tempfile v3.27.0
[INFO] [stdout] error[E0493]: destructor of `ArrayBuilder<T, N, D>` cannot be evaluated at compile-time
[INFO] [stdout]    --> /opt/rustwide/cargo-home/registry/src/index.crates.io-1949cf8c6b5b557f/konst-0.4.3/src/array/array_builder.rs:421:24
[INFO] [stdout]     |
[INFO] [stdout] 421 |     pub const fn build(self) -> [T; N] {
[INFO] [stdout]     |                        ^^^^ the destructor for this type cannot be evaluated in constant functions
[INFO] [stdout] ...
[INFO] [stdout] 437 |     }
[INFO] [stdout]     |     - value is dropped here
[INFO] [stdout] 
[INFO] [stdout] 
[INFO] [stdout] error[E0493]: destructor of `array_into_iter::IntoIter<T, N, D>` cannot be evaluated at compile-time
[INFO] [stdout]    --> /opt/rustwide/cargo-home/registry/src/index.crates.io-1949cf8c6b5b557f/konst-0.4.3/src/array/array_into_iter.rs:324:34
[INFO] [stdout]     |
[INFO] [stdout] 324 |     pub const fn assert_is_empty(self) {
[INFO] [stdout]     |                                  ^^^^ the destructor for this type cannot be evaluated in constant functions
[INFO] [stdout] ...
[INFO] [stdout] 327 |     }
[INFO] [stdout]     |     - value is dropped here
[INFO] [stdout] 
[INFO] [stdout] 
[INFO] [stderr]     Checking fd-lock v4.0.4
[INFO] [stdout] error[E0493]: destructor of `Option<(T, U)>` cannot be evaluated at compile-time
[INFO] [stdout]    --> /opt/rustwide/cargo-home/registry/src/index.crates.io-1949cf8c6b5b557f/konst-0.4.3/src/macros/control_flow.rs:83:42
[INFO] [stdout]     |
[INFO] [stdout]  81 |   macro_rules! if_let_Some {
[INFO] [stdout]  82 |       ($some:pat = $e:expr => $then:block $(else $else:block)?) => {
[INFO] [stdout]  83 |           match $crate::option::__opt($e) {opt =>
[INFO] [stdout]     |                                            ^^^ the destructor for this type cannot be evaluated in constant functions
[INFO] [stdout] ...
[INFO] [stdout]  90 |               }
[INFO] [stdout]     |               - value is dropped here
[INFO] [stdout]     |
[INFO] [stdout]    ::: /opt/rustwide/cargo-home/registry/src/index.crates.io-1949cf8c6b5b557f/konst-0.4.3/src/option.rs:635:5
[INFO] [stdout]     |
[INFO] [stdout] 635 | /     crate::if_let_Some! {tuple = opt => {
[INFO] [stdout] 636 | |         crate::destructure!{(l, r) = tuple}
[INFO] [stdout] 637 | |
[INFO] [stdout] 638 | |         (Some(l), Some(r))
[INFO] [stdout] 639 | |     } else {
[INFO] [stdout] 640 | |         (None, None)
[INFO] [stdout] 641 | |     }}
[INFO] [stdout]     | |______- in this macro invocation
[INFO] [stdout] 
[INFO] [stdout] 
[INFO] [stderr]     Checking crypto-common v0.1.7
[INFO] [stderr]     Checking block-buffer v0.10.4
[INFO] [stderr]     Checking digest v0.10.7
[INFO] [stdout] For more information about this error, try `rustc --explain E0493`.
[INFO] [stdout] 
[INFO] [stderr] error: could not compile `konst` (lib) due to 3 previous errors
[INFO] [stderr] warning: build failed, waiting for other jobs to finish...
[INFO] running `Command { std: "docker" "inspect" "6da80c80e6b175210a032270499a1d887b9dc8bef042d67af8fbc561acbea760", kill_on_drop: false }`
[INFO] running `Command { std: "docker" "rm" "-f" "6da80c80e6b175210a032270499a1d887b9dc8bef042d67af8fbc561acbea760", kill_on_drop: false }`
[INFO] [stdout] 6da80c80e6b175210a032270499a1d887b9dc8bef042d67af8fbc561acbea760
