[INFO] cloning repository https://github.com/theia-hq/sshh
[INFO] running `Command { std: "git" "-c" "credential.helper=" "-c" "credential.helper=/workspace/cargo-home/bin/git-credential-null" "clone" "--bare" "https://github.com/theia-hq/sshh" "/workspace/cache/git-repos/https%3A%2F%2Fgithub.com%2Ftheia-hq%2Fsshh", kill_on_drop: false }`
[INFO] [stderr] Cloning into bare repository '/workspace/cache/git-repos/https%3A%2F%2Fgithub.com%2Ftheia-hq%2Fsshh'...
[INFO] running `Command { std: "git" "rev-parse" "HEAD", kill_on_drop: false }`
[INFO] [stdout] 921b33732e2418af49f93798010eb96ceebed047
[INFO] checking theia-hq/sshh against c60b92c03ca8a3b101eb9d57f51e2232690638c7 for pr-164148-crater-rollup
[INFO] running `Command { std: "git" "clone" "/workspace/cache/git-repos/https%3A%2F%2Fgithub.com%2Ftheia-hq%2Fsshh" "/workspace/builds/worker-1-tc2/source", kill_on_drop: false }`
[INFO] [stderr] Cloning into '/workspace/builds/worker-1-tc2/source'...
[INFO] [stderr] done.
[INFO] started tweaking git repo https://github.com/theia-hq/sshh
[INFO] finished tweaking git repo https://github.com/theia-hq/sshh
[INFO] tweaked toml for git repo https://github.com/theia-hq/sshh written to /workspace/builds/worker-1-tc2/source/Cargo.toml
[INFO] validating manifest of git repo https://github.com/theia-hq/sshh on toolchain c60b92c03ca8a3b101eb9d57f51e2232690638c7
[INFO] running `Command { std: CARGO_HOME="/workspace/cargo-home" RUSTUP_HOME="/workspace/rustup-home" "/workspace/cargo-home/bin/cargo" "+c60b92c03ca8a3b101eb9d57f51e2232690638c7" "metadata" "--manifest-path" "Cargo.toml" "--no-deps", kill_on_drop: false }`
[INFO] crate git repo https://github.com/theia-hq/sshh already has a lockfile, it will not be regenerated
[INFO] running `Command { std: CARGO_HOME="/workspace/cargo-home" RUSTUP_HOME="/workspace/rustup-home" "/workspace/cargo-home/bin/cargo" "+c60b92c03ca8a3b101eb9d57f51e2232690638c7" "fetch" "--manifest-path" "Cargo.toml", kill_on_drop: false }`
[INFO] [stderr]     Updating git repository `https://github.com/theia-hq/nauthy`
[INFO] [stderr]      Locking 1 package to highest Rust 1.85 compatible version
[INFO] [stderr]       Adding nauthy v0.11.0 (https://github.com/theia-hq/nauthy#ea40f60b) (requires Rust 1.88)
[INFO] running `Command { std: "docker" "create" "-v" "/var/lib/crater-agent-workspace/builds/worker-1-tc2/source:/opt/rustwide/workdir:ro,Z" "-v" "/var/lib/crater-agent-workspace/builds/worker-1-tc2/target:/opt/rustwide/target:rw,Z" "-v" "/var/lib/crater-agent-workspace/cargo-home:/opt/rustwide/cargo-home:ro,Z" "-v" "/var/lib/crater-agent-workspace/rustup-home:/opt/rustwide/rustup-home:ro,Z" "-m" "1610612736" "--network" "none" "ghcr.io/rust-lang/crates-build-env/linux@sha256:77db811e55d90add9212f6832c23229e3de5f1c1f9905e8cb07319ea15df73ac" "sleep" "infinity", kill_on_drop: false }`
[INFO] [stdout] 3b0b902c3aec21dae37327b5f093bed672eea8b6cf8d9f3f501869d789132b92
[INFO] running `Command { std: "docker" "start" "3b0b902c3aec21dae37327b5f093bed672eea8b6cf8d9f3f501869d789132b92", kill_on_drop: false }`
[INFO] running `Command { std: "docker" "inspect" "3b0b902c3aec21dae37327b5f093bed672eea8b6cf8d9f3f501869d789132b92", kill_on_drop: false }`
[INFO] running `Command { std: "docker" "exec" "-e" "SOURCE_DIR=/opt/rustwide/workdir" "-e" "CARGO_HOME=/opt/rustwide/cargo-home" "-e" "RUSTUP_HOME=/opt/rustwide/rustup-home" "-e" "CARGO_TARGET_DIR=/opt/rustwide/target" "-w" "/opt/rustwide/workdir" "--user" "0:0" "3b0b902c3aec21dae37327b5f093bed672eea8b6cf8d9f3f501869d789132b92" "/opt/rustwide/cargo-home/bin/cargo" "+c60b92c03ca8a3b101eb9d57f51e2232690638c7" "metadata" "--no-deps" "--format-version=1", kill_on_drop: false }`
[INFO] running `Command { std: "docker" "inspect" "3b0b902c3aec21dae37327b5f093bed672eea8b6cf8d9f3f501869d789132b92", kill_on_drop: false }`
[INFO] running `Command { std: "docker" "exec" "-e" "SOURCE_DIR=/opt/rustwide/workdir" "-e" "CARGO_HOME=/opt/rustwide/cargo-home" "-e" "RUSTUP_HOME=/opt/rustwide/rustup-home" "-e" "CARGO_TARGET_DIR=/opt/rustwide/target" "-e" "CARGO_INCREMENTAL=0" "-e" "RUST_BACKTRACE=full" "-e" "RUSTFLAGS=--cap-lints=forbid" "-e" "RUSTDOCFLAGS=--cap-lints=forbid" "-w" "/opt/rustwide/workdir" "--user" "0:0" "3b0b902c3aec21dae37327b5f093bed672eea8b6cf8d9f3f501869d789132b92" "/opt/rustwide/cargo-home/bin/cargo" "+c60b92c03ca8a3b101eb9d57f51e2232690638c7" "check" "--frozen" "--all" "--all-targets" "--message-format=json", kill_on_drop: false }`
[INFO] [stderr]     Checking subtle v2.6.1
[INFO] [stderr]    Compiling libc v0.2.189
[INFO] [stderr]    Compiling getrandom v0.4.3
[INFO] [stderr]     Checking base64ct v1.8.3
[INFO] [stderr]    Compiling generic-array v0.14.9
[INFO] [stderr]     Checking cpubits v0.1.1
[INFO] [stderr]    Compiling num-traits v0.2.19
[INFO] [stderr]     Checking const-oid v0.9.6
[INFO] [stderr]    Compiling syn v2.0.119
[INFO] [stderr]     Checking ctutils v0.4.2
[INFO] [stderr]    Compiling semver v1.0.28
[INFO] [stderr]     Checking pem-rfc7468 v1.0.0
[INFO] [stderr]     Checking pem-rfc7468 v0.7.0
[INFO] [stderr]     Checking der v0.8.1
[INFO] [stderr]     Checking hybrid-array v0.4.14
[INFO] [stderr]    Compiling rustc_version v0.4.1
[INFO] [stderr]    Compiling syn v3.0.4
[INFO] [stderr]     Checking der v0.7.10
[INFO] [stderr]     Checking crypto-common v0.1.6
[INFO] [stderr]     Checking block-buffer v0.10.4
[INFO] [stderr]     Checking digest v0.10.7
[INFO] [stderr]     Checking ff v0.14.0
[INFO] [stderr]    Compiling serde v1.0.229
[INFO] [stderr]     Checking group v0.14.0
[INFO] [stderr]     Checking base16ct v1.0.0
[INFO] [stderr]     Checking spki v0.8.0
[INFO] [stderr]    Compiling syn v1.0.109
[INFO] [stderr]    Compiling find-msvc-tools v0.1.11
[INFO] [stderr]     Checking spki v0.7.3
[INFO] [stderr]     Checking block-buffer v0.12.1
[INFO] [stderr]     Checking block-padding v0.4.2
[INFO] [stderr]     Checking pkcs8 v0.10.2
[INFO] [stderr]     Checking sec1 v0.8.1
[INFO] [stderr]     Checking base16ct v0.2.0
[INFO] [stderr]     Checking inout v0.2.2
[INFO] [stderr]    Compiling zerocopy v0.8.56
[INFO] [stderr]     Checking serdect v0.2.0
[INFO] [stderr]    Compiling anyhow v1.0.104
[INFO] [stderr]     Checking sec1 v0.7.3
[INFO] [stderr]     Checking wnaf v0.14.0
[INFO] [stderr]    Compiling either v1.18.0
[INFO] [stderr]    Compiling powerfmt v0.2.0
[INFO] [stderr]     Checking crypto-common v0.2.2
[INFO] [stderr]     Checking crypto-bigint v0.7.5
[INFO] [stderr]     Checking getrandom v0.2.17
[INFO] [stderr]    Compiling jobserver v0.1.35
[INFO] [stderr]     Checking rand_core v0.6.4
[INFO] [stderr]     Checking ff v0.13.1
[INFO] [stderr]    Compiling cc v1.4.4
[INFO] [stderr]     Checking group v0.13.0
[INFO] [stderr]     Checking signature v2.2.0
[INFO] [stderr]     Checking crypto-bigint v0.5.5
[INFO] [stderr]     Checking digest v0.11.3
[INFO] [stderr]     Checking cipher v0.5.2
[INFO] [stderr]     Checking hmac v0.13.0
[INFO] [stderr]     Checking universal-hash v0.6.1
[INFO] [stderr]     Checking polyval v0.7.3
[INFO] [stderr]     Checking ghash v0.6.0
[INFO] [stderr]     Checking pbkdf2 v0.13.0
[INFO] [stderr]     Checking aes v0.9.2
[INFO] [stderr]     Checking ctr v0.10.1
[INFO] [stderr]     Checking sha2 v0.11.0
[INFO] [stderr]     Checking aead v0.6.1
[INFO] [stderr]     Checking aes-gcm v0.11.1
[INFO] [stderr]     Checking salsa20 v0.11.0
[INFO] [stderr]     Checking scrypt v0.12.0
[INFO] [stderr]     Checking cbc v0.2.1
[INFO] [stderr]     Checking signature v3.0.0
[INFO] [stderr]     Checking hkdf v0.13.0
[INFO] [stderr]    Compiling cmake v0.1.58
[INFO] [stderr]     Checking chacha20 v0.10.2
[INFO] [stderr]     Checking pkcs5 v0.8.1
[INFO] [stderr]     Checking elliptic-curve v0.13.8
[INFO] [stderr]    Compiling itertools v0.10.5
[INFO] [stderr]    Compiling aws-lc-sys v0.44.0
[INFO] [stderr]     Checking pkcs8 v0.11.0
[INFO] [stderr]    Compiling curve25519-dalek-derive v0.1.1
[INFO] [stderr]    Compiling thiserror-impl v1.0.69
[INFO] [stderr]    Compiling deranged v0.5.8
[INFO] [stderr]     Checking errno v0.3.14
[INFO] [stderr]     Checking elliptic-curve v0.14.1
[INFO] [stderr]     Checking rfc6979 v0.6.0
[INFO] [stderr]     Checking primefield v0.14.0
[INFO] [stderr]     Checking ecdsa v0.17.0
[INFO] [stderr]     Checking primeorder v0.14.0
[INFO] [stderr]     Checking hmac v0.12.1
[INFO] [stderr]    Compiling curve25519-dalek v4.1.3
[INFO] [stderr]    Compiling curve25519-dalek v5.0.0
[INFO] [stderr]    Compiling num-conv v0.1.0
[INFO] [stderr]    Compiling minimal-lexical v0.2.1
[INFO] [stderr]    Compiling memchr v2.8.3
[INFO] [stderr]     Checking futures-core v0.3.34
[INFO] [stderr]    Compiling cfg_aliases v0.2.2
[INFO] [stderr]     Checking futures-sink v0.3.34
[INFO] [stderr]    Compiling time-core v0.1.7
[INFO] [stderr]     Checking futures-channel v0.3.34
[INFO] [stderr]    Compiling nix v0.31.3
[INFO] [stderr]    Compiling prost-derive v0.10.1
[INFO] [stderr]    Compiling time v0.3.45
[INFO] [stderr]     Checking rfc6979 v0.4.0
[INFO] [stderr]    Compiling thiserror v1.0.69
[INFO] [stderr]     Checking signal-hook-registry v1.4.8
[INFO] [stderr]     Checking ssh-encoding v0.3.0
[INFO] [stderr]    Compiling tokio-macros v2.7.2
[INFO] [stderr]    Compiling nom v7.1.3
[INFO] [stderr]    Compiling futures-macro v0.3.34
[INFO] [stderr]     Checking socket2 v0.6.5
[INFO] [stderr]     Checking ppv-lite86 v0.2.21
[INFO] [stderr]     Checking mio v1.2.2
[INFO] [stderr]     Checking sha2 v0.10.9
[INFO] [stderr]     Checking aho-corasick v1.1.5
[INFO] [stderr]     Checking der v0.6.1
[INFO] [stderr]    Compiling proc-macro-error-attr2 v2.0.0
[INFO] [stderr]     Checking keccak v0.2.2
[INFO] [stderr]     Checking futures-io v0.3.34
[INFO] [stderr]    Compiling crc32fast v1.5.1
[INFO] [stderr]    Compiling rustversion v1.0.23
[INFO] [stderr]     Checking regex-syntax v0.8.11
[INFO] [stderr]     Checking byteorder v1.5.0
[INFO] [stderr]     Checking blowfish v0.10.0
[INFO] [stderr]     Checking futures-util v0.3.34
[INFO] [stderr]     Checking spki v0.6.0
[INFO] [stderr]    Compiling proc-macro-error2 v2.0.1
[INFO] [stderr]     Checking prost v0.10.4
[INFO] [stderr]     Checking tokio v1.53.1
[INFO] [stderr]     Checking rand_chacha v0.3.1
[INFO] [stderr]    Compiling biscuit-parser v0.2.0
[INFO] [stderr]     Checking ecdsa v0.16.9
[INFO] [stderr]     Checking regex-automata v0.4.18
[INFO] [stderr]     Checking crypto-primes v0.7.2
[INFO] [stderr]     Checking ed25519 v3.0.0
[INFO] [stderr]     Checking primeorder v0.13.6
[INFO] [stderr]    Compiling thiserror-impl v2.0.20
[INFO] [stderr]     Checking poly1305 v0.9.1
[INFO] [stderr]     Checking blake2 v0.11.0
[INFO] [stderr]     Checking ed25519 v2.2.3
[INFO] [stderr]     Checking pkcs1 v0.8.0-rc.4
[INFO] [stderr]     Checking num-integer v0.1.47
[INFO] [stderr]     Checking block-buffer v0.9.0
[INFO] [stderr]     Checking digest v0.9.0
[INFO] [stderr]    Compiling biscuit-auth v6.0.0
[INFO] [stderr]     Checking adler2 v2.0.1
[INFO] [stderr]    Compiling rustix v1.1.4
[INFO] [stderr]     Checking simd-adler32 v0.3.10
[INFO] [stderr]     Checking opaque-debug v0.3.1
[INFO] [stderr]    Compiling aws-lc-rs v1.18.0
[INFO] [stderr]     Checking miniz_oxide v0.8.9
[INFO] [stderr]     Checking sha2 v0.9.9
[INFO] [stderr]     Checking regex v1.13.1
[INFO] [stderr]     Checking argon2 v0.6.0
[INFO] [stderr]     Checking ed25519-dalek v2.2.0
[INFO] [stderr]     Checking ssh-cipher v0.3.0
[INFO] [stderr]     Checking rsa v0.10.0-rc.18
[INFO] [stderr]     Checking p256 v0.13.2
[INFO] [stderr]     Checking thiserror v2.0.20
[INFO] [stderr]     Checking ed25519-dalek v3.0.0
[INFO] [stderr]    Compiling biscuit-quote v0.3.0
[INFO] [stderr]     Checking futures-executor v0.3.34
[INFO] [stderr]     Checking serde_json v1.0.151
[INFO] [stderr]     Checking rand v0.8.8
[INFO] [stderr]     Checking prost-types v0.10.1
[INFO] [stderr]     Checking pkcs8 v0.9.0
[INFO] [stderr]     Checking bcrypt-pbkdf v0.11.0
[INFO] [stderr]     Checking sha3 v0.11.0
[INFO] [stderr]     Checking p256 v0.14.0
[INFO] [stderr]     Checking p521 v0.14.0
[INFO] [stderr]     Checking p384 v0.14.0
[INFO] [stderr]     Checking rand v0.10.2
[INFO] [stderr]     Checking sha1 v0.11.0
[INFO] [stderr]     Checking kem v0.3.0
[INFO] [stderr]     Checking module-lattice v0.2.3
[INFO] [stderr]     Checking sponge-cursor v0.1.0
[INFO] [stderr]     Checking untrusted v0.7.1
[INFO] [stderr]     Checking log v0.4.34
[INFO] [stderr]     Checking base64 v0.13.1
[INFO] [stderr]     Checking data-encoding v2.11.1
[INFO] [stderr]     Checking linux-raw-sys v0.12.1
[INFO] [stderr]     Checking internal-russh-num-bigint v0.5.0
[INFO] [stderr]     Checking tracing-core v0.1.36
[INFO] [stderr]    Compiling enum_dispatch v0.3.13
[INFO] [stderr]     Checking russh-cryptovec v0.62.0
[INFO] [stderr]     Checking ml-kem v0.3.2
[INFO] [stderr]     Checking sha3 v0.12.0
[INFO] [stderr]     Checking generic-array v1.4.5
[INFO] [stdout] error[E0493]: destructor of `ArrayBuilder<T, N>` cannot be evaluated at compile-time
[INFO] [stdout]    --> /opt/rustwide/cargo-home/registry/src/index.crates.io-1949cf8c6b5b557f/generic-array-1.4.5/src/internal.rs:103:31
[INFO] [stdout]     |
[INFO] [stdout] 103 |     pub unsafe fn assume_init(self) -> GenericArray<T, N> {
[INFO] [stdout]     |                               ^^^^ the destructor for this type cannot be evaluated in constant functions
[INFO] [stdout] ...
[INFO] [stdout] 109 |     }
[INFO] [stdout]     |     - value is dropped here
[INFO] [stdout] 
[INFO] [stdout] 
[INFO] [stdout] error[E0493]: destructor of `GenericArray<core::mem::MaybeUninit<*const T>, N>` cannot be evaluated at compile-time
[INFO] [stdout]    --> /opt/rustwide/cargo-home/registry/src/index.crates.io-1949cf8c6b5b557f/generic-array-1.4.5/src/lib.rs:983:13
[INFO] [stdout]     |
[INFO] [stdout] 983 |         let mut out: GenericArray<MaybeUninit<*const T>, N> = GenericArray::uninit();
[INFO] [stdout]     |             ^^^^^^^ the destructor for this type cannot be evaluated in constant functions
[INFO] [stdout] ...
[INFO] [stdout] 998 |     }
[INFO] [stdout]     |     - value is dropped here
[INFO] [stdout] 
[INFO] [stdout] 
[INFO] [stdout] error[E0493]: destructor of `GenericArray<core::mem::MaybeUninit<*mut T>, N>` cannot be evaluated at compile-time
[INFO] [stdout]     --> /opt/rustwide/cargo-home/registry/src/index.crates.io-1949cf8c6b5b557f/generic-array-1.4.5/src/lib.rs:1018:13
[INFO] [stdout]      |
[INFO] [stdout] 1018 |         let mut out: GenericArray<MaybeUninit<*mut T>, N> = GenericArray::uninit();
[INFO] [stdout]      |             ^^^^^^^ the destructor for this type cannot be evaluated in constant functions
[INFO] [stdout] ...
[INFO] [stdout] 1033 |     }
[INFO] [stdout]      |     - value is dropped here
[INFO] [stdout] 
[INFO] [stdout] 
[INFO] [stdout] For more information about this error, try `rustc --explain E0493`.
[INFO] [stdout] 
[INFO] [stderr] error: could not compile `generic-array` (lib) due to 3 previous errors
[INFO] [stderr] warning: build failed, waiting for other jobs to finish...
[INFO] running `Command { std: "docker" "inspect" "3b0b902c3aec21dae37327b5f093bed672eea8b6cf8d9f3f501869d789132b92", kill_on_drop: false }`
[INFO] running `Command { std: "docker" "rm" "-f" "3b0b902c3aec21dae37327b5f093bed672eea8b6cf8d9f3f501869d789132b92", kill_on_drop: false }`
[INFO] [stdout] 3b0b902c3aec21dae37327b5f093bed672eea8b6cf8d9f3f501869d789132b92
