[INFO] cloning repository https://github.com/theatrus/seiza-server
[INFO] running `Command { std: "git" "-c" "credential.helper=" "-c" "credential.helper=/workspace/cargo-home/bin/git-credential-null" "clone" "--bare" "https://github.com/theatrus/seiza-server" "/workspace/cache/git-repos/https%3A%2F%2Fgithub.com%2Ftheatrus%2Fseiza-server", kill_on_drop: false }`
[INFO] [stderr] Cloning into bare repository '/workspace/cache/git-repos/https%3A%2F%2Fgithub.com%2Ftheatrus%2Fseiza-server'...
[INFO] running `Command { std: "git" "rev-parse" "HEAD", kill_on_drop: false }`
[INFO] [stdout] 2cb663ac2e7380a6674b15645c0a901174a32848
[INFO] checking theatrus/seiza-server against c60b92c03ca8a3b101eb9d57f51e2232690638c7 for pr-164148-crater-rollup
[INFO] running `Command { std: "git" "clone" "/workspace/cache/git-repos/https%3A%2F%2Fgithub.com%2Ftheatrus%2Fseiza-server" "/workspace/builds/worker-0-tc2/source", kill_on_drop: false }`
[INFO] [stderr] Cloning into '/workspace/builds/worker-0-tc2/source'...
[INFO] [stderr] done.
[INFO] removed /workspace/builds/worker-0-tc2/source/rust-toolchain.toml
[INFO] started tweaking git repo https://github.com/theatrus/seiza-server
[INFO] finished tweaking git repo https://github.com/theatrus/seiza-server
[INFO] tweaked toml for git repo https://github.com/theatrus/seiza-server written to /workspace/builds/worker-0-tc2/source/Cargo.toml
[INFO] validating manifest of git repo https://github.com/theatrus/seiza-server on toolchain c60b92c03ca8a3b101eb9d57f51e2232690638c7
[INFO] running `Command { std: CARGO_HOME="/workspace/cargo-home" RUSTUP_HOME="/workspace/rustup-home" "/workspace/cargo-home/bin/cargo" "+c60b92c03ca8a3b101eb9d57f51e2232690638c7" "metadata" "--manifest-path" "Cargo.toml" "--no-deps", kill_on_drop: false }`
[INFO] crate git repo https://github.com/theatrus/seiza-server already has a lockfile, it will not be regenerated
[INFO] running `Command { std: CARGO_HOME="/workspace/cargo-home" RUSTUP_HOME="/workspace/rustup-home" "/workspace/cargo-home/bin/cargo" "+c60b92c03ca8a3b101eb9d57f51e2232690638c7" "fetch" "--manifest-path" "Cargo.toml", kill_on_drop: false }`
[INFO] running `Command { std: "docker" "create" "-v" "/var/lib/crater-agent-workspace/builds/worker-0-tc2/source:/opt/rustwide/workdir:ro,Z" "-v" "/var/lib/crater-agent-workspace/builds/worker-0-tc2/target:/opt/rustwide/target:rw,Z" "-v" "/var/lib/crater-agent-workspace/cargo-home:/opt/rustwide/cargo-home:ro,Z" "-v" "/var/lib/crater-agent-workspace/rustup-home:/opt/rustwide/rustup-home:ro,Z" "-m" "1610612736" "--network" "none" "ghcr.io/rust-lang/crates-build-env/linux@sha256:77db811e55d90add9212f6832c23229e3de5f1c1f9905e8cb07319ea15df73ac" "sleep" "infinity", kill_on_drop: false }`
[INFO] [stdout] 9381f92758ea2548d5b4ee3b8d16beace988c4ce7cfa57f338157a419fee55b8
[INFO] running `Command { std: "docker" "start" "9381f92758ea2548d5b4ee3b8d16beace988c4ce7cfa57f338157a419fee55b8", kill_on_drop: false }`
[INFO] running `Command { std: "docker" "inspect" "9381f92758ea2548d5b4ee3b8d16beace988c4ce7cfa57f338157a419fee55b8", kill_on_drop: false }`
[INFO] running `Command { std: "docker" "exec" "-e" "SOURCE_DIR=/opt/rustwide/workdir" "-e" "CARGO_HOME=/opt/rustwide/cargo-home" "-e" "RUSTUP_HOME=/opt/rustwide/rustup-home" "-e" "CARGO_TARGET_DIR=/opt/rustwide/target" "-w" "/opt/rustwide/workdir" "--user" "0:0" "9381f92758ea2548d5b4ee3b8d16beace988c4ce7cfa57f338157a419fee55b8" "/opt/rustwide/cargo-home/bin/cargo" "+c60b92c03ca8a3b101eb9d57f51e2232690638c7" "metadata" "--no-deps" "--format-version=1", kill_on_drop: false }`
[INFO] running `Command { std: "docker" "inspect" "9381f92758ea2548d5b4ee3b8d16beace988c4ce7cfa57f338157a419fee55b8", kill_on_drop: false }`
[INFO] running `Command { std: "docker" "exec" "-e" "SOURCE_DIR=/opt/rustwide/workdir" "-e" "CARGO_HOME=/opt/rustwide/cargo-home" "-e" "RUSTUP_HOME=/opt/rustwide/rustup-home" "-e" "CARGO_TARGET_DIR=/opt/rustwide/target" "-e" "CARGO_INCREMENTAL=0" "-e" "RUST_BACKTRACE=full" "-e" "RUSTFLAGS=--cap-lints=forbid" "-e" "RUSTDOCFLAGS=--cap-lints=forbid" "-w" "/opt/rustwide/workdir" "--user" "0:0" "9381f92758ea2548d5b4ee3b8d16beace988c4ce7cfa57f338157a419fee55b8" "/opt/rustwide/cargo-home/bin/cargo" "+c60b92c03ca8a3b101eb9d57f51e2232690638c7" "check" "--frozen" "--all" "--all-targets" "--message-format=json", kill_on_drop: false }`
[INFO] [stderr]    Compiling find-msvc-tools v0.1.9
[INFO] [stderr]    Compiling pkg-config v0.3.33
[INFO] [stderr]    Compiling serde_core v1.0.229
[INFO] [stderr]    Compiling libc v0.2.186
[INFO] [stderr]    Compiling serde v1.0.229
[INFO] [stderr]    Compiling syn v2.0.118
[INFO] [stderr]    Compiling syn v3.0.6
[INFO] [stderr]     Checking smallvec v1.15.2
[INFO] [stderr]     Checking futures-core v0.3.32
[INFO] [stderr]     Checking typenum v1.20.1
[INFO] [stderr]     Checking futures-sink v0.3.32
[INFO] [stderr]     Checking mio v1.2.2
[INFO] [stderr]     Checking socket2 v0.6.4
[INFO] [stderr]     Checking writeable v0.6.3
[INFO] [stderr]     Checking litemap v0.8.2
[INFO] [stderr]    Compiling icu_normalizer_data v2.2.0
[INFO] [stderr]    Compiling icu_properties_data v2.2.0
[INFO] [stderr]    Compiling crossbeam-utils v0.8.22
[INFO] [stderr]     Checking futures-io v0.3.32
[INFO] [stderr]     Checking slab v0.4.12
[INFO] [stderr]     Checking futures-task v0.3.32
[INFO] [stderr]    Compiling thiserror v2.0.21
[INFO] [stderr]    Compiling aws-lc-rs v1.18.1
[INFO] [stderr]     Checking cmov v0.5.4
[INFO] [stderr]    Compiling jobserver v0.1.35
[INFO] [stderr]     Checking rustls-pki-types v1.15.0
[INFO] [stderr]     Checking ctutils v0.4.2
[INFO] [stderr]     Checking getrandom v0.2.17
[INFO] [stderr]     Checking const-oid v0.10.2
[INFO] [stderr]    Compiling zerocopy v0.8.54
[INFO] [stderr]    Compiling cc v1.2.67
[INFO] [stderr]    Compiling generic-array v0.14.9
[INFO] [stderr]    Compiling rustls v0.23.45
[INFO] [stderr]     Checking http-body v1.0.1
[INFO] [stderr]    Compiling serde_json v1.0.151
[INFO] [stderr]     Checking getrandom v0.4.3
[INFO] [stderr]     Checking futures-channel v0.3.32
[INFO] [stderr]     Checking hybrid-array v0.4.13
[INFO] [stderr]    Compiling crossbeam-epoch v0.9.20
[INFO] [stderr]     Checking webpki-roots v1.0.8
[INFO] [stderr]     Checking spin v0.9.8
[INFO] [stderr]    Compiling time-core v0.1.9
[INFO] [stderr]    Compiling num-conv v0.2.2
[INFO] [stderr]    Compiling crossbeam-deque v0.8.7
[INFO] [stderr]    Compiling zstd-safe v7.2.4
[INFO] [stderr]    Compiling time-macros v0.2.31
[INFO] [stderr]     Checking crypto-common v0.1.6
[INFO] [stderr]     Checking block-buffer v0.10.4
[INFO] [stderr]     Checking crypto-common v0.2.2
[INFO] [stderr]     Checking block-buffer v0.12.1
[INFO] [stderr]    Compiling cmake v0.1.58
[INFO] [stderr]     Checking deranged v0.5.8
[INFO] [stderr]     Checking nom v7.1.3
[INFO] [stderr]    Compiling aws-lc-sys v0.45.0
[INFO] [stderr]    Compiling ring v0.17.14
[INFO] [stderr]    Compiling zstd-sys v2.1.0+zstd.1.5.7
[INFO] [stderr]     Checking digest v0.11.3
[INFO] [stderr]    Compiling openssl-sys v0.9.117
[INFO] [stderr]     Checking time v0.3.53
[INFO] [stderr]     Checking tinyvec v1.12.0
[INFO] [stderr]    Compiling synstructure v0.13.2
[INFO] [stderr]     Checking digest v0.10.7
[INFO] [stderr]     Checking http-body-util v0.1.3
[INFO] [stderr]     Checking sync_wrapper v1.0.2
[INFO] [stderr]     Checking byteorder v1.5.0
[INFO] [stderr]    Compiling semver v1.0.28
[INFO] [stderr]     Checking sha2 v0.10.9
[INFO] [stderr]    Compiling rustc_version v0.4.1
[INFO] [stderr]     Checking rusticata-macros v4.1.0
[INFO] [stderr]     Checking rayon-core v1.13.0
[INFO] [stderr]     Checking parking_lot_core v0.9.12
[INFO] [stderr]     Checking sha2 v0.11.0
[INFO] [stderr]     Checking compression-core v0.4.32
[INFO] [stderr]     Checking seiza-stats v0.1.0
[INFO] [stderr]     Checking ipnet v2.12.0
[INFO] [stderr]     Checking png v0.18.1
[INFO] [stderr]    Compiling displaydoc v0.2.6
[INFO] [stderr]    Compiling zerofrom-derive v0.1.7
[INFO] [stderr]    Compiling serde_derive v1.0.229
[INFO] [stderr]    Compiling yoke-derive v0.8.2
[INFO] [stderr]    Compiling zerovec-derive v0.11.3
[INFO] [stderr]    Compiling tokio-macros v2.7.0
[INFO] [stderr]    Compiling tracing-attributes v0.1.31
[INFO] [stderr]     Checking tokio v1.53.2
[INFO] [stderr]    Compiling futures-macro v0.3.32
[INFO] [stderr]     Checking zerofrom v0.1.8
[INFO] [stderr]     Checking yoke v0.8.3
[INFO] [stderr]    Compiling thiserror-impl v2.0.21
[INFO] [stderr]     Checking zerovec v0.11.6
[INFO] [stderr]     Checking zerotrie v0.2.4
[INFO] [stderr]     Checking futures-util v0.3.32
[INFO] [stderr]     Checking tracing v0.1.44
[INFO] [stderr]     Checking tinystr v0.8.3
[INFO] [stderr]     Checking icu_locale_core v2.2.0
[INFO] [stderr]     Checking potential_utf v0.1.5
[INFO] [stderr]     Checking icu_collections v2.2.0
[INFO] [stderr]    Compiling bytemuck_derive v1.12.1
[INFO] [stderr]     Checking icu_provider v2.2.0
[INFO] [stderr]     Checking bytemuck v1.25.1
[INFO] [stderr]     Checking icu_normalizer v2.2.0
[INFO] [stderr]     Checking icu_properties v2.2.0
[INFO] [stderr]    Compiling zerocopy-derive v0.8.54
[INFO] [stderr]    Compiling thiserror-impl v1.0.69
[INFO] [stderr]     Checking idna_adapter v1.2.2
[INFO] [stderr]     Checking idna v1.1.0
[INFO] [stderr]     Checking chrono v0.4.45
[INFO] [stderr]     Checking url v2.5.8
[INFO] [stderr]     Checking thiserror v1.0.69
[INFO] [stderr]    Compiling asn1-rs-impl v0.2.0
[INFO] [stderr]    Compiling asn1-rs-derive v0.5.1
[INFO] [stderr]     Checking font-types v0.12.6
[INFO] [stderr]    Compiling multiversion-macros v0.9.0
[INFO] [stderr]     Checking asn1-rs v0.6.2
[INFO] [stderr]     Checking rayon v1.12.0
[INFO] [stderr]     Checking parking_lot v0.12.5
[INFO] [stderr]    Compiling heapless v0.7.17
[INFO] [stderr]     Checking concurrent-queue v2.5.0
[INFO] [stderr]     Checking num-integer v0.1.46
[INFO] [stderr]     Checking memmap2 v0.9.11
[INFO] [stderr]     Checking option-ext v0.2.0
[INFO] [stderr]     Checking unicode-bidi v0.3.18
[INFO] [stderr]     Checking ryu v1.0.23
[INFO] [stderr]    Compiling oid-registry v0.7.1
[INFO] [stderr]    Compiling openssl v0.10.81
[INFO] [stderr]     Checking crc-catalog v2.5.0
[INFO] [stderr]     Checking base64urlsafedata v0.5.5
[INFO] [stderr]     Checking crc v3.4.0
[INFO] [stderr]     Checking event-listener v5.4.1
[INFO] [stderr]     Checking serde_urlencoded v0.7.1
[INFO] [stderr]     Checking dirs-sys v0.5.0
[INFO] [stderr]     Checking multiversion v0.9.0
[INFO] [stderr]    Compiling slotmap v1.1.1
[INFO] [stderr]     Checking num-bigint v0.4.8
[INFO] [stderr]     Checking futures-intrusive v0.5.0
[INFO] [stderr]     Checking read-fonts v0.41.0
[INFO] [stderr]     Checking hyper v1.10.1
[INFO] [stderr]     Checking tower v0.5.3
[INFO] [stderr]     Checking tokio-util v0.7.18
[INFO] [stderr]     Checking tokio-stream v0.1.18
[INFO] [stderr]    Compiling openssl-macros v0.1.1
[INFO] [stderr]     Checking hyper-util v0.1.20
[INFO] [stderr]     Checking hashlink v0.11.1
[INFO] [stderr]     Checking hash32 v0.2.1
[INFO] [stderr]    Compiling libsqlite3-sys v0.30.1
[INFO] [stderr]     Checking crossbeam-queue v0.3.13
[INFO] [stderr]    Compiling webauthn-attestation-ca v0.5.5
[INFO] [stderr]     Checking roxmltree v0.20.0
[INFO] [stderr]    Compiling zstd-safe v8.0.0
[INFO] [stderr]     Checking moxcms v0.8.1
[INFO] [stderr]     Checking fontconfig-parser v0.5.8
[INFO] [stderr]     Checking tiny-skia-path v0.12.0
[INFO] [stderr]     Checking zstd v0.13.3
[INFO] [stderr]     Checking half v2.7.1
[INFO] [stderr]     Checking ppv-lite86 v0.2.21
[INFO] [stderr]     Checking compression-codecs v0.4.38
[INFO] [stderr]     Checking async-compression v0.4.42
[INFO] [stderr]    Compiling mime_guess v2.0.5
[INFO] [stderr]     Checking tiff v0.11.3
[INFO] [stderr]     Checking rand_chacha v0.9.0
[INFO] [stderr]     Checking tower-http v0.6.11
[INFO] [stderr]     Checking kurbo v0.13.1
[INFO] [stderr]     Checking der-parser v9.0.0
[INFO] [stderr]     Checking directories v6.0.0
[INFO] [stderr]     Checking cobs v0.3.0
[INFO] [stderr]     Checking unicode-normalization v0.1.25
[INFO] [stderr]     Checking hmac v0.13.0
[INFO] [stderr]     Checking uuid v1.27.0
[INFO] [stderr]     Checking atoi v2.0.0
[INFO] [stderr]    Compiling multer v3.1.0
[INFO] [stderr]     Checking seiza-imgproc v0.3.2
[INFO] [stderr]     Checking mutate_once v0.1.2
[INFO] [stderr]     Checking unicode-properties v0.1.4
[INFO] [stderr]     Checking data-encoding v2.11.0
[INFO] [stderr]    Compiling satkit v0.24.1
[INFO] [stderr]    Compiling webauthn-rs-core v0.5.5
[INFO] [stderr]     Checking base64 v0.23.1
[INFO] [stderr]     Checking regex-automata v0.4.15
[INFO] [stderr]     Checking x509-parser v0.16.0
[INFO] [stderr]     Checking seiza-calibration v0.4.2
[INFO] [stderr]     Checking stringprep v0.1.5
[INFO] [stderr]     Checking svgtypes v0.16.1
[INFO] [stderr]     Checking kamadak-exif v0.6.1
[INFO] [stderr]     Checking rand v0.10.2
[INFO] [stderr]     Checking image v0.25.10
[INFO] [stderr]     Checking hkdf v0.13.0
[INFO] [stderr]     Checking postcard v1.1.3
[INFO] [stderr]     Checking skrifa v0.44.0
[INFO] [stderr]     Checking harfrust v0.12.0
[INFO] [stderr]     Checking fontdb v0.24.0
[INFO] [stderr]     Checking rand v0.9.5
[INFO] [stderr]     Checking tempfile v3.27.0
[INFO] [stderr]     Checking serde_cbor_2 v0.13.0
[INFO] [stderr]     Checking seiza-stretch v0.2.2
[INFO] [stderr]     Checking webauthn-rs-proto v0.5.5
[INFO] [stderr]     Checking futures-executor v0.3.32
[INFO] [stderr]     Checking numeris v0.6.0
[INFO] [stderr]     Checking md-5 v0.11.0
[INFO] [stderr]     Checking flume v0.12.0
[INFO] [stderr]    Compiling cookie v0.18.2
[INFO] [stderr]     Checking simplecss v0.2.2
[INFO] [stderr]     Checking fs2 v0.4.3
[INFO] [stderr]     Checking process_path v0.1.4
[INFO] [stderr]     Checking roxmltree v0.21.1
[INFO] [stderr]     Checking keccak v0.2.2
[INFO] [stderr]     Checking whoami v2.1.2
[INFO] [stderr]     Checking unicode-script v0.5.8
[INFO] [stderr]     Checking unicode-vo v0.1.0
[INFO] [stderr]     Checking xmlwriter v0.1.0
[INFO] [stderr]     Checking sponge-cursor v0.1.0
[INFO] [stderr]     Checking unicase v2.9.0
[INFO] [stderr]    Compiling anyhow v1.0.104
[INFO] [stderr]     Checking imagesize v0.15.0
[INFO] [stderr]     Checking twox-hash v2.1.3
[INFO] [stderr]     Checking data-url v0.3.2
[INFO] [stderr]     Checking pico-args v0.5.0
[INFO] [stderr]     Checking lz4_flex v0.14.0
[INFO] [stderr]     Checking sha3 v0.12.0
[INFO] [stderr]     Checking seiza v0.27.0
[INFO] [stderr]     Checking seiza-fits v0.3.0
[INFO] [stderr]     Checking zstd v0.14.0
[INFO] [stderr]     Checking matchers v0.2.0
[INFO] [stderr]     Checking tiny-skia v0.12.0
[INFO] [stdout] error[E0277]: `impl Fn(T) -> f64 + Copy + Sync` cannot be sent between threads safely
[INFO] [stdout]     --> /opt/rustwide/cargo-home/registry/src/index.crates.io-1949cf8c6b5b557f/seiza-fits-0.3.0/src/lib.rs:1177:14
[INFO] [stdout]      |
[INFO] [stdout] 1177 |         .map(|chunk| finite_range(chunk, to_f64))
[INFO] [stdout]      |          --- -------^^^^^^^^^^^^^^^^^^^^^^^^^^^^
[INFO] [stdout]      |          |   |
[INFO] [stdout]      |          |   `impl Fn(T) -> f64 + Copy + Sync` cannot be sent between threads safely
[INFO] [stdout]      |          |   within this `{closure@lib.rs:1177:14}`
[INFO] [stdout]      |          required by a bound introduced by this call
[INFO] [stdout]      |
[INFO] [stdout] note: required because `to_f64` is used within this closure
[INFO] [stdout]     --> /opt/rustwide/cargo-home/registry/src/index.crates.io-1949cf8c6b5b557f/seiza-fits-0.3.0/src/lib.rs:1177:42
[INFO] [stdout]      |
[INFO] [stdout] 1177 |         .map(|chunk| finite_range(chunk, to_f64))
[INFO] [stdout]      |                                          ^^^^^^
[INFO] [stdout] note: required by a bound in `rayon::iter::ParallelIterator::map`
[INFO] [stdout]     --> /opt/rustwide/cargo-home/registry/src/index.crates.io-1949cf8c6b5b557f/rayon-1.12.0/src/iter/mod.rs:595:41
[INFO] [stdout]      |
[INFO] [stdout]  357 | pub trait ParallelIterator: Sized + Send {
[INFO] [stdout] ...
[INFO] [stdout]  593 |     fn map<F, R>(self, map_op: F) -> Map<Self, F>
[INFO] [stdout]  594 |     where
[INFO] [stdout]  595 |         F: Fn(Self::Item) -> R + Sync + Send,
[INFO] [stdout]      |                                         ^^^^ required by this bound in `ParallelIterator::map`
[INFO] [stdout]      = note: the full name for the type has been written to '/opt/rustwide/target/debug/build/seiza-fits/20248865acd7ddc8/out/seiza_fits-20248865acd7ddc8.long-type-8676168060674057592.txt'
[INFO] [stdout]      = note: consider using `--verbose` to print the full type name to the console
[INFO] [stdout] help: use parentheses to call this type parameter
[INFO] [stdout]      |
[INFO] [stdout] 1177 |         .map((|chunk| finite_range(chunk, to_f64))(/* T */))
[INFO] [stdout]      |              +                                   ++++++++++
[INFO] [stdout] help: consider restricting opaque type `impl Fn(T) -> f64 + Copy + Sync` with trait `Send`
[INFO] [stdout]      |
[INFO] [stdout] 1173 |     to_f64: impl Fn(T) -> f64 + Copy + Sync + std::marker::Send,
[INFO] [stdout]      |                                             +++++++++++++++++++
[INFO] [stdout] 
[INFO] [stdout] 
[INFO] [stdout] error[E0277]: `impl Fn(T) -> f64 + Copy + Sync` cannot be sent between threads safely
[INFO] [stdout]     --> /opt/rustwide/cargo-home/registry/src/index.crates.io-1949cf8c6b5b557f/seiza-fits-0.3.0/src/lib.rs:1178:10
[INFO] [stdout]      |
[INFO] [stdout] 1178 |         .reduce(
[INFO] [stdout]      |          ^^^^^^ `impl Fn(T) -> f64 + Copy + Sync` cannot be sent between threads safely
[INFO] [stdout]      |
[INFO] [stdout] note: required because `to_f64` is used within this closure
[INFO] [stdout]     --> /opt/rustwide/cargo-home/registry/src/index.crates.io-1949cf8c6b5b557f/seiza-fits-0.3.0/src/lib.rs:1177:42
[INFO] [stdout]      |
[INFO] [stdout] 1177 |         .map(|chunk| finite_range(chunk, to_f64))
[INFO] [stdout]      |                                          ^^^^^^
[INFO] [stdout] note: required because it appears within the type `Map<Chunks<'_, T>, {closure@lib.rs:1177:14}>`
[INFO] [stdout]     --> /opt/rustwide/cargo-home/registry/src/index.crates.io-1949cf8c6b5b557f/rayon-1.12.0/src/iter/map.rs:14:12
[INFO] [stdout]      |
[INFO] [stdout]   14 | pub struct Map<I, F> {
[INFO] [stdout]      |            ^^^
[INFO] [stdout] note: required by a bound in `rayon::iter::ParallelIterator::reduce`
[INFO] [stdout]     --> /opt/rustwide/cargo-home/registry/src/index.crates.io-1949cf8c6b5b557f/rayon-1.12.0/src/iter/mod.rs:357:37
[INFO] [stdout]      |
[INFO] [stdout]  357 | pub trait ParallelIterator: Sized + Send {
[INFO] [stdout]      |                                     ^^^^ required by this bound in `ParallelIterator::reduce`
[INFO] [stdout] ...
[INFO] [stdout]  983 |     fn reduce<OP, ID>(self, identity: ID, op: OP) -> Self::Item
[INFO] [stdout]      = note: the full name for the type has been written to '/opt/rustwide/target/debug/build/seiza-fits/20248865acd7ddc8/out/seiza_fits-20248865acd7ddc8.long-type-11807123873067177249.txt'
[INFO] [stdout]      = note: consider using `--verbose` to print the full type name to the console
[INFO] [stdout] help: use parentheses to call this type parameter
[INFO] [stdout]      |
[INFO] [stdout] 1177 |         .map(|chunk| finite_range(chunk, to_f64))(/* T */)
[INFO] [stdout]      |                                                  +++++++++
[INFO] [stdout] help: consider restricting opaque type `impl Fn(T) -> f64 + Copy + Sync` with trait `Send`
[INFO] [stdout]      |
[INFO] [stdout] 1173 |     to_f64: impl Fn(T) -> f64 + Copy + Sync + std::marker::Send,
[INFO] [stdout]      |                                             +++++++++++++++++++
[INFO] [stdout] help: consider removing this method call, as the receiver has type `rayon::slice::Chunks<'_, T>` and `rayon::slice::Chunks<'_, T>: Send` trivially holds
[INFO] [stdout]      |
[INFO] [stdout] 1176 -         .par_chunks(PARALLEL_CHUNK)
[INFO] [stdout] 1177 -         .map(|chunk| finite_range(chunk, to_f64))
[INFO] [stdout] 1176 +         .par_chunks(PARALLEL_CHUNK)
[INFO] [stdout]      |
[INFO] [stdout] 
[INFO] [stdout] 
[INFO] [stdout] error[E0277]: `impl Fn(T) -> f64 + Copy + Sync` cannot be sent between threads safely
[INFO] [stdout]     --> /opt/rustwide/cargo-home/registry/src/index.crates.io-1949cf8c6b5b557f/seiza-fits-0.3.0/src/lib.rs:1175:22
[INFO] [stdout]      |
[INFO] [stdout] 1175 |       let (min, max) = values
[INFO] [stdout]      |  ______________________^
[INFO] [stdout] 1176 | |         .par_chunks(PARALLEL_CHUNK)
[INFO] [stdout] 1177 | |         .map(|chunk| finite_range(chunk, to_f64))
[INFO] [stdout]      | |              ------- within this `{closure@lib.rs:1177:14}`
[INFO] [stdout] 1178 | |         .reduce(
[INFO] [stdout] 1179 | |             || (f64::INFINITY, f64::NEG_INFINITY),
[INFO] [stdout] 1180 | |             |(min_a, max_a), (min_b, max_b)| (min_a.min(min_b), max_a.max(max_b)),
[INFO] [stdout] 1181 | |         );
[INFO] [stdout]      | |_________^ `impl Fn(T) -> f64 + Copy + Sync` cannot be sent between threads safely
[INFO] [stdout]      |
[INFO] [stdout] note: required because `to_f64` is used within this closure
[INFO] [stdout]     --> /opt/rustwide/cargo-home/registry/src/index.crates.io-1949cf8c6b5b557f/seiza-fits-0.3.0/src/lib.rs:1177:42
[INFO] [stdout]      |
[INFO] [stdout] 1177 |         .map(|chunk| finite_range(chunk, to_f64))
[INFO] [stdout]      |                                          ^^^^^^
[INFO] [stdout]      = note: required for `Map<Chunks<'_, T>, {closure@lib.rs:1177:14}>` to implement `rayon::iter::ParallelIterator`
[INFO] [stdout]      = note: the full name for the type has been written to '/opt/rustwide/target/debug/build/seiza-fits/20248865acd7ddc8/out/seiza_fits-20248865acd7ddc8.long-type-8676168060674057592.txt'
[INFO] [stdout]      = note: consider using `--verbose` to print the full type name to the console
[INFO] [stdout] help: consider restricting opaque type `impl Fn(T) -> f64 + Copy + Sync` with trait `Send`
[INFO] [stdout]      |
[INFO] [stdout] 1173 |     to_f64: impl Fn(T) -> f64 + Copy + Sync + std::marker::Send,
[INFO] [stdout]      |                                             +++++++++++++++++++
[INFO] [stdout] 
[INFO] [stdout] 
[INFO] [stdout] For more information about this error, try `rustc --explain E0277`.
[INFO] [stdout] 
[INFO] [stderr] error: could not compile `seiza-fits` (lib) due to 3 previous errors
[INFO] [stderr] warning: build failed, waiting for other jobs to finish...
[INFO] running `Command { std: "docker" "inspect" "9381f92758ea2548d5b4ee3b8d16beace988c4ce7cfa57f338157a419fee55b8", kill_on_drop: false }`
[INFO] running `Command { std: "docker" "rm" "-f" "9381f92758ea2548d5b4ee3b8d16beace988c4ce7cfa57f338157a419fee55b8", kill_on_drop: false }`
[INFO] [stdout] 9381f92758ea2548d5b4ee3b8d16beace988c4ce7cfa57f338157a419fee55b8
