[INFO] cloning repository https://github.com/theatrus/seiza-mac
[INFO] running `Command { std: "git" "-c" "credential.helper=" "-c" "credential.helper=/workspace/cargo-home/bin/git-credential-null" "clone" "--bare" "https://github.com/theatrus/seiza-mac" "/workspace/cache/git-repos/https%3A%2F%2Fgithub.com%2Ftheatrus%2Fseiza-mac", kill_on_drop: false }`
[INFO] [stderr] Cloning into bare repository '/workspace/cache/git-repos/https%3A%2F%2Fgithub.com%2Ftheatrus%2Fseiza-mac'...
[INFO] running `Command { std: "git" "rev-parse" "HEAD", kill_on_drop: false }`
[INFO] [stdout] 1b450aea3eb15a9e9a72313d73072903e13ce171
[INFO] checking theatrus/seiza-mac against c60b92c03ca8a3b101eb9d57f51e2232690638c7 for pr-164148-crater-rollup
[INFO] running `Command { std: "git" "clone" "/workspace/cache/git-repos/https%3A%2F%2Fgithub.com%2Ftheatrus%2Fseiza-mac" "/workspace/builds/worker-3-tc2/source", kill_on_drop: false }`
[INFO] [stderr] Cloning into '/workspace/builds/worker-3-tc2/source'...
[INFO] [stderr] done.
[INFO] removed /workspace/builds/worker-3-tc2/source/rust-toolchain.toml
[INFO] started tweaking git repo https://github.com/theatrus/seiza-mac
[INFO] finished tweaking git repo https://github.com/theatrus/seiza-mac
[INFO] tweaked toml for git repo https://github.com/theatrus/seiza-mac written to /workspace/builds/worker-3-tc2/source/Cargo.toml
[INFO] validating manifest of git repo https://github.com/theatrus/seiza-mac on toolchain c60b92c03ca8a3b101eb9d57f51e2232690638c7
[INFO] running `Command { std: CARGO_HOME="/workspace/cargo-home" RUSTUP_HOME="/workspace/rustup-home" "/workspace/cargo-home/bin/cargo" "+c60b92c03ca8a3b101eb9d57f51e2232690638c7" "metadata" "--manifest-path" "Cargo.toml" "--no-deps", kill_on_drop: false }`
[INFO] crate git repo https://github.com/theatrus/seiza-mac already has a lockfile, it will not be regenerated
[INFO] running `Command { std: CARGO_HOME="/workspace/cargo-home" RUSTUP_HOME="/workspace/rustup-home" "/workspace/cargo-home/bin/cargo" "+c60b92c03ca8a3b101eb9d57f51e2232690638c7" "fetch" "--manifest-path" "Cargo.toml", kill_on_drop: false }`
[INFO] running `Command { std: "docker" "create" "-v" "/var/lib/crater-agent-workspace/builds/worker-3-tc2/source:/opt/rustwide/workdir:ro,Z" "-v" "/var/lib/crater-agent-workspace/builds/worker-3-tc2/target:/opt/rustwide/target:rw,Z" "-v" "/var/lib/crater-agent-workspace/cargo-home:/opt/rustwide/cargo-home:ro,Z" "-v" "/var/lib/crater-agent-workspace/rustup-home:/opt/rustwide/rustup-home:ro,Z" "-m" "1610612736" "--network" "none" "ghcr.io/rust-lang/crates-build-env/linux@sha256:77db811e55d90add9212f6832c23229e3de5f1c1f9905e8cb07319ea15df73ac" "sleep" "infinity", kill_on_drop: false }`
[INFO] [stdout] 27d6a790779898b7c76ec8eb4b4815365cb7624c12b44009c4c6281a0bd9e43e
[INFO] running `Command { std: "docker" "start" "27d6a790779898b7c76ec8eb4b4815365cb7624c12b44009c4c6281a0bd9e43e", kill_on_drop: false }`
[INFO] running `Command { std: "docker" "inspect" "27d6a790779898b7c76ec8eb4b4815365cb7624c12b44009c4c6281a0bd9e43e", kill_on_drop: false }`
[INFO] running `Command { std: "docker" "exec" "-e" "SOURCE_DIR=/opt/rustwide/workdir" "-e" "CARGO_HOME=/opt/rustwide/cargo-home" "-e" "RUSTUP_HOME=/opt/rustwide/rustup-home" "-e" "CARGO_TARGET_DIR=/opt/rustwide/target" "-w" "/opt/rustwide/workdir" "--user" "0:0" "27d6a790779898b7c76ec8eb4b4815365cb7624c12b44009c4c6281a0bd9e43e" "/opt/rustwide/cargo-home/bin/cargo" "+c60b92c03ca8a3b101eb9d57f51e2232690638c7" "metadata" "--no-deps" "--format-version=1", kill_on_drop: false }`
[INFO] running `Command { std: "docker" "inspect" "27d6a790779898b7c76ec8eb4b4815365cb7624c12b44009c4c6281a0bd9e43e", kill_on_drop: false }`
[INFO] running `Command { std: "docker" "exec" "-e" "SOURCE_DIR=/opt/rustwide/workdir" "-e" "CARGO_HOME=/opt/rustwide/cargo-home" "-e" "RUSTUP_HOME=/opt/rustwide/rustup-home" "-e" "CARGO_TARGET_DIR=/opt/rustwide/target" "-e" "CARGO_INCREMENTAL=0" "-e" "RUST_BACKTRACE=full" "-e" "RUSTFLAGS=--cap-lints=forbid" "-e" "RUSTDOCFLAGS=--cap-lints=forbid" "-w" "/opt/rustwide/workdir" "--user" "0:0" "27d6a790779898b7c76ec8eb4b4815365cb7624c12b44009c4c6281a0bd9e43e" "/opt/rustwide/cargo-home/bin/cargo" "+c60b92c03ca8a3b101eb9d57f51e2232690638c7" "check" "--frozen" "--all" "--all-targets" "--message-format=json", kill_on_drop: false }`
[INFO] [stderr]     Checking typenum v1.20.1
[INFO] [stderr]    Compiling libc v0.2.189
[INFO] [stderr]    Compiling syn v2.0.119
[INFO] [stderr]    Compiling syn v3.0.3
[INFO] [stderr]    Compiling thiserror v2.0.19
[INFO] [stderr]     Checking flate2 v1.1.9
[INFO] [stderr]    Compiling crossbeam-utils v0.8.22
[INFO] [stderr]     Checking futures-core v0.3.33
[INFO] [stderr]    Compiling crossbeam-epoch v0.9.20
[INFO] [stderr]    Compiling crossbeam-deque v0.8.7
[INFO] [stderr]    Compiling aws-lc-rs v1.18.2
[INFO] [stderr]     Checking rustls-pki-types v1.15.0
[INFO] [stderr]     Checking either v1.16.0
[INFO] [stderr]    Compiling rustls v0.23.42
[INFO] [stderr]    Compiling rustversion v1.0.23
[INFO] [stderr]     Checking futures-task v0.3.33
[INFO] [stderr]     Checking bytemuck v1.25.2
[INFO] [stderr]     Checking futures-channel v0.3.33
[INFO] [stderr]    Compiling serde_json v1.0.151
[INFO] [stderr]    Compiling zerocopy v0.8.55
[INFO] [stderr]     Checking compression-core v0.4.32
[INFO] [stderr]     Checking sync_wrapper v1.0.2
[INFO] [stderr]     Checking seiza-stats v0.1.0
[INFO] [stderr]     Checking rayon-core v1.13.0
[INFO] [stderr]     Checking futures-sink v0.3.33
[INFO] [stderr]     Checking log v0.4.33
[INFO] [stderr]     Checking rustls-native-certs v0.8.5
[INFO] [stderr]     Checking safe_arch v1.1.0
[INFO] [stderr]     Checking http-body-util v0.1.4
[INFO] [stderr]     Checking approx v0.5.1
[INFO] [stderr]     Checking rayon v1.12.0
[INFO] [stderr]    Compiling serde_core v1.0.229
[INFO] [stderr]    Compiling jobserver v0.1.35
[INFO] [stderr]    Compiling matrixmultiply v0.3.11
[INFO] [stderr]    Compiling cc v1.3.0
[INFO] [stderr]     Checking hybrid-array v0.4.13
[INFO] [stderr]     Checking zune-jpeg v0.5.15
[INFO] [stderr]     Checking wide v1.6.1
[INFO] [stderr]     Checking num-complex v0.4.6
[INFO] [stderr]     Checking crypto-common v0.2.2
[INFO] [stderr]    Compiling cmake v0.1.58
[INFO] [stderr]     Checking block-buffer v0.12.1
[INFO] [stderr]     Checking digest v0.11.3
[INFO] [stderr]     Checking num-integer v0.1.47
[INFO] [stderr]     Checking sha2 v0.11.0
[INFO] [stderr]     Checking weezl v0.1.12
[INFO] [stderr]    Compiling zstd-sys v2.1.1+zstd.1.5.7
[INFO] [stderr]    Compiling aws-lc-sys v0.46.0
[INFO] [stderr]    Compiling utf8parse v0.2.2
[INFO] [stderr]     Checking fax v0.2.7
[INFO] [stderr]     Checking base64 v0.23.1
[INFO] [stderr]    Compiling synstructure v0.13.2
[INFO] [stderr]     Checking option-ext v0.2.0
[INFO] [stderr]    Compiling zstd-safe v8.1.0
[INFO] [stderr]     Checking dirs-sys v0.5.0
[INFO] [stderr]     Checking moxcms v0.8.1
[INFO] [stderr]    Compiling anstyle-parse v1.0.0
[INFO] [stderr]     Checking png v0.18.1
[INFO] [stderr]     Checking num-rational v0.4.2
[INFO] [stderr]     Checking generic-array v0.14.7
[INFO] [stderr]    Compiling zerofrom-derive v0.1.7
[INFO] [stderr]    Compiling serde_derive v1.0.229
[INFO] [stderr]    Compiling yoke-derive v0.8.2
[INFO] [stderr]    Compiling zerovec-derive v0.11.3
[INFO] [stderr]     Checking zerofrom v0.1.8
[INFO] [stderr]    Compiling thiserror-impl v2.0.19
[INFO] [stderr]     Checking yoke v0.8.3
[INFO] [stderr]    Compiling displaydoc v0.2.6
[INFO] [stderr]     Checking zerovec v0.11.6
[INFO] [stderr]    Compiling tokio-macros v2.7.1
[INFO] [stderr]     Checking tinystr v0.8.3
[INFO] [stderr]     Checking potential_utf v0.1.5
[INFO] [stderr]     Checking zerotrie v0.2.4
[INFO] [stderr]     Checking icu_locale_core v2.2.0
[INFO] [stderr]     Checking icu_collections v2.2.0
[INFO] [stderr]     Checking tokio v1.53.2
[INFO] [stderr]    Compiling futures-macro v0.3.33
[INFO] [stderr]    Compiling multiversion-macros v0.9.0
[INFO] [stderr]     Checking icu_provider v2.2.0
[INFO] [stderr]     Checking futures-util v0.3.33
[INFO] [stderr]     Checking icu_properties v2.2.0
[INFO] [stderr]     Checking serde v1.0.229
[INFO] [stderr]     Checking icu_normalizer v2.2.0
[INFO] [stderr]    Compiling zerocopy-derive v0.8.55
[INFO] [stderr]     Checking multiversion v0.9.0
[INFO] [stderr]     Checking serde_urlencoded v0.7.1
[INFO] [stderr]     Checking simba v0.10.2
[INFO] [stderr]    Compiling heapless v0.7.17
[INFO] [stderr]     Checking idna_adapter v1.2.2
[INFO] [stderr]    Compiling colorchoice v1.0.5
[INFO] [stderr]     Checking idna v1.1.0
[INFO] [stderr]    Compiling anstyle v1.0.14
[INFO] [stderr]    Compiling anstyle-query v1.1.5
[INFO] [stderr]    Compiling is_terminal_polyfill v1.70.2
[INFO] [stderr]     Checking url v2.5.8
[INFO] [stderr]    Compiling anstream v1.0.0
[INFO] [stderr]     Checking hash32 v0.2.1
[INFO] [stderr]     Checking seiza-stretch v0.2.2
[INFO] [stderr]     Checking spin v0.9.9
[INFO] [stderr]     Checking directories v6.0.0
[INFO] [stderr]     Checking seiza-imgproc v0.3.2
[INFO] [stderr]     Checking fs2 v0.4.3
[INFO] [stderr]     Checking keccak v0.2.2
[INFO] [stderr]     Checking twox-hash v2.1.3
[INFO] [stderr]    Compiling winnow v1.0.4
[INFO] [stderr]     Checking sponge-cursor v0.1.0
[INFO] [stderr]    Compiling clap_lex v1.1.0
[INFO] [stderr]    Compiling linux-raw-sys v0.12.1
[INFO] [stderr]    Compiling bitflags v2.13.1
[INFO] [stderr]    Compiling clap_builder v4.6.2
[INFO] [stderr]     Checking sha3 v0.12.0
[INFO] [stderr]    Compiling toml_parser v1.1.2+spec-1.1.0
[INFO] [stderr]    Compiling rustix v1.1.4
[INFO] [stderr]    Compiling getrandom v0.4.3
[INFO] [stderr]     Checking lz4_flex v0.14.0
[INFO] [stderr]     Checking seiza-fits v0.3.0
[INFO] [stdout] error[E0277]: `impl Fn(T) -> f64 + Copy + Sync` cannot be sent between threads safely
[INFO] [stdout]     --> /opt/rustwide/cargo-home/registry/src/index.crates.io-1949cf8c6b5b557f/seiza-fits-0.3.0/src/lib.rs:1177:14
[INFO] [stdout]      |
[INFO] [stdout] 1177 |         .map(|chunk| finite_range(chunk, to_f64))
[INFO] [stdout]      |          --- -------^^^^^^^^^^^^^^^^^^^^^^^^^^^^
[INFO] [stdout]      |          |   |
[INFO] [stdout]      |          |   `impl Fn(T) -> f64 + Copy + Sync` cannot be sent between threads safely
[INFO] [stdout]      |          |   within this `{closure@lib.rs:1177:14}`
[INFO] [stdout]      |          required by a bound introduced by this call
[INFO] [stdout]      |
[INFO] [stdout] note: required because `to_f64` is used within this closure
[INFO] [stdout]     --> /opt/rustwide/cargo-home/registry/src/index.crates.io-1949cf8c6b5b557f/seiza-fits-0.3.0/src/lib.rs:1177:42
[INFO] [stdout]      |
[INFO] [stdout] 1177 |         .map(|chunk| finite_range(chunk, to_f64))
[INFO] [stdout]      |                                          ^^^^^^
[INFO] [stdout] note: required by a bound in `rayon::iter::ParallelIterator::map`
[INFO] [stdout]     --> /opt/rustwide/cargo-home/registry/src/index.crates.io-1949cf8c6b5b557f/rayon-1.12.0/src/iter/mod.rs:595:41
[INFO] [stdout]      |
[INFO] [stdout]  357 | pub trait ParallelIterator: Sized + Send {
[INFO] [stdout] ...
[INFO] [stdout]  593 |     fn map<F, R>(self, map_op: F) -> Map<Self, F>
[INFO] [stdout]  594 |     where
[INFO] [stdout]  595 |         F: Fn(Self::Item) -> R + Sync + Send,
[INFO] [stdout]      |                                         ^^^^ required by this bound in `ParallelIterator::map`
[INFO] [stdout]      = note: the full name for the type has been written to '/opt/rustwide/target/debug/build/seiza-fits/7485015fccaa3a81/out/seiza_fits-7485015fccaa3a81.long-type-11205159721158673012.txt'
[INFO] [stdout]      = note: consider using `--verbose` to print the full type name to the console
[INFO] [stdout] help: use parentheses to call this type parameter
[INFO] [stdout]      |
[INFO] [stdout] 1177 |         .map((|chunk| finite_range(chunk, to_f64))(/* T */))
[INFO] [stdout]      |              +                                   ++++++++++
[INFO] [stdout] help: consider restricting opaque type `impl Fn(T) -> f64 + Copy + Sync` with trait `Send`
[INFO] [stdout]      |
[INFO] [stdout] 1173 |     to_f64: impl Fn(T) -> f64 + Copy + Sync + std::marker::Send,
[INFO] [stdout]      |                                             +++++++++++++++++++
[INFO] [stdout] 
[INFO] [stdout] 
[INFO] [stdout] error[E0277]: `impl Fn(T) -> f64 + Copy + Sync` cannot be sent between threads safely
[INFO] [stdout]     --> /opt/rustwide/cargo-home/registry/src/index.crates.io-1949cf8c6b5b557f/seiza-fits-0.3.0/src/lib.rs:1178:10
[INFO] [stdout]      |
[INFO] [stdout] 1178 |         .reduce(
[INFO] [stdout]      |          ^^^^^^ `impl Fn(T) -> f64 + Copy + Sync` cannot be sent between threads safely
[INFO] [stdout]      |
[INFO] [stdout] note: required because `to_f64` is used within this closure
[INFO] [stdout]     --> /opt/rustwide/cargo-home/registry/src/index.crates.io-1949cf8c6b5b557f/seiza-fits-0.3.0/src/lib.rs:1177:42
[INFO] [stdout]      |
[INFO] [stdout] 1177 |         .map(|chunk| finite_range(chunk, to_f64))
[INFO] [stdout]      |                                          ^^^^^^
[INFO] [stdout] note: required because it appears within the type `Map<Chunks<'_, T>, {closure@lib.rs:1177:14}>`
[INFO] [stdout]     --> /opt/rustwide/cargo-home/registry/src/index.crates.io-1949cf8c6b5b557f/rayon-1.12.0/src/iter/map.rs:14:12
[INFO] [stdout]      |
[INFO] [stdout]   14 | pub struct Map<I, F> {
[INFO] [stdout]      |            ^^^
[INFO] [stdout] note: required by a bound in `rayon::iter::ParallelIterator::reduce`
[INFO] [stdout]     --> /opt/rustwide/cargo-home/registry/src/index.crates.io-1949cf8c6b5b557f/rayon-1.12.0/src/iter/mod.rs:357:37
[INFO] [stdout]      |
[INFO] [stdout]  357 | pub trait ParallelIterator: Sized + Send {
[INFO] [stdout]      |                                     ^^^^ required by this bound in `ParallelIterator::reduce`
[INFO] [stdout] ...
[INFO] [stdout]  983 |     fn reduce<OP, ID>(self, identity: ID, op: OP) -> Self::Item
[INFO] [stdout]      = note: the full name for the type has been written to '/opt/rustwide/target/debug/build/seiza-fits/7485015fccaa3a81/out/seiza_fits-7485015fccaa3a81.long-type-5221740491044755857.txt'
[INFO] [stdout]      = note: consider using `--verbose` to print the full type name to the console
[INFO] [stdout] help: use parentheses to call this type parameter
[INFO] [stdout]      |
[INFO] [stdout] 1177 |         .map(|chunk| finite_range(chunk, to_f64))(/* T */)
[INFO] [stdout]      |                                                  +++++++++
[INFO] [stdout] help: consider restricting opaque type `impl Fn(T) -> f64 + Copy + Sync` with trait `Send`
[INFO] [stdout]      |
[INFO] [stdout] 1173 |     to_f64: impl Fn(T) -> f64 + Copy + Sync + std::marker::Send,
[INFO] [stdout]      |                                             +++++++++++++++++++
[INFO] [stdout] help: consider removing this method call, as the receiver has type `rayon::slice::Chunks<'_, T>` and `rayon::slice::Chunks<'_, T>: Send` trivially holds
[INFO] [stdout]      |
[INFO] [stdout] 1176 -         .par_chunks(PARALLEL_CHUNK)
[INFO] [stdout] 1177 -         .map(|chunk| finite_range(chunk, to_f64))
[INFO] [stdout] 1176 +         .par_chunks(PARALLEL_CHUNK)
[INFO] [stdout]      |
[INFO] [stdout] 
[INFO] [stdout] 
[INFO] [stdout] error[E0277]: `impl Fn(T) -> f64 + Copy + Sync` cannot be sent between threads safely
[INFO] [stdout]     --> /opt/rustwide/cargo-home/registry/src/index.crates.io-1949cf8c6b5b557f/seiza-fits-0.3.0/src/lib.rs:1175:22
[INFO] [stdout]      |
[INFO] [stdout] 1175 |       let (min, max) = values
[INFO] [stdout]      |  ______________________^
[INFO] [stdout] 1176 | |         .par_chunks(PARALLEL_CHUNK)
[INFO] [stdout] 1177 | |         .map(|chunk| finite_range(chunk, to_f64))
[INFO] [stdout]      | |              ------- within this `{closure@lib.rs:1177:14}`
[INFO] [stdout] 1178 | |         .reduce(
[INFO] [stdout] 1179 | |             || (f64::INFINITY, f64::NEG_INFINITY),
[INFO] [stdout] 1180 | |             |(min_a, max_a), (min_b, max_b)| (min_a.min(min_b), max_a.max(max_b)),
[INFO] [stdout] 1181 | |         );
[INFO] [stdout]      | |_________^ `impl Fn(T) -> f64 + Copy + Sync` cannot be sent between threads safely
[INFO] [stdout]      |
[INFO] [stdout] note: required because `to_f64` is used within this closure
[INFO] [stdout]     --> /opt/rustwide/cargo-home/registry/src/index.crates.io-1949cf8c6b5b557f/seiza-fits-0.3.0/src/lib.rs:1177:42
[INFO] [stdout]      |
[INFO] [stdout] 1177 |         .map(|chunk| finite_range(chunk, to_f64))
[INFO] [stdout]      |                                          ^^^^^^
[INFO] [stdout]      = note: required for `Map<Chunks<'_, T>, {closure@lib.rs:1177:14}>` to implement `rayon::iter::ParallelIterator`
[INFO] [stdout]      = note: the full name for the type has been written to '/opt/rustwide/target/debug/build/seiza-fits/7485015fccaa3a81/out/seiza_fits-7485015fccaa3a81.long-type-11205159721158673012.txt'
[INFO] [stdout]      = note: consider using `--verbose` to print the full type name to the console
[INFO] [stdout] help: consider restricting opaque type `impl Fn(T) -> f64 + Copy + Sync` with trait `Send`
[INFO] [stdout]      |
[INFO] [stdout] 1173 |     to_f64: impl Fn(T) -> f64 + Copy + Sync + std::marker::Send,
[INFO] [stdout]      |                                             +++++++++++++++++++
[INFO] [stdout] 
[INFO] [stdout] 
[INFO] [stdout] For more information about this error, try `rustc --explain E0277`.
[INFO] [stdout] 
[INFO] [stderr] error: could not compile `seiza-fits` (lib) due to 3 previous errors
[INFO] [stderr] warning: build failed, waiting for other jobs to finish...
[INFO] running `Command { std: "docker" "inspect" "27d6a790779898b7c76ec8eb4b4815365cb7624c12b44009c4c6281a0bd9e43e", kill_on_drop: false }`
[INFO] running `Command { std: "docker" "rm" "-f" "27d6a790779898b7c76ec8eb4b4815365cb7624c12b44009c4c6281a0bd9e43e", kill_on_drop: false }`
[INFO] [stdout] 27d6a790779898b7c76ec8eb4b4815365cb7624c12b44009c4c6281a0bd9e43e
