[INFO] cloning repository https://github.com/summer-54/toaster_api_rs
[INFO] running `Command { std: "git" "-c" "credential.helper=" "-c" "credential.helper=/workspace/cargo-home/bin/git-credential-null" "clone" "--bare" "https://github.com/summer-54/toaster_api_rs" "/workspace/cache/git-repos/https%3A%2F%2Fgithub.com%2Fsummer-54%2Ftoaster_api_rs", kill_on_drop: false }`
[INFO] [stderr] Cloning into bare repository '/workspace/cache/git-repos/https%3A%2F%2Fgithub.com%2Fsummer-54%2Ftoaster_api_rs'...
[INFO] running `Command { std: "git" "rev-parse" "HEAD", kill_on_drop: false }`
[INFO] [stdout] a857d4c4f811d2f75cc7567cfb35813a7a56a040
[INFO] checking summer-54/toaster_api_rs against c60b92c03ca8a3b101eb9d57f51e2232690638c7 for pr-164148-crater-rollup
[INFO] running `Command { std: "git" "clone" "/workspace/cache/git-repos/https%3A%2F%2Fgithub.com%2Fsummer-54%2Ftoaster_api_rs" "/workspace/builds/worker-4-tc2/source", kill_on_drop: false }`
[INFO] [stderr] Cloning into '/workspace/builds/worker-4-tc2/source'...
[INFO] [stderr] done.
[INFO] started tweaking git repo https://github.com/summer-54/toaster_api_rs
[INFO] finished tweaking git repo https://github.com/summer-54/toaster_api_rs
[INFO] tweaked toml for git repo https://github.com/summer-54/toaster_api_rs written to /workspace/builds/worker-4-tc2/source/Cargo.toml
[INFO] validating manifest of git repo https://github.com/summer-54/toaster_api_rs on toolchain c60b92c03ca8a3b101eb9d57f51e2232690638c7
[INFO] running `Command { std: CARGO_HOME="/workspace/cargo-home" RUSTUP_HOME="/workspace/rustup-home" "/workspace/cargo-home/bin/cargo" "+c60b92c03ca8a3b101eb9d57f51e2232690638c7" "metadata" "--manifest-path" "Cargo.toml" "--no-deps", kill_on_drop: false }`
[INFO] crate git repo https://github.com/summer-54/toaster_api_rs already has a lockfile, it will not be regenerated
[INFO] running `Command { std: CARGO_HOME="/workspace/cargo-home" RUSTUP_HOME="/workspace/rustup-home" "/workspace/cargo-home/bin/cargo" "+c60b92c03ca8a3b101eb9d57f51e2232690638c7" "fetch" "--manifest-path" "Cargo.toml", kill_on_drop: false }`
[INFO] running `Command { std: "docker" "create" "-v" "/var/lib/crater-agent-workspace/builds/worker-4-tc2/source:/opt/rustwide/workdir:ro,Z" "-v" "/var/lib/crater-agent-workspace/builds/worker-4-tc2/target:/opt/rustwide/target:rw,Z" "-v" "/var/lib/crater-agent-workspace/cargo-home:/opt/rustwide/cargo-home:ro,Z" "-v" "/var/lib/crater-agent-workspace/rustup-home:/opt/rustwide/rustup-home:ro,Z" "-m" "1610612736" "--network" "none" "ghcr.io/rust-lang/crates-build-env/linux@sha256:77db811e55d90add9212f6832c23229e3de5f1c1f9905e8cb07319ea15df73ac" "sleep" "infinity", kill_on_drop: false }`
[INFO] [stdout] 51d7f7dce57ff2409d925f1b7d8be694db67d1994b5a863667c7885e794eb99e
[INFO] running `Command { std: "docker" "start" "51d7f7dce57ff2409d925f1b7d8be694db67d1994b5a863667c7885e794eb99e", kill_on_drop: false }`
[INFO] running `Command { std: "docker" "inspect" "51d7f7dce57ff2409d925f1b7d8be694db67d1994b5a863667c7885e794eb99e", kill_on_drop: false }`
[INFO] running `Command { std: "docker" "exec" "-e" "SOURCE_DIR=/opt/rustwide/workdir" "-e" "CARGO_HOME=/opt/rustwide/cargo-home" "-e" "RUSTUP_HOME=/opt/rustwide/rustup-home" "-e" "CARGO_TARGET_DIR=/opt/rustwide/target" "-w" "/opt/rustwide/workdir" "--user" "0:0" "51d7f7dce57ff2409d925f1b7d8be694db67d1994b5a863667c7885e794eb99e" "/opt/rustwide/cargo-home/bin/cargo" "+c60b92c03ca8a3b101eb9d57f51e2232690638c7" "metadata" "--no-deps" "--format-version=1", kill_on_drop: false }`
[INFO] running `Command { std: "docker" "inspect" "51d7f7dce57ff2409d925f1b7d8be694db67d1994b5a863667c7885e794eb99e", kill_on_drop: false }`
[INFO] running `Command { std: "docker" "exec" "-e" "SOURCE_DIR=/opt/rustwide/workdir" "-e" "CARGO_HOME=/opt/rustwide/cargo-home" "-e" "RUSTUP_HOME=/opt/rustwide/rustup-home" "-e" "CARGO_TARGET_DIR=/opt/rustwide/target" "-e" "CARGO_INCREMENTAL=0" "-e" "RUST_BACKTRACE=full" "-e" "RUSTFLAGS=--cap-lints=forbid" "-e" "RUSTDOCFLAGS=--cap-lints=forbid" "-w" "/opt/rustwide/workdir" "--user" "0:0" "51d7f7dce57ff2409d925f1b7d8be694db67d1994b5a863667c7885e794eb99e" "/opt/rustwide/cargo-home/bin/cargo" "+c60b92c03ca8a3b101eb9d57f51e2232690638c7" "check" "--frozen" "--all" "--all-targets" "--message-format=json", kill_on_drop: false }`
[INFO] [stderr]    Compiling either v1.16.0
[INFO] [stderr]    Compiling regex-syntax v0.8.11
[INFO] [stderr]    Compiling bitflags v2.13.1
[INFO] [stderr]    Compiling serde_core v1.0.229
[INFO] [stderr]     Checking parking_lot_core v0.9.12
[INFO] [stderr]    Compiling rustix v1.1.4
[INFO] [stderr]    Compiling getrandom v0.4.3
[INFO] [stderr]    Compiling tokio-macros v2.7.2
[INFO] [stderr]    Compiling linux-raw-sys v0.12.1
[INFO] [stderr]     Checking http v1.4.2
[INFO] [stderr]    Compiling itertools v0.14.0
[INFO] [stderr]     Checking parking_lot v0.12.5
[INFO] [stderr]     Checking futures-channel v0.3.33
[INFO] [stderr]    Compiling displaydoc v0.2.6
[INFO] [stderr]    Compiling fastrand v2.5.0
[INFO] [stderr]     Checking tokio v1.53.1
[INFO] [stderr]    Compiling once_cell v1.21.4
[INFO] [stderr]    Compiling foldhash v0.1.5
[INFO] [stderr]    Compiling glob v0.3.4
[INFO] [stderr]    Compiling indexmap v2.14.0
[INFO] [stderr]    Compiling hashbrown v0.15.5
[INFO] [stderr]    Compiling clang-sys v1.8.1
[INFO] [stderr]    Compiling anyhow v1.0.104
[INFO] [stderr]    Compiling futures-macro v0.3.33
[INFO] [stderr]    Compiling regex-automata v0.4.16
[INFO] [stderr]    Compiling fixedbitset v0.5.7
[INFO] [stderr]    Compiling typenum v1.20.1
[INFO] [stderr]     Checking futures-io v0.3.33
[INFO] [stderr]     Checking futures-util v0.3.33
[INFO] [stderr]    Compiling petgraph v0.8.3
[INFO] [stderr]    Compiling prost-derive v0.14.4
[INFO] [stderr]    Compiling generic-array v0.14.7
[INFO] [stderr]    Compiling tempfile v3.27.0
[INFO] [stderr]     Checking tracing v0.1.44
[INFO] [stderr]     Checking http-body v1.1.0
[INFO] [stderr]    Compiling minimal-lexical v0.2.1
[INFO] [stderr]     Checking tinystr v0.8.3
[INFO] [stderr]    Compiling libloading v0.8.9
[INFO] [stderr]    Compiling regex v1.13.1
[INFO] [stderr]    Compiling nom v7.1.3
[INFO] [stderr]    Compiling prettyplease v0.2.37
[INFO] [stderr]    Compiling pulldown-cmark v0.13.4
[INFO] [stderr]    Compiling bindgen v0.72.1
[INFO] [stderr]    Compiling smallvec v1.15.2
[INFO] [stderr]     Checking icu_locale_core v2.2.0
[INFO] [stderr]    Compiling block-buffer v0.10.4
[INFO] [stderr]    Compiling crypto-common v0.1.7
[INFO] [stderr]     Checking zerotrie v0.2.4
[INFO] [stderr]     Checking potential_utf v0.1.5
[INFO] [stderr]    Compiling itertools v0.13.0
[INFO] [stderr]    Compiling bytes v1.12.1
[INFO] [stderr]    Compiling unicase v2.9.0
[INFO] [stderr]    Compiling lalrpop-util v0.23.1
[INFO] [stderr]    Compiling rustc-hash v2.1.3
[INFO] [stderr]    Compiling prost v0.14.4
[INFO] [stderr]     Checking icu_collections v2.2.0
[INFO] [stderr]     Checking icu_provider v2.2.0
[INFO] [stderr]    Compiling cc v1.3.0
[INFO] [stderr]    Compiling digest v0.10.7
[INFO] [stderr]    Compiling cexpr v0.6.0
[INFO] [stderr]    Compiling bit-vec v0.9.1
[INFO] [stderr]    Compiling new_debug_unreachable v1.0.6
[INFO] [stderr]    Compiling keccak v0.1.6
[INFO] [stderr]    Compiling precomputed-hash v0.1.1
[INFO] [stderr]    Compiling term v1.2.1
[INFO] [stderr]    Compiling string_cache v0.9.0
[INFO] [stderr]    Compiling sha3 v0.10.9
[INFO] [stderr]    Compiling bit-set v0.9.1
[INFO] [stderr]    Compiling pulldown-cmark-to-cmark v22.0.1
[INFO] [stderr]    Compiling prost-types v0.14.4
[INFO] [stderr]    Compiling ascii-canvas v4.0.0
[INFO] [stderr]     Checking http-body-util v0.1.5
[INFO] [stderr]    Compiling ena v0.14.4
[INFO] [stderr]     Checking aho-corasick v1.1.4
[INFO] [stderr]    Compiling unicode-xid v0.2.6
[INFO] [stderr]    Compiling serde v1.0.229
[INFO] [stderr]    Compiling multimap v0.10.1
[INFO] [stderr]     Checking axum-core v0.5.6
[INFO] [stderr]    Compiling lalrpop v0.23.1
[INFO] [stderr]     Checking miniz_oxide v0.8.9
[INFO] [stderr]    Compiling prost-build v0.14.4
[INFO] [stderr]     Checking icu_normalizer v2.2.0
[INFO] [stderr]     Checking icu_properties v2.2.0
[INFO] [stderr]    Compiling tonic-build v0.14.6
[INFO] [stderr]     Checking tokio-util v0.7.19
[INFO] [stderr]    Compiling thiserror-impl v2.0.19
[INFO] [stderr]    Compiling pin-project-internal v1.1.13
[INFO] [stderr]     Checking base64ct v1.8.3
[INFO] [stderr]     Checking h2 v0.4.18
[INFO] [stderr]     Checking tower v0.5.3
[INFO] [stderr]    Compiling sha1collisiondetection v0.3.4
[INFO] [stderr]    Compiling noyalib v0.0.5
[INFO] [stderr]     Checking libbz2-rs-sys v0.2.5
[INFO] [stderr]     Checking idna_adapter v1.2.2
[INFO] [stderr]     Checking password-hash v0.5.0
[INFO] [stderr]     Checking pin-project v1.1.13
[INFO] [stderr]     Checking thiserror v2.0.19
[INFO] [stderr]    Compiling tonic-prost-build v0.14.6
[INFO] [stderr]     Checking tokio-stream v0.1.19
[INFO] [stderr]     Checking bzip2 v0.6.1
[INFO] [stderr]     Checking flate2 v1.1.9
[INFO] [stderr]     Checking axum v0.8.9
[INFO] [stderr]     Checking generic-array v1.4.4
[INFO] [stderr]     Checking blake2 v0.10.6
[INFO] [stderr]    Compiling async-trait v0.1.92
[INFO] [stderr]     Checking cpufeatures v0.3.0
[INFO] [stderr]     Checking chacha20 v0.10.1
[INFO] [stderr]     Checking argon2 v0.5.3
[INFO] [stderr]     Checking buffered-reader v1.4.1
[INFO] [stdout] error[E0493]: destructor of `ArrayBuilder<T, N>` cannot be evaluated at compile-time
[INFO] [stdout]    --> /opt/rustwide/cargo-home/registry/src/index.crates.io-1949cf8c6b5b557f/generic-array-1.4.4/src/internal.rs:103:31
[INFO] [stdout]     |
[INFO] [stdout] 103 |     pub unsafe fn assume_init(self) -> GenericArray<T, N> {
[INFO] [stdout]     |                               ^^^^ the destructor for this type cannot be evaluated in constant functions
[INFO] [stdout] ...
[INFO] [stdout] 109 |     }
[INFO] [stdout]     |     - value is dropped here
[INFO] [stdout] 
[INFO] [stdout] 
[INFO] [stdout] error[E0493]: destructor of `GenericArray<core::mem::MaybeUninit<*const T>, N>` cannot be evaluated at compile-time
[INFO] [stdout]    --> /opt/rustwide/cargo-home/registry/src/index.crates.io-1949cf8c6b5b557f/generic-array-1.4.4/src/lib.rs:981:13
[INFO] [stdout]     |
[INFO] [stdout] 981 |         let mut out: GenericArray<MaybeUninit<*const T>, N> = GenericArray::uninit();
[INFO] [stdout]     |             ^^^^^^^ the destructor for this type cannot be evaluated in constant functions
[INFO] [stdout] ...
[INFO] [stdout] 996 |     }
[INFO] [stdout]     |     - value is dropped here
[INFO] [stdout] 
[INFO] [stdout] 
[INFO] [stdout] error[E0493]: destructor of `GenericArray<core::mem::MaybeUninit<*mut T>, N>` cannot be evaluated at compile-time
[INFO] [stdout]     --> /opt/rustwide/cargo-home/registry/src/index.crates.io-1949cf8c6b5b557f/generic-array-1.4.4/src/lib.rs:1016:13
[INFO] [stdout]      |
[INFO] [stdout] 1016 |         let mut out: GenericArray<MaybeUninit<*mut T>, N> = GenericArray::uninit();
[INFO] [stdout]      |             ^^^^^^^ the destructor for this type cannot be evaluated in constant functions
[INFO] [stdout] ...
[INFO] [stdout] 1031 |     }
[INFO] [stdout]      |     - value is dropped here
[INFO] [stdout] 
[INFO] [stdout] 
[INFO] [stdout] For more information about this error, try `rustc --explain E0493`.
[INFO] [stdout] 
[INFO] [stderr] error: could not compile `generic-array` (lib) due to 3 previous errors
[INFO] [stderr] warning: build failed, waiting for other jobs to finish...
[INFO] running `Command { std: "docker" "inspect" "51d7f7dce57ff2409d925f1b7d8be694db67d1994b5a863667c7885e794eb99e", kill_on_drop: false }`
[INFO] running `Command { std: "docker" "rm" "-f" "51d7f7dce57ff2409d925f1b7d8be694db67d1994b5a863667c7885e794eb99e", kill_on_drop: false }`
[INFO] [stdout] 51d7f7dce57ff2409d925f1b7d8be694db67d1994b5a863667c7885e794eb99e
