[INFO] cloning repository https://github.com/srikanthrayudu/dev-box
[INFO] running `Command { std: "git" "-c" "credential.helper=" "-c" "credential.helper=/workspace/cargo-home/bin/git-credential-null" "clone" "--bare" "https://github.com/srikanthrayudu/dev-box" "/workspace/cache/git-repos/https%3A%2F%2Fgithub.com%2Fsrikanthrayudu%2Fdev-box", kill_on_drop: false }`
[INFO] [stderr] Cloning into bare repository '/workspace/cache/git-repos/https%3A%2F%2Fgithub.com%2Fsrikanthrayudu%2Fdev-box'...
[INFO] running `Command { std: "git" "rev-parse" "HEAD", kill_on_drop: false }`
[INFO] [stdout] c8b88fea0be2e612fcddfc886269cfda1ec68af6
[INFO] checking srikanthrayudu/dev-box against c60b92c03ca8a3b101eb9d57f51e2232690638c7 for pr-164148-crater-rollup
[INFO] running `Command { std: "git" "clone" "/workspace/cache/git-repos/https%3A%2F%2Fgithub.com%2Fsrikanthrayudu%2Fdev-box" "/workspace/builds/worker-0-tc2/source", kill_on_drop: false }`
[INFO] [stderr] Cloning into '/workspace/builds/worker-0-tc2/source'...
[INFO] [stderr] done.
[INFO] started tweaking git repo https://github.com/srikanthrayudu/dev-box
[INFO] finished tweaking git repo https://github.com/srikanthrayudu/dev-box
[INFO] tweaked toml for git repo https://github.com/srikanthrayudu/dev-box written to /workspace/builds/worker-0-tc2/source/Cargo.toml
[INFO] validating manifest of git repo https://github.com/srikanthrayudu/dev-box on toolchain c60b92c03ca8a3b101eb9d57f51e2232690638c7
[INFO] running `Command { std: CARGO_HOME="/workspace/cargo-home" RUSTUP_HOME="/workspace/rustup-home" "/workspace/cargo-home/bin/cargo" "+c60b92c03ca8a3b101eb9d57f51e2232690638c7" "metadata" "--manifest-path" "Cargo.toml" "--no-deps", kill_on_drop: false }`
[INFO] crate git repo https://github.com/srikanthrayudu/dev-box already has a lockfile, it will not be regenerated
[INFO] running `Command { std: CARGO_HOME="/workspace/cargo-home" RUSTUP_HOME="/workspace/rustup-home" "/workspace/cargo-home/bin/cargo" "+c60b92c03ca8a3b101eb9d57f51e2232690638c7" "fetch" "--manifest-path" "Cargo.toml", kill_on_drop: false }`
[INFO] running `Command { std: "docker" "create" "-v" "/var/lib/crater-agent-workspace/builds/worker-0-tc2/source:/opt/rustwide/workdir:ro,Z" "-v" "/var/lib/crater-agent-workspace/builds/worker-0-tc2/target:/opt/rustwide/target:rw,Z" "-v" "/var/lib/crater-agent-workspace/cargo-home:/opt/rustwide/cargo-home:ro,Z" "-v" "/var/lib/crater-agent-workspace/rustup-home:/opt/rustwide/rustup-home:ro,Z" "-m" "1610612736" "--network" "none" "ghcr.io/rust-lang/crates-build-env/linux@sha256:77db811e55d90add9212f6832c23229e3de5f1c1f9905e8cb07319ea15df73ac" "sleep" "infinity", kill_on_drop: false }`
[INFO] [stdout] a3a26e694a53efb1fb7a54d0610a00a7fbf1ac517f46c7e4237795759f15255c
[INFO] running `Command { std: "docker" "start" "a3a26e694a53efb1fb7a54d0610a00a7fbf1ac517f46c7e4237795759f15255c", kill_on_drop: false }`
[INFO] running `Command { std: "docker" "inspect" "a3a26e694a53efb1fb7a54d0610a00a7fbf1ac517f46c7e4237795759f15255c", kill_on_drop: false }`
[INFO] running `Command { std: "docker" "exec" "-e" "SOURCE_DIR=/opt/rustwide/workdir" "-e" "CARGO_HOME=/opt/rustwide/cargo-home" "-e" "RUSTUP_HOME=/opt/rustwide/rustup-home" "-e" "CARGO_TARGET_DIR=/opt/rustwide/target" "-w" "/opt/rustwide/workdir" "--user" "0:0" "a3a26e694a53efb1fb7a54d0610a00a7fbf1ac517f46c7e4237795759f15255c" "/opt/rustwide/cargo-home/bin/cargo" "+c60b92c03ca8a3b101eb9d57f51e2232690638c7" "metadata" "--no-deps" "--format-version=1", kill_on_drop: false }`
[INFO] running `Command { std: "docker" "inspect" "a3a26e694a53efb1fb7a54d0610a00a7fbf1ac517f46c7e4237795759f15255c", kill_on_drop: false }`
[INFO] running `Command { std: "docker" "exec" "-e" "SOURCE_DIR=/opt/rustwide/workdir" "-e" "CARGO_HOME=/opt/rustwide/cargo-home" "-e" "RUSTUP_HOME=/opt/rustwide/rustup-home" "-e" "CARGO_TARGET_DIR=/opt/rustwide/target" "-e" "CARGO_INCREMENTAL=0" "-e" "RUST_BACKTRACE=full" "-e" "RUSTFLAGS=--cap-lints=forbid" "-e" "RUSTDOCFLAGS=--cap-lints=forbid" "-w" "/opt/rustwide/workdir" "--user" "0:0" "a3a26e694a53efb1fb7a54d0610a00a7fbf1ac517f46c7e4237795759f15255c" "/opt/rustwide/cargo-home/bin/cargo" "+c60b92c03ca8a3b101eb9d57f51e2232690638c7" "check" "--frozen" "--all" "--all-targets" "--message-format=json", kill_on_drop: false }`
[INFO] [stderr]     Checking subtle v2.6.1
[INFO] [stderr]    Compiling getrandom v0.4.3
[INFO] [stderr]    Compiling num-traits v0.2.19
[INFO] [stderr]    Compiling tiny-keccak v2.0.2
[INFO] [stderr]     Checking bitflags v2.13.1
[INFO] [stderr]     Checking der v0.8.2
[INFO] [stderr]    Compiling crunchy v0.2.4
[INFO] [stderr]     Checking futures-core v0.3.34
[INFO] [stderr]    Compiling find-msvc-tools v0.1.12
[INFO] [stderr]    Compiling curve25519-dalek v5.0.0
[INFO] [stderr]     Checking futures-sink v0.3.34
[INFO] [stderr]    Compiling nix v0.31.3
[INFO] [stderr]    Compiling syn v3.0.5
[INFO] [stderr]    Compiling syn v2.0.119
[INFO] [stderr]    Compiling getrandom v0.2.17
[INFO] [stderr]    Compiling generic-array v0.14.9
[INFO] [stderr]     Checking keccak v0.2.2
[INFO] [stderr]     Checking futures-channel v0.3.34
[INFO] [stderr]    Compiling cfg_aliases v0.1.1
[INFO] [stderr]    Compiling crc32fast v1.5.1
[INFO] [stderr]     Checking ctutils v0.4.2
[INFO] [stderr]     Checking ff v0.14.0
[INFO] [stderr]     Checking futures-task v0.3.34
[INFO] [stderr]    Compiling nix v0.28.0
[INFO] [stderr]     Checking regex-automata v0.4.18
[INFO] [stderr]     Checking group v0.14.0
[INFO] [stderr]     Checking mio v1.2.3
[INFO] [stderr]    Compiling cc v1.4.5
[INFO] [stderr]     Checking miniz_oxide v0.9.1
[INFO] [stderr]     Checking jiff-core v0.1.0
[INFO] [stderr]     Checking hybrid-array v0.4.15
[INFO] [stderr]     Checking hex v0.4.3
[INFO] [stderr]    Compiling const-random-macro v0.1.16
[INFO] [stderr]     Checking sponge-cursor v0.1.0
[INFO] [stderr]     Checking hashbrown v0.14.5
[INFO] [stderr]     Checking clap_builder v4.6.6
[INFO] [stderr]     Checking const-random v0.1.18
[INFO] [stderr]     Checking flate2 v1.1.10
[INFO] [stderr]     Checking dlv-list v0.5.2
[INFO] [stderr]     Checking dirs-sys v0.5.0
[INFO] [stderr]     Checking serial2 v0.2.38
[INFO] [stderr]     Checking generic-array v1.4.5
[INFO] [stderr]     Checking shell-words v1.1.1
[INFO] [stderr]     Checking data-encoding v2.11.1
[INFO] [stderr]     Checking hex-literal v1.1.0
[INFO] [stderr]     Checking md5 v0.8.1
[INFO] [stderr]     Checking spki v0.8.0
[INFO] [stderr]     Checking ordered-multimap v0.7.3
[INFO] [stderr]     Checking dirs v7.0.0
[INFO] [stderr]     Checking pkcs1 v0.8.0-rc.4
[INFO] [stderr]     Checking which v8.0.6
[INFO] [stderr]     Checking rust-ini v0.21.3
[INFO] [stdout] error[E0493]: destructor of `ArrayBuilder<T, N>` cannot be evaluated at compile-time
[INFO] [stdout]    --> /opt/rustwide/cargo-home/registry/src/index.crates.io-1949cf8c6b5b557f/generic-array-1.4.5/src/internal.rs:103:31
[INFO] [stdout]     |
[INFO] [stdout] 103 |     pub unsafe fn assume_init(self) -> GenericArray<T, N> {
[INFO] [stdout]     |                               ^^^^ the destructor for this type cannot be evaluated in constant functions
[INFO] [stdout] ...
[INFO] [stdout] 109 |     }
[INFO] [stdout]     |     - value is dropped here
[INFO] [stdout] 
[INFO] [stdout] 
[INFO] [stdout] error[E0493]: destructor of `GenericArray<core::mem::MaybeUninit<*const T>, N>` cannot be evaluated at compile-time
[INFO] [stdout]    --> /opt/rustwide/cargo-home/registry/src/index.crates.io-1949cf8c6b5b557f/generic-array-1.4.5/src/lib.rs:983:13
[INFO] [stdout]     |
[INFO] [stdout] 983 |         let mut out: GenericArray<MaybeUninit<*const T>, N> = GenericArray::uninit();
[INFO] [stdout]     |             ^^^^^^^ the destructor for this type cannot be evaluated in constant functions
[INFO] [stdout] ...
[INFO] [stdout] 998 |     }
[INFO] [stdout]     |     - value is dropped here
[INFO] [stdout] 
[INFO] [stdout] 
[INFO] [stdout] error[E0493]: destructor of `GenericArray<core::mem::MaybeUninit<*mut T>, N>` cannot be evaluated at compile-time
[INFO] [stdout]     --> /opt/rustwide/cargo-home/registry/src/index.crates.io-1949cf8c6b5b557f/generic-array-1.4.5/src/lib.rs:1018:13
[INFO] [stdout]      |
[INFO] [stdout] 1018 |         let mut out: GenericArray<MaybeUninit<*mut T>, N> = GenericArray::uninit();
[INFO] [stdout]      |             ^^^^^^^ the destructor for this type cannot be evaluated in constant functions
[INFO] [stdout] ...
[INFO] [stdout] 1033 |     }
[INFO] [stdout]      |     - value is dropped here
[INFO] [stdout] 
[INFO] [stdout] 
[INFO] [stdout] For more information about this error, try `rustc --explain E0493`.
[INFO] [stdout] 
[INFO] [stderr] error: could not compile `generic-array` (lib) due to 3 previous errors
[INFO] [stderr] warning: build failed, waiting for other jobs to finish...
[INFO] running `Command { std: "docker" "inspect" "a3a26e694a53efb1fb7a54d0610a00a7fbf1ac517f46c7e4237795759f15255c", kill_on_drop: false }`
[INFO] running `Command { std: "docker" "rm" "-f" "a3a26e694a53efb1fb7a54d0610a00a7fbf1ac517f46c7e4237795759f15255c", kill_on_drop: false }`
[INFO] [stdout] a3a26e694a53efb1fb7a54d0610a00a7fbf1ac517f46c7e4237795759f15255c
