[INFO] cloning repository https://github.com/sjm42/sjmb-matrix
[INFO] running `Command { std: "git" "-c" "credential.helper=" "-c" "credential.helper=/workspace/cargo-home/bin/git-credential-null" "clone" "--bare" "https://github.com/sjm42/sjmb-matrix" "/workspace/cache/git-repos/https%3A%2F%2Fgithub.com%2Fsjm42%2Fsjmb-matrix", kill_on_drop: false }`
[INFO] [stderr] Cloning into bare repository '/workspace/cache/git-repos/https%3A%2F%2Fgithub.com%2Fsjm42%2Fsjmb-matrix'...
[INFO] running `Command { std: "git" "rev-parse" "HEAD", kill_on_drop: false }`
[INFO] [stdout] 53c5f33737b2a4c903ec70f3aa3cdd259836f8c6
[INFO] checking sjm42/sjmb-matrix against c60b92c03ca8a3b101eb9d57f51e2232690638c7 for pr-164148-crater-rollup
[INFO] running `Command { std: "git" "clone" "/workspace/cache/git-repos/https%3A%2F%2Fgithub.com%2Fsjm42%2Fsjmb-matrix" "/workspace/builds/worker-5-tc2/source", kill_on_drop: false }`
[INFO] [stderr] Cloning into '/workspace/builds/worker-5-tc2/source'...
[INFO] [stderr] done.
[INFO] removed /workspace/builds/worker-5-tc2/source/rust-toolchain.toml
[INFO] started tweaking git repo https://github.com/sjm42/sjmb-matrix
[INFO] finished tweaking git repo https://github.com/sjm42/sjmb-matrix
[INFO] tweaked toml for git repo https://github.com/sjm42/sjmb-matrix written to /workspace/builds/worker-5-tc2/source/Cargo.toml
[INFO] validating manifest of git repo https://github.com/sjm42/sjmb-matrix on toolchain c60b92c03ca8a3b101eb9d57f51e2232690638c7
[INFO] running `Command { std: CARGO_HOME="/workspace/cargo-home" RUSTUP_HOME="/workspace/rustup-home" "/workspace/cargo-home/bin/cargo" "+c60b92c03ca8a3b101eb9d57f51e2232690638c7" "metadata" "--manifest-path" "Cargo.toml" "--no-deps", kill_on_drop: false }`
[INFO] crate git repo https://github.com/sjm42/sjmb-matrix already has a lockfile, it will not be regenerated
[INFO] running `Command { std: CARGO_HOME="/workspace/cargo-home" RUSTUP_HOME="/workspace/rustup-home" "/workspace/cargo-home/bin/cargo" "+c60b92c03ca8a3b101eb9d57f51e2232690638c7" "fetch" "--manifest-path" "Cargo.toml", kill_on_drop: false }`
[INFO] running `Command { std: "docker" "create" "-v" "/var/lib/crater-agent-workspace/builds/worker-5-tc2/source:/opt/rustwide/workdir:ro,Z" "-v" "/var/lib/crater-agent-workspace/builds/worker-5-tc2/target:/opt/rustwide/target:rw,Z" "-v" "/var/lib/crater-agent-workspace/cargo-home:/opt/rustwide/cargo-home:ro,Z" "-v" "/var/lib/crater-agent-workspace/rustup-home:/opt/rustwide/rustup-home:ro,Z" "-m" "1610612736" "--network" "none" "ghcr.io/rust-lang/crates-build-env/linux@sha256:77db811e55d90add9212f6832c23229e3de5f1c1f9905e8cb07319ea15df73ac" "sleep" "infinity", kill_on_drop: false }`
[INFO] [stdout] 61f28ee9e4f66e91583fcb92e6308e37cb4427aebf64653bb050abdad95a3180
[INFO] running `Command { std: "docker" "start" "61f28ee9e4f66e91583fcb92e6308e37cb4427aebf64653bb050abdad95a3180", kill_on_drop: false }`
[INFO] running `Command { std: "docker" "inspect" "61f28ee9e4f66e91583fcb92e6308e37cb4427aebf64653bb050abdad95a3180", kill_on_drop: false }`
[INFO] running `Command { std: "docker" "exec" "-e" "SOURCE_DIR=/opt/rustwide/workdir" "-e" "CARGO_HOME=/opt/rustwide/cargo-home" "-e" "RUSTUP_HOME=/opt/rustwide/rustup-home" "-e" "CARGO_TARGET_DIR=/opt/rustwide/target" "-w" "/opt/rustwide/workdir" "--user" "0:0" "61f28ee9e4f66e91583fcb92e6308e37cb4427aebf64653bb050abdad95a3180" "/opt/rustwide/cargo-home/bin/cargo" "+c60b92c03ca8a3b101eb9d57f51e2232690638c7" "metadata" "--no-deps" "--format-version=1", kill_on_drop: false }`
[INFO] running `Command { std: "docker" "inspect" "61f28ee9e4f66e91583fcb92e6308e37cb4427aebf64653bb050abdad95a3180", kill_on_drop: false }`
[INFO] running `Command { std: "docker" "exec" "-e" "SOURCE_DIR=/opt/rustwide/workdir" "-e" "CARGO_HOME=/opt/rustwide/cargo-home" "-e" "RUSTUP_HOME=/opt/rustwide/rustup-home" "-e" "CARGO_TARGET_DIR=/opt/rustwide/target" "-e" "CARGO_INCREMENTAL=0" "-e" "RUST_BACKTRACE=full" "-e" "RUSTFLAGS=--cap-lints=forbid" "-e" "RUSTDOCFLAGS=--cap-lints=forbid" "-w" "/opt/rustwide/workdir" "--user" "0:0" "61f28ee9e4f66e91583fcb92e6308e37cb4427aebf64653bb050abdad95a3180" "/opt/rustwide/cargo-home/bin/cargo" "+c60b92c03ca8a3b101eb9d57f51e2232690638c7" "check" "--frozen" "--all" "--all-targets" "--message-format=json", kill_on_drop: false }`
[INFO] [stderr]    Compiling syn v3.0.9
[INFO] [stderr]    Compiling syn v2.0.119
[INFO] [stderr]    Compiling libc v0.2.191
[INFO] [stderr]    Compiling serde_core v1.0.229
[INFO] [stderr]     Checking smallvec v1.16.3
[INFO] [stderr]    Compiling serde v1.0.229
[INFO] [stderr]     Checking getrandom v0.4.3
[INFO] [stderr]    Compiling cfg-if v1.0.5
[INFO] [stderr]    Compiling thiserror v2.0.21
[INFO] [stderr]    Compiling num-traits v0.2.19
[INFO] [stderr]    Compiling equivalent v1.0.3
[INFO] [stderr]     Checking hashbrown v0.17.1
[INFO] [stderr]     Checking block-padding v0.4.2
[INFO] [stderr]     Checking ctutils v0.4.3
[INFO] [stderr]    Compiling serde_json v1.0.154
[INFO] [stderr]    Compiling typenum v1.20.1
[INFO] [stderr]     Checking inout v0.2.4
[INFO] [stderr]    Compiling indexmap v2.14.2
[INFO] [stderr]     Checking crypto-common v0.2.2
[INFO] [stderr]    Compiling stable_deref_trait v1.2.1
[INFO] [stderr]     Checking parking_lot_core v0.9.12
[INFO] [stderr]     Checking getrandom v0.2.17
[INFO] [stderr]     Checking subtle v2.6.1
[INFO] [stderr]    Compiling winnow v1.0.4
[INFO] [stderr]     Checking aho-corasick v1.1.5
[INFO] [stderr]    Compiling aws-lc-rs v1.18.2
[INFO] [stderr]     Checking base64 v0.23.1
[INFO] [stderr]     Checking parking_lot v0.12.5
[INFO] [stderr]    Compiling crossbeam-utils v0.8.23
[INFO] [stderr]    Compiling rustls v0.23.46
[INFO] [stderr]     Checking generic-array v0.14.7
[INFO] [stderr]     Checking typewit v1.15.2
[INFO] [stderr]    Compiling cmov v0.5.4
[INFO] [stderr]    Compiling pin-project-lite v0.2.17
[INFO] [stderr]    Compiling js_int v0.2.2
[INFO] [stderr]     Checking powerfmt v0.2.1
[INFO] [stderr]    Compiling as_variant v1.3.0
[INFO] [stderr]    Compiling safe-proc-macro2 v1.0.95
[INFO] [stderr]     Checking const_panic v0.2.17
[INFO] [stderr]     Checking deranged v0.5.9
[INFO] [stderr]    Compiling ruma-common v0.20.0 (https://github.com/ruma/ruma?rev=09550bab4be30e80ad0918a65b4b10fb1caed69e#09550bab)
[INFO] [stderr]     Checking cipher v0.5.2
[INFO] [stderr]     Checking digest v0.11.3
[INFO] [stderr]    Compiling zeroize v1.9.1
[INFO] [stderr]    Compiling futures-core v0.3.34
[INFO] [stderr]    Compiling crc32fast v1.5.2
[INFO] [stderr]     Checking hmac v0.13.0
[INFO] [stderr]     Checking sha2 v0.11.1
[INFO] [stderr]    Compiling rustls-pki-types v1.15.1
[INFO] [stderr]     Checking konst v0.4.3
[INFO] [stderr]     Checking chacha20 v0.10.2
[INFO] [stderr]    Compiling jobserver v0.1.35
[INFO] [stderr]     Checking hkdf v0.13.0
[INFO] [stderr]     Checking universal-hash v0.6.1
[INFO] [stderr]    Compiling cc v1.8.0
[INFO] [stderr]     Checking regex-automata v0.4.18
[INFO] [stderr]     Checking rand v0.10.3
[INFO] [stderr]     Checking block-buffer v0.10.4
[INFO] [stderr]     Checking crypto-common v0.1.7
[INFO] [stderr]    Compiling curve25519-dalek v5.0.0
[INFO] [stderr]     Checking uuid v1.28.0
[INFO] [stderr]     Checking web-time v1.1.0
[INFO] [stderr]     Checking simd-adler32 v0.3.10
[INFO] [stderr]     Checking wildmatch v2.6.1
[INFO] [stderr]     Checking bytemuck v1.25.2
[INFO] [stderr]     Checking date_header v1.0.5
[INFO] [stderr]    Compiling zerocopy v0.8.63
[INFO] [stderr]    Compiling ruma-events v0.35.0 (https://github.com/ruma/ruma?rev=09550bab4be30e80ad0918a65b4b10fb1caed69e#09550bab)
[INFO] [stderr]    Compiling untrusted v0.9.0
[INFO] [stderr]     Checking miniz_oxide v0.9.1
[INFO] [stderr]     Checking safe_arch v0.7.4
[INFO] [stderr]    Compiling hybrid-array v0.4.15
[INFO] [stdout] error[E0493]: destructor of `ArrayBuilder<T, N, D>` cannot be evaluated at compile-time
[INFO] [stdout]    --> /opt/rustwide/cargo-home/registry/src/index.crates.io-1949cf8c6b5b557f/konst-0.4.3/src/array/array_builder.rs:421:24
[INFO] [stdout]     |
[INFO] [stdout] 421 |     pub const fn build(self) -> [T; N] {
[INFO] [stdout]     |                        ^^^^ the destructor for this type cannot be evaluated in constant functions
[INFO] [stdout] ...
[INFO] [stdout] 437 |     }
[INFO] [stdout]     |     - value is dropped here
[INFO] [stdout] 
[INFO] [stdout] 
[INFO] [stdout] error[E0493]: destructor of `array_into_iter::IntoIter<T, N, D>` cannot be evaluated at compile-time
[INFO] [stdout]    --> /opt/rustwide/cargo-home/registry/src/index.crates.io-1949cf8c6b5b557f/konst-0.4.3/src/array/array_into_iter.rs:324:34
[INFO] [stdout]     |
[INFO] [stdout] 324 |     pub const fn assert_is_empty(self) {
[INFO] [stdout]     |                                  ^^^^ the destructor for this type cannot be evaluated in constant functions
[INFO] [stdout] ...
[INFO] [stdout] 327 |     }
[INFO] [stdout]     |     - value is dropped here
[INFO] [stdout] 
[INFO] [stdout] 
[INFO] [stderr]     Checking digest v0.10.7
[INFO] [stdout] error[E0493]: destructor of `Option<(T, U)>` cannot be evaluated at compile-time
[INFO] [stdout]    --> /opt/rustwide/cargo-home/registry/src/index.crates.io-1949cf8c6b5b557f/konst-0.4.3/src/macros/control_flow.rs:83:42
[INFO] [stdout]     |
[INFO] [stdout]  81 |   macro_rules! if_let_Some {
[INFO] [stdout]  82 |       ($some:pat = $e:expr => $then:block $(else $else:block)?) => {
[INFO] [stdout]  83 |           match $crate::option::__opt($e) {opt =>
[INFO] [stdout]     |                                            ^^^ the destructor for this type cannot be evaluated in constant functions
[INFO] [stdout] ...
[INFO] [stdout]  90 |               }
[INFO] [stdout]     |               - value is dropped here
[INFO] [stdout]     |
[INFO] [stdout]    ::: /opt/rustwide/cargo-home/registry/src/index.crates.io-1949cf8c6b5b557f/konst-0.4.3/src/option.rs:635:5
[INFO] [stdout]     |
[INFO] [stdout] 635 | /     crate::if_let_Some! {tuple = opt => {
[INFO] [stdout] 636 | |         crate::destructure!{(l, r) = tuple}
[INFO] [stdout] 637 | |
[INFO] [stdout] 638 | |         (Some(l), Some(r))
[INFO] [stdout] 639 | |     } else {
[INFO] [stdout] 640 | |         (None, None)
[INFO] [stdout] 641 | |     }}
[INFO] [stdout]     | |______- in this macro invocation
[INFO] [stdout] 
[INFO] [stdout] 
[INFO] [stderr]     Checking poly1305 v0.9.1
[INFO] [stderr]    Compiling mio v1.2.4
[INFO] [stderr]    Compiling socket2 v0.6.5
[INFO] [stderr]     Checking aead v0.6.1
[INFO] [stderr]    Compiling rand_core v0.10.1
[INFO] [stderr]    Compiling foldhash v0.2.0
[INFO] [stderr]    Compiling toml_parser v1.1.5+spec-1.1.0
[INFO] [stdout] For more information about this error, try `rustc --explain E0493`.
[INFO] [stdout] 
[INFO] [stderr] error: could not compile `konst` (lib) due to 3 previous errors
[INFO] [stderr] warning: build failed, waiting for other jobs to finish...
[INFO] running `Command { std: "docker" "inspect" "61f28ee9e4f66e91583fcb92e6308e37cb4427aebf64653bb050abdad95a3180", kill_on_drop: false }`
[INFO] running `Command { std: "docker" "rm" "-f" "61f28ee9e4f66e91583fcb92e6308e37cb4427aebf64653bb050abdad95a3180", kill_on_drop: false }`
[INFO] [stdout] 61f28ee9e4f66e91583fcb92e6308e37cb4427aebf64653bb050abdad95a3180
