[INFO] cloning repository https://github.com/simonomi/hexapoda
[INFO] running `Command { std: "git" "-c" "credential.helper=" "-c" "credential.helper=/workspace/cargo-home/bin/git-credential-null" "clone" "--bare" "https://github.com/simonomi/hexapoda" "/workspace/cache/git-repos/https%3A%2F%2Fgithub.com%2Fsimonomi%2Fhexapoda", kill_on_drop: false }`
[INFO] [stderr] Cloning into bare repository '/workspace/cache/git-repos/https%3A%2F%2Fgithub.com%2Fsimonomi%2Fhexapoda'...
[INFO] running `Command { std: "git" "rev-parse" "HEAD", kill_on_drop: false }`
[INFO] [stdout] bf8bd6297d649b3fb1f100bdc99272705fa558b3
[INFO] checking simonomi/hexapoda against c60b92c03ca8a3b101eb9d57f51e2232690638c7 for pr-164148-crater-rollup
[INFO] running `Command { std: "git" "clone" "/workspace/cache/git-repos/https%3A%2F%2Fgithub.com%2Fsimonomi%2Fhexapoda" "/workspace/builds/worker-4-tc2/source", kill_on_drop: false }`
[INFO] [stderr] Cloning into '/workspace/builds/worker-4-tc2/source'...
[INFO] [stderr] done.
[INFO] started tweaking git repo https://github.com/simonomi/hexapoda
[INFO] finished tweaking git repo https://github.com/simonomi/hexapoda
[INFO] tweaked toml for git repo https://github.com/simonomi/hexapoda written to /workspace/builds/worker-4-tc2/source/Cargo.toml
[INFO] validating manifest of git repo https://github.com/simonomi/hexapoda on toolchain c60b92c03ca8a3b101eb9d57f51e2232690638c7
[INFO] running `Command { std: CARGO_HOME="/workspace/cargo-home" RUSTUP_HOME="/workspace/rustup-home" "/workspace/cargo-home/bin/cargo" "+c60b92c03ca8a3b101eb9d57f51e2232690638c7" "metadata" "--manifest-path" "Cargo.toml" "--no-deps", kill_on_drop: false }`
[INFO] crate git repo https://github.com/simonomi/hexapoda already has a lockfile, it will not be regenerated
[INFO] running `Command { std: CARGO_HOME="/workspace/cargo-home" RUSTUP_HOME="/workspace/rustup-home" "/workspace/cargo-home/bin/cargo" "+c60b92c03ca8a3b101eb9d57f51e2232690638c7" "fetch" "--manifest-path" "Cargo.toml", kill_on_drop: false }`
[INFO] running `Command { std: "docker" "create" "-v" "/var/lib/crater-agent-workspace/builds/worker-4-tc2/source:/opt/rustwide/workdir:ro,Z" "-v" "/var/lib/crater-agent-workspace/builds/worker-4-tc2/target:/opt/rustwide/target:rw,Z" "-v" "/var/lib/crater-agent-workspace/cargo-home:/opt/rustwide/cargo-home:ro,Z" "-v" "/var/lib/crater-agent-workspace/rustup-home:/opt/rustwide/rustup-home:ro,Z" "-m" "1610612736" "--network" "none" "ghcr.io/rust-lang/crates-build-env/linux@sha256:77db811e55d90add9212f6832c23229e3de5f1c1f9905e8cb07319ea15df73ac" "sleep" "infinity", kill_on_drop: false }`
[INFO] [stdout] 55259da1f0ac5d0cb87e2ecebae0e939a1d04acdcec98a4570e9fbdc0a84ca89
[INFO] running `Command { std: "docker" "start" "55259da1f0ac5d0cb87e2ecebae0e939a1d04acdcec98a4570e9fbdc0a84ca89", kill_on_drop: false }`
[INFO] running `Command { std: "docker" "inspect" "55259da1f0ac5d0cb87e2ecebae0e939a1d04acdcec98a4570e9fbdc0a84ca89", kill_on_drop: false }`
[INFO] running `Command { std: "docker" "exec" "-e" "SOURCE_DIR=/opt/rustwide/workdir" "-e" "CARGO_HOME=/opt/rustwide/cargo-home" "-e" "RUSTUP_HOME=/opt/rustwide/rustup-home" "-e" "CARGO_TARGET_DIR=/opt/rustwide/target" "-w" "/opt/rustwide/workdir" "--user" "0:0" "55259da1f0ac5d0cb87e2ecebae0e939a1d04acdcec98a4570e9fbdc0a84ca89" "/opt/rustwide/cargo-home/bin/cargo" "+c60b92c03ca8a3b101eb9d57f51e2232690638c7" "metadata" "--no-deps" "--format-version=1", kill_on_drop: false }`
[INFO] running `Command { std: "docker" "inspect" "55259da1f0ac5d0cb87e2ecebae0e939a1d04acdcec98a4570e9fbdc0a84ca89", kill_on_drop: false }`
[INFO] running `Command { std: "docker" "exec" "-e" "SOURCE_DIR=/opt/rustwide/workdir" "-e" "CARGO_HOME=/opt/rustwide/cargo-home" "-e" "RUSTUP_HOME=/opt/rustwide/rustup-home" "-e" "CARGO_TARGET_DIR=/opt/rustwide/target" "-e" "CARGO_INCREMENTAL=0" "-e" "RUST_BACKTRACE=full" "-e" "RUSTFLAGS=--cap-lints=forbid" "-e" "RUSTDOCFLAGS=--cap-lints=forbid" "-w" "/opt/rustwide/workdir" "--user" "0:0" "55259da1f0ac5d0cb87e2ecebae0e939a1d04acdcec98a4570e9fbdc0a84ca89" "/opt/rustwide/cargo-home/bin/cargo" "+c60b92c03ca8a3b101eb9d57f51e2232690638c7" "check" "--frozen" "--all" "--all-targets" "--message-format=json", kill_on_drop: false }`
[INFO] [stderr]    Compiling utf8parse v0.2.2
[INFO] [stderr]    Compiling anstyle v1.0.14
[INFO] [stderr]    Compiling thiserror v2.0.18
[INFO] [stderr]    Compiling is_terminal_polyfill v1.70.2
[INFO] [stderr]    Compiling colorchoice v1.0.5
[INFO] [stderr]    Compiling anstyle-query v1.1.5
[INFO] [stderr]    Compiling clap_lex v1.1.0
[INFO] [stderr]    Compiling syn v2.0.117
[INFO] [stderr]    Compiling unicode-segmentation v1.13.2
[INFO] [stderr]     Checking bitflags v2.11.0
[INFO] [stderr]     Checking compact_str v0.9.0
[INFO] [stderr]     Checking unicode-truncate v2.0.1
[INFO] [stderr]    Compiling rustix v1.1.4
[INFO] [stderr]     Checking parking_lot_core v0.9.12
[INFO] [stderr]     Checking time v0.3.47
[INFO] [stderr]    Compiling roff v1.1.1
[INFO] [stderr]     Checking winnow v1.0.1
[INFO] [stderr]    Compiling anstyle-parse v1.0.0
[INFO] [stderr]     Checking toml_datetime v1.1.1+spec-1.1.0
[INFO] [stderr]     Checking line-clipping v0.3.7
[INFO] [stderr]     Checking serde_spanned v1.1.1
[INFO] [stderr]     Checking parking_lot v0.12.5
[INFO] [stderr]    Compiling convert_case v0.10.0
[INFO] [stderr]    Compiling anstream v1.0.0
[INFO] [stderr]    Compiling clap_builder v4.6.0
[INFO] [stderr]     Checking toml_parser v1.1.2+spec-1.1.0
[INFO] [stderr]     Checking toml v1.1.2+spec-1.1.0
[INFO] [stderr]    Compiling darling_core v0.23.0
[INFO] [stderr]    Compiling clap_derive v4.6.0
[INFO] [stderr]    Compiling thiserror-impl v2.0.18
[INFO] [stderr]    Compiling strum_macros v0.27.2
[INFO] [stderr]    Compiling serde_derive v1.0.228
[INFO] [stderr]    Compiling derive_more-impl v2.1.1
[INFO] [stderr]    Compiling enum-iterator-derive v1.5.0
[INFO] [stderr]     Checking derive_more v2.1.1
[INFO] [stderr]     Checking enum-iterator v2.3.0
[INFO] [stderr]    Compiling clap v4.6.0
[INFO] [stderr]    Compiling clap_complete v4.6.3
[INFO] [stderr]    Compiling clap_mangen v0.3.0
[INFO] [stderr]     Checking kasuari v0.4.12
[INFO] [stderr]    Compiling clap_complete_nushell v4.6.0
[INFO] [stderr]    Compiling hexapoda v1.0.0 (/opt/rustwide/workdir)
[INFO] [stderr]     Checking strum v0.27.2
[INFO] [stderr]    Compiling darling_macro v0.23.0
[INFO] [stderr]     Checking ratatui-core v0.1.0
[INFO] [stderr]    Compiling darling v0.23.0
[INFO] [stderr]    Compiling instability v0.3.12
[INFO] [stderr]     Checking serde v1.0.228
[INFO] [stderr]     Checking crossterm v0.29.0
[INFO] [stderr]     Checking ratatui-widgets v0.3.0
[INFO] [stderr]     Checking ratatui-crossterm v0.1.0
[INFO] [stderr]     Checking ratatui-macros v0.7.0
[INFO] [stderr]     Checking ratatui v0.30.0
[INFO] [stdout] error[E0493]: destructor of `[Span<'_>; 256]` cannot be evaluated at compile-time
[INFO] [stdout]    --> src/buffer/widget/hex.rs:191:6
[INFO] [stdout]     |
[INFO] [stdout] 191 |     let mut result = [const { empty_span() }; u8::CARDINALITY];
[INFO] [stdout]     |         ^^^^^^^^^^ the destructor for this type cannot be evaluated in constant functions
[INFO] [stdout] ...
[INFO] [stdout] 204 | }
[INFO] [stdout]     | - value is dropped here
[INFO] [stdout]     |
[INFO] [stdout]     = note: see issue #133214 <https://github.com/rust-lang/rust/issues/133214> for more information
[INFO] [stdout]     = help: add `#![feature(const_destruct)]` to the crate attributes to enable
[INFO] [stdout]     = note: this compiler was built on 2026-10-11; consider upgrading it if it is out of date
[INFO] [stdout] 
[INFO] [stdout] 
[INFO] [stdout] error[E0493]: destructor of `[Span<'_>; 256]` cannot be evaluated at compile-time
[INFO] [stdout]   --> src/buffer/widget/character_panel.rs:38:6
[INFO] [stdout]    |
[INFO] [stdout] 38 |     let mut result = [const { empty_span() }; u8::CARDINALITY];
[INFO] [stdout]    |         ^^^^^^^^^^ the destructor for this type cannot be evaluated in constant functions
[INFO] [stdout] ...
[INFO] [stdout] 55 | }
[INFO] [stdout]    | - value is dropped here
[INFO] [stdout]    |
[INFO] [stdout]    = note: see issue #133214 <https://github.com/rust-lang/rust/issues/133214> for more information
[INFO] [stdout]    = help: add `#![feature(const_destruct)]` to the crate attributes to enable
[INFO] [stdout]    = note: this compiler was built on 2026-10-11; consider upgrading it if it is out of date
[INFO] [stdout] 
[INFO] [stdout] 
[INFO] [stdout] error[E0493]: destructor of `[Span<'_>; 256]` cannot be evaluated at compile-time
[INFO] [stdout]    --> src/buffer/widget/hex.rs:191:6
[INFO] [stdout]     |
[INFO] [stdout] 191 |     let mut result = [const { empty_span() }; u8::CARDINALITY];
[INFO] [stdout]     |         ^^^^^^^^^^ the destructor for this type cannot be evaluated in constant functions
[INFO] [stdout] ...
[INFO] [stdout] 204 | }
[INFO] [stdout]     | - value is dropped here
[INFO] [stdout]     |
[INFO] [stdout]     = note: see issue #133214 <https://github.com/rust-lang/rust/issues/133214> for more information
[INFO] [stdout]     = help: add `#![feature(const_destruct)]` to the crate attributes to enable
[INFO] [stdout]     = note: this compiler was built on 2026-10-11; consider upgrading it if it is out of date
[INFO] [stdout] 
[INFO] [stdout] 
[INFO] [stdout] error[E0493]: destructor of `[Span<'_>; 256]` cannot be evaluated at compile-time
[INFO] [stdout]   --> src/buffer/widget/character_panel.rs:38:6
[INFO] [stdout]    |
[INFO] [stdout] 38 |     let mut result = [const { empty_span() }; u8::CARDINALITY];
[INFO] [stdout]    |         ^^^^^^^^^^ the destructor for this type cannot be evaluated in constant functions
[INFO] [stdout] ...
[INFO] [stdout] 55 | }
[INFO] [stdout]    | - value is dropped here
[INFO] [stdout]    |
[INFO] [stdout]    = note: see issue #133214 <https://github.com/rust-lang/rust/issues/133214> for more information
[INFO] [stdout]    = help: add `#![feature(const_destruct)]` to the crate attributes to enable
[INFO] [stdout]    = note: this compiler was built on 2026-10-11; consider upgrading it if it is out of date
[INFO] [stdout] 
[INFO] [stdout] 
[INFO] [stdout] For more information about this error, try `rustc --explain E0493`.
[INFO] [stdout] 
[INFO] [stderr] error: could not compile `hexapoda` (bin "hexapoda") due to 2 previous errors
[INFO] [stderr] warning: build failed, waiting for other jobs to finish...
[INFO] [stdout] For more information about this error, try `rustc --explain E0493`.
[INFO] [stdout] 
[INFO] [stderr] error: could not compile `hexapoda` (bin "hexapoda" test) due to 2 previous errors
[INFO] running `Command { std: "docker" "inspect" "55259da1f0ac5d0cb87e2ecebae0e939a1d04acdcec98a4570e9fbdc0a84ca89", kill_on_drop: false }`
[INFO] running `Command { std: "docker" "rm" "-f" "55259da1f0ac5d0cb87e2ecebae0e939a1d04acdcec98a4570e9fbdc0a84ca89", kill_on_drop: false }`
[INFO] [stdout] 55259da1f0ac5d0cb87e2ecebae0e939a1d04acdcec98a4570e9fbdc0a84ca89
