[INFO] cloning repository https://github.com/silentsilo/core
[INFO] running `Command { std: "git" "-c" "credential.helper=" "-c" "credential.helper=/workspace/cargo-home/bin/git-credential-null" "clone" "--bare" "https://github.com/silentsilo/core" "/workspace/cache/git-repos/https%3A%2F%2Fgithub.com%2Fsilentsilo%2Fcore", kill_on_drop: false }`
[INFO] [stderr] Cloning into bare repository '/workspace/cache/git-repos/https%3A%2F%2Fgithub.com%2Fsilentsilo%2Fcore'...
[INFO] running `Command { std: "git" "rev-parse" "HEAD", kill_on_drop: false }`
[INFO] [stdout] 3d65b938677104ec3e844c35754961837130b606
[INFO] checking silentsilo/core against c60b92c03ca8a3b101eb9d57f51e2232690638c7 for pr-164148-crater-rollup
[INFO] running `Command { std: "git" "clone" "/workspace/cache/git-repos/https%3A%2F%2Fgithub.com%2Fsilentsilo%2Fcore" "/workspace/builds/worker-4-tc2/source", kill_on_drop: false }`
[INFO] [stderr] Cloning into '/workspace/builds/worker-4-tc2/source'...
[INFO] [stderr] done.
[INFO] removed /workspace/builds/worker-4-tc2/source/.cargo/config.toml
[INFO] removed /workspace/builds/worker-4-tc2/source/rust-toolchain.toml
[INFO] started tweaking git repo https://github.com/silentsilo/core
[INFO] finished tweaking git repo https://github.com/silentsilo/core
[INFO] tweaked toml for git repo https://github.com/silentsilo/core written to /workspace/builds/worker-4-tc2/source/Cargo.toml
[INFO] validating manifest of git repo https://github.com/silentsilo/core on toolchain c60b92c03ca8a3b101eb9d57f51e2232690638c7
[INFO] running `Command { std: CARGO_HOME="/workspace/cargo-home" RUSTUP_HOME="/workspace/rustup-home" "/workspace/cargo-home/bin/cargo" "+c60b92c03ca8a3b101eb9d57f51e2232690638c7" "metadata" "--manifest-path" "Cargo.toml" "--no-deps", kill_on_drop: false }`
[INFO] crate git repo https://github.com/silentsilo/core already has a lockfile, it will not be regenerated
[INFO] running `Command { std: CARGO_HOME="/workspace/cargo-home" RUSTUP_HOME="/workspace/rustup-home" "/workspace/cargo-home/bin/cargo" "+c60b92c03ca8a3b101eb9d57f51e2232690638c7" "fetch" "--manifest-path" "Cargo.toml", kill_on_drop: false }`
[INFO] [stderr] warning: unused workspace dependency `anyhow`
[INFO] [stderr]  --> Cargo.toml:7:1
[INFO] [stderr]   |
[INFO] [stderr] 7 | anyhow = "1"
[INFO] [stderr]   | ^^^^^^
[INFO] [stderr]   |
[INFO] [stderr]   = note: `cargo::unused_workspace_dependencies` is set to `warn` by default
[INFO] [stderr] help: consider removing the workspace dependency `anyhow`
[INFO] [stderr] warning: unused workspace dependency `reqwest`
[INFO] [stderr]   --> Cargo.toml:28:25
[INFO] [stderr]    |
[INFO] [stderr] 28 | [workspace.dependencies.reqwest]
[INFO] [stderr]    |                         ^^^^^^^
[INFO] [stderr]    |
[INFO] [stderr] help: consider removing the workspace dependency `reqwest`
[INFO] [stderr] warning: unused workspace dependency `silentsilo-fido`
[INFO] [stderr]   --> Cargo.toml:56:25
[INFO] [stderr]    |
[INFO] [stderr] 56 | [workspace.dependencies.silentsilo-fido]
[INFO] [stderr]    |                         ^^^^^^^^^^^^^^^
[INFO] [stderr]    |
[INFO] [stderr] help: consider removing the workspace dependency `silentsilo-fido`
[INFO] [stderr] warning: workspace (manifest) generated 3 warnings
[INFO] running `Command { std: "docker" "create" "-v" "/var/lib/crater-agent-workspace/builds/worker-4-tc2/source:/opt/rustwide/workdir:ro,Z" "-v" "/var/lib/crater-agent-workspace/builds/worker-4-tc2/target:/opt/rustwide/target:rw,Z" "-v" "/var/lib/crater-agent-workspace/cargo-home:/opt/rustwide/cargo-home:ro,Z" "-v" "/var/lib/crater-agent-workspace/rustup-home:/opt/rustwide/rustup-home:ro,Z" "-m" "1610612736" "--network" "none" "ghcr.io/rust-lang/crates-build-env/linux@sha256:77db811e55d90add9212f6832c23229e3de5f1c1f9905e8cb07319ea15df73ac" "sleep" "infinity", kill_on_drop: false }`
[INFO] [stdout] 42a660cb10a898ed340020c225fdcb37b7e28d406b6fc02b60d25fb6f3cfd66d
[INFO] running `Command { std: "docker" "start" "42a660cb10a898ed340020c225fdcb37b7e28d406b6fc02b60d25fb6f3cfd66d", kill_on_drop: false }`
[INFO] running `Command { std: "docker" "inspect" "42a660cb10a898ed340020c225fdcb37b7e28d406b6fc02b60d25fb6f3cfd66d", kill_on_drop: false }`
[INFO] running `Command { std: "docker" "exec" "-e" "SOURCE_DIR=/opt/rustwide/workdir" "-e" "CARGO_HOME=/opt/rustwide/cargo-home" "-e" "RUSTUP_HOME=/opt/rustwide/rustup-home" "-e" "CARGO_TARGET_DIR=/opt/rustwide/target" "-w" "/opt/rustwide/workdir" "--user" "0:0" "42a660cb10a898ed340020c225fdcb37b7e28d406b6fc02b60d25fb6f3cfd66d" "/opt/rustwide/cargo-home/bin/cargo" "+c60b92c03ca8a3b101eb9d57f51e2232690638c7" "metadata" "--no-deps" "--format-version=1", kill_on_drop: false }`
[INFO] running `Command { std: "docker" "inspect" "42a660cb10a898ed340020c225fdcb37b7e28d406b6fc02b60d25fb6f3cfd66d", kill_on_drop: false }`
[INFO] running `Command { std: "docker" "exec" "-e" "SOURCE_DIR=/opt/rustwide/workdir" "-e" "CARGO_HOME=/opt/rustwide/cargo-home" "-e" "RUSTUP_HOME=/opt/rustwide/rustup-home" "-e" "CARGO_TARGET_DIR=/opt/rustwide/target" "-e" "CARGO_INCREMENTAL=0" "-e" "RUST_BACKTRACE=full" "-e" "RUSTFLAGS=--cap-lints=forbid" "-e" "RUSTDOCFLAGS=--cap-lints=forbid" "-w" "/opt/rustwide/workdir" "--user" "0:0" "42a660cb10a898ed340020c225fdcb37b7e28d406b6fc02b60d25fb6f3cfd66d" "/opt/rustwide/cargo-home/bin/cargo" "+c60b92c03ca8a3b101eb9d57f51e2232690638c7" "check" "--frozen" "--all" "--all-targets" "--message-format=json", kill_on_drop: false }`
[INFO] [stderr] warning: unused workspace dependency `anyhow`
[INFO] [stderr]  --> Cargo.toml:7:1
[INFO] [stderr]   |
[INFO] [stderr] 7 | anyhow = "1"
[INFO] [stderr]   | ^^^^^^
[INFO] [stderr]   |
[INFO] [stderr]   = note: `cargo::unused_workspace_dependencies` is set to `warn` by default
[INFO] [stderr] help: consider removing the workspace dependency `anyhow`
[INFO] [stderr] warning: unused workspace dependency `reqwest`
[INFO] [stderr]   --> Cargo.toml:28:25
[INFO] [stderr]    |
[INFO] [stderr] 28 | [workspace.dependencies.reqwest]
[INFO] [stderr]    |                         ^^^^^^^
[INFO] [stderr]    |
[INFO] [stderr] help: consider removing the workspace dependency `reqwest`
[INFO] [stderr] warning: unused workspace dependency `silentsilo-fido`
[INFO] [stderr]   --> Cargo.toml:56:25
[INFO] [stderr]    |
[INFO] [stderr] 56 | [workspace.dependencies.silentsilo-fido]
[INFO] [stderr]    |                         ^^^^^^^^^^^^^^^
[INFO] [stderr]    |
[INFO] [stderr] help: consider removing the workspace dependency `silentsilo-fido`
[INFO] [stderr] warning: workspace (manifest) generated 3 warnings
[INFO] [stderr]     Checking subtle v2.6.1
[INFO] [stderr]    Compiling getrandom v0.4.3
[INFO] [stderr]     Checking cpubits v0.1.1
[INFO] [stderr]    Compiling syn v2.0.119
[INFO] [stderr]     Checking getrandom v0.2.17
[INFO] [stderr]     Checking mio v1.2.2
[INFO] [stderr]     Checking socket2 v0.6.5
[INFO] [stderr]    Compiling syn v3.0.2
[INFO] [stderr]     Checking pem-rfc7468 v1.0.0
[INFO] [stderr]    Compiling cc v1.3.0
[INFO] [stderr]     Checking generic-array v0.14.7
[INFO] [stderr]     Checking num-integer v0.1.46
[INFO] [stderr]     Checking either v1.17.0
[INFO] [stderr]     Checking base16ct v1.0.0
[INFO] [stderr]     Checking time v0.3.53
[INFO] [stderr]    Compiling aws-lc-rs v1.18.1
[INFO] [stderr]     Checking hashbrown v0.17.1
[INFO] [stderr]     Checking ctutils v0.4.2
[INFO] [stderr]     Checking rand_core v0.6.4
[INFO] [stderr]     Checking ff v0.14.0
[INFO] [stderr]     Checking bitflags v2.13.1
[INFO] [stderr]     Checking bytes-utils v0.1.4
[INFO] [stderr]     Checking group v0.14.0
[INFO] [stderr]    Compiling rustls v0.23.46
[INFO] [stderr]     Checking uuid v1.24.0
[INFO] [stderr]    Compiling curve25519-dalek v5.0.0
[INFO] [stderr]     Checking rand_core v0.9.5
[INFO] [stderr]    Compiling aws-types v1.5.0
[INFO] [stderr]    Compiling nix v0.31.3
[INFO] [stderr]     Checking keccak v0.2.0
[INFO] [stderr]     Checking rustix v1.1.4
[INFO] [stderr]     Checking sponge-cursor v0.1.0
[INFO] [stderr]     Checking parking_lot_core v0.9.12
[INFO] [stderr]     Checking hex-literal v1.1.0
[INFO] [stderr]     Checking md5 v0.8.1
[INFO] [stderr]     Checking serde_bytes v0.11.19
[INFO] [stderr]     Checking quick-xml v0.41.0
[INFO] [stderr]     Checking num-bigint v0.4.8
[INFO] [stderr]    Compiling libdbus-sys v0.2.7
[INFO] [stderr]     Checking num-iter v0.1.46
[INFO] [stderr]     Checking crypto-common v0.1.7
[INFO] [stderr]     Checking block-buffer v0.10.4
[INFO] [stderr]     Checking block-padding v0.3.3
[INFO] [stderr]     Checking generic-array v1.4.4
[INFO] [stderr]     Checking universal-hash v0.5.1
[INFO] [stderr]     Checking aead v0.5.2
[INFO] [stderr]     Checking digest v0.10.7
[INFO] [stderr]     Checking inout v0.1.4
[INFO] [stderr]     Checking dashmap v6.2.1
[INFO] [stderr]     Checking polyval v0.6.2
[INFO] [stderr]     Checking num-complex v0.4.6
[INFO] [stderr]     Checking indexmap v2.14.0
[INFO] [stderr]     Checking cipher v0.4.4
[INFO] [stderr]     Checking dbus v0.9.12
[INFO] [stderr]     Checking ghash v0.5.1
[INFO] [stderr]     Checking sha2 v0.10.9
[INFO] [stderr]     Checking crc-fast v1.10.0
[INFO] [stderr]     Checking aes v0.8.4
[INFO] [stderr]     Checking hmac v0.12.1
[INFO] [stdout] error[E0493]: destructor of `ArrayBuilder<T, N>` cannot be evaluated at compile-time
[INFO] [stdout]    --> /opt/rustwide/cargo-home/registry/src/index.crates.io-1949cf8c6b5b557f/generic-array-1.4.4/src/internal.rs:103:31
[INFO] [stdout]     |
[INFO] [stdout] 103 |     pub unsafe fn assume_init(self) -> GenericArray<T, N> {
[INFO] [stdout]     |                               ^^^^ the destructor for this type cannot be evaluated in constant functions
[INFO] [stdout] ...
[INFO] [stdout] 109 |     }
[INFO] [stdout]     |     - value is dropped here
[INFO] [stdout] 
[INFO] [stdout] 
[INFO] [stderr]     Checking ctr v0.9.2
[INFO] [stdout] error[E0493]: destructor of `GenericArray<core::mem::MaybeUninit<*const T>, N>` cannot be evaluated at compile-time
[INFO] [stdout]    --> /opt/rustwide/cargo-home/registry/src/index.crates.io-1949cf8c6b5b557f/generic-array-1.4.4/src/lib.rs:981:13
[INFO] [stdout]     |
[INFO] [stdout] 981 |         let mut out: GenericArray<MaybeUninit<*const T>, N> = GenericArray::uninit();
[INFO] [stdout]     |             ^^^^^^^ the destructor for this type cannot be evaluated in constant functions
[INFO] [stdout] ...
[INFO] [stdout] 996 |     }
[INFO] [stdout]     |     - value is dropped here
[INFO] [stdout] 
[INFO] [stdout] 
[INFO] [stdout] error[E0493]: destructor of `GenericArray<core::mem::MaybeUninit<*mut T>, N>` cannot be evaluated at compile-time
[INFO] [stdout]     --> /opt/rustwide/cargo-home/registry/src/index.crates.io-1949cf8c6b5b557f/generic-array-1.4.4/src/lib.rs:1016:13
[INFO] [stdout]      |
[INFO] [stdout] 1016 |         let mut out: GenericArray<MaybeUninit<*mut T>, N> = GenericArray::uninit();
[INFO] [stdout]      |             ^^^^^^^ the destructor for this type cannot be evaluated in constant functions
[INFO] [stdout] ...
[INFO] [stdout] 1031 |     }
[INFO] [stdout]      |     - value is dropped here
[INFO] [stdout] 
[INFO] [stdout] 
[INFO] [stderr]     Checking hkdf v0.12.4
[INFO] [stdout] For more information about this error, try `rustc --explain E0493`.
[INFO] [stdout] 
[INFO] [stderr] error: could not compile `generic-array` (lib) due to 3 previous errors
[INFO] [stderr] warning: build failed, waiting for other jobs to finish...
[INFO] running `Command { std: "docker" "inspect" "42a660cb10a898ed340020c225fdcb37b7e28d406b6fc02b60d25fb6f3cfd66d", kill_on_drop: false }`
[INFO] running `Command { std: "docker" "rm" "-f" "42a660cb10a898ed340020c225fdcb37b7e28d406b6fc02b60d25fb6f3cfd66d", kill_on_drop: false }`
[INFO] [stdout] 42a660cb10a898ed340020c225fdcb37b7e28d406b6fc02b60d25fb6f3cfd66d
