[INFO] cloning repository https://github.com/serialexp/rsansible
[INFO] running `Command { std: "git" "-c" "credential.helper=" "-c" "credential.helper=/workspace/cargo-home/bin/git-credential-null" "clone" "--bare" "https://github.com/serialexp/rsansible" "/workspace/cache/git-repos/https%3A%2F%2Fgithub.com%2Fserialexp%2Frsansible", kill_on_drop: false }`
[INFO] [stderr] Cloning into bare repository '/workspace/cache/git-repos/https%3A%2F%2Fgithub.com%2Fserialexp%2Frsansible'...
[INFO] running `Command { std: "git" "rev-parse" "HEAD", kill_on_drop: false }`
[INFO] [stdout] 1b5e23b6ab8ce49e8c1331ec06f2875f8ac80df7
[INFO] checking serialexp/rsansible against c60b92c03ca8a3b101eb9d57f51e2232690638c7 for pr-164148-crater-rollup
[INFO] running `Command { std: "git" "clone" "/workspace/cache/git-repos/https%3A%2F%2Fgithub.com%2Fserialexp%2Frsansible" "/workspace/builds/worker-4-tc2/source", kill_on_drop: false }`
[INFO] [stderr] Cloning into '/workspace/builds/worker-4-tc2/source'...
[INFO] [stderr] done.
[INFO] started tweaking git repo https://github.com/serialexp/rsansible
[INFO] finished tweaking git repo https://github.com/serialexp/rsansible
[INFO] tweaked toml for git repo https://github.com/serialexp/rsansible written to /workspace/builds/worker-4-tc2/source/Cargo.toml
[INFO] validating manifest of git repo https://github.com/serialexp/rsansible on toolchain c60b92c03ca8a3b101eb9d57f51e2232690638c7
[INFO] running `Command { std: CARGO_HOME="/workspace/cargo-home" RUSTUP_HOME="/workspace/rustup-home" "/workspace/cargo-home/bin/cargo" "+c60b92c03ca8a3b101eb9d57f51e2232690638c7" "metadata" "--manifest-path" "Cargo.toml" "--no-deps", kill_on_drop: false }`
[INFO] crate git repo https://github.com/serialexp/rsansible already has a lockfile, it will not be regenerated
[INFO] running `Command { std: CARGO_HOME="/workspace/cargo-home" RUSTUP_HOME="/workspace/rustup-home" "/workspace/cargo-home/bin/cargo" "+c60b92c03ca8a3b101eb9d57f51e2232690638c7" "fetch" "--manifest-path" "Cargo.toml", kill_on_drop: false }`
[INFO] [stderr]     Blocking waiting for file lock on package cache
[INFO] [stderr]     Blocking waiting for file lock on package cache
[INFO] running `Command { std: "docker" "create" "-v" "/var/lib/crater-agent-workspace/builds/worker-4-tc2/source:/opt/rustwide/workdir:ro,Z" "-v" "/var/lib/crater-agent-workspace/builds/worker-4-tc2/target:/opt/rustwide/target:rw,Z" "-v" "/var/lib/crater-agent-workspace/cargo-home:/opt/rustwide/cargo-home:ro,Z" "-v" "/var/lib/crater-agent-workspace/rustup-home:/opt/rustwide/rustup-home:ro,Z" "-m" "1610612736" "--network" "none" "ghcr.io/rust-lang/crates-build-env/linux@sha256:77db811e55d90add9212f6832c23229e3de5f1c1f9905e8cb07319ea15df73ac" "sleep" "infinity", kill_on_drop: false }`
[INFO] [stdout] e15c691cc3c1b20e0de533e6368d2dfb9f996002cba359c9a735c8530d7a3f4c
[INFO] running `Command { std: "docker" "start" "e15c691cc3c1b20e0de533e6368d2dfb9f996002cba359c9a735c8530d7a3f4c", kill_on_drop: false }`
[INFO] running `Command { std: "docker" "inspect" "e15c691cc3c1b20e0de533e6368d2dfb9f996002cba359c9a735c8530d7a3f4c", kill_on_drop: false }`
[INFO] running `Command { std: "docker" "exec" "-e" "SOURCE_DIR=/opt/rustwide/workdir" "-e" "CARGO_HOME=/opt/rustwide/cargo-home" "-e" "RUSTUP_HOME=/opt/rustwide/rustup-home" "-e" "CARGO_TARGET_DIR=/opt/rustwide/target" "-w" "/opt/rustwide/workdir" "--user" "0:0" "e15c691cc3c1b20e0de533e6368d2dfb9f996002cba359c9a735c8530d7a3f4c" "/opt/rustwide/cargo-home/bin/cargo" "+c60b92c03ca8a3b101eb9d57f51e2232690638c7" "metadata" "--no-deps" "--format-version=1", kill_on_drop: false }`
[INFO] running `Command { std: "docker" "inspect" "e15c691cc3c1b20e0de533e6368d2dfb9f996002cba359c9a735c8530d7a3f4c", kill_on_drop: false }`
[INFO] running `Command { std: "docker" "exec" "-e" "SOURCE_DIR=/opt/rustwide/workdir" "-e" "CARGO_HOME=/opt/rustwide/cargo-home" "-e" "RUSTUP_HOME=/opt/rustwide/rustup-home" "-e" "CARGO_TARGET_DIR=/opt/rustwide/target" "-e" "CARGO_INCREMENTAL=0" "-e" "RUST_BACKTRACE=full" "-e" "RUSTFLAGS=--cap-lints=forbid" "-e" "RUSTDOCFLAGS=--cap-lints=forbid" "-w" "/opt/rustwide/workdir" "--user" "0:0" "e15c691cc3c1b20e0de533e6368d2dfb9f996002cba359c9a735c8530d7a3f4c" "/opt/rustwide/cargo-home/bin/cargo" "+c60b92c03ca8a3b101eb9d57f51e2232690638c7" "check" "--frozen" "--all" "--all-targets" "--message-format=json", kill_on_drop: false }`
[INFO] [stderr]     Checking typenum v1.20.0
[INFO] [stderr]     Checking subtle v2.6.1
[INFO] [stderr]     Checking cmov v0.5.3
[INFO] [stderr]    Compiling getrandom v0.4.2
[INFO] [stderr]     Checking const-oid v0.10.2
[INFO] [stderr]    Compiling num-traits v0.2.19
[INFO] [stderr]    Compiling libc v0.2.186
[INFO] [stderr]     Checking base64ct v1.8.3
[INFO] [stderr]     Checking smallvec v1.15.1
[INFO] [stderr]     Checking getrandom v0.2.17
[INFO] [stderr]    Compiling serde_core v1.0.228
[INFO] [stderr]    Compiling syn v2.0.117
[INFO] [stderr]     Checking cpubits v0.1.1
[INFO] [stderr]     Checking simd-adler32 v0.3.9
[INFO] [stderr]     Checking http v1.4.0
[INFO] [stderr]    Compiling aws-lc-rs v1.17.0
[INFO] [stderr]     Checking rustls-pki-types v1.14.1
[INFO] [stderr]     Checking ctutils v0.4.2
[INFO] [stderr]     Checking miniz_oxide v0.8.9
[INFO] [stderr]     Checking chacha20 v0.10.0
[INFO] [stderr]    Compiling rustls v0.23.40
[INFO] [stderr]    Compiling serde_json v1.0.149
[INFO] [stderr]     Checking pem-rfc7468 v1.0.0
[INFO] [stderr]    Compiling time-core v0.1.8
[INFO] [stderr]    Compiling num-conv v0.2.1
[INFO] [stderr]     Checking deranged v0.5.8
[INFO] [stderr]     Checking rustcrypto-ff v0.14.0-rc.1
[INFO] [stderr]     Checking sync_wrapper v1.0.2
[INFO] [stderr]     Checking rand v0.10.1
[INFO] [stderr]    Compiling zerocopy v0.8.48
[INFO] [stderr]     Checking der v0.8.0
[INFO] [stderr]     Checking ipnet v2.12.0
[INFO] [stderr]     Checking nom v7.1.3
[INFO] [stderr]     Checking flate2 v1.1.9
[INFO] [stderr]    Compiling time-macros v0.2.27
[INFO] [stderr]     Checking base16ct v1.0.0
[INFO] [stderr]     Checking compression-core v0.4.32
[INFO] [stderr]    Compiling anyhow v1.0.102
[INFO] [stderr]     Checking regex-automata v0.4.14
[INFO] [stderr]     Checking rustcrypto-group v0.14.0-rc.1
[INFO] [stderr]     Checking fallible-iterator v0.2.0
[INFO] [stderr]     Checking http-body v1.0.1
[INFO] [stderr]     Checking http-body-util v0.1.3
[INFO] [stderr]     Checking compression-codecs v0.4.38
[INFO] [stderr]     Checking binschema-runtime v0.1.0 (/opt/rustwide/workdir/crates/wire-runtime)
[INFO] [stderr]     Checking num-integer v0.1.46
[INFO] [stderr]     Checking parking_lot_core v0.9.12
[INFO] [stderr]     Checking webpki-roots v1.0.7
[INFO] [stderr]     Checking rand_core v0.6.4
[INFO] [stderr]     Checking bumpalo v3.20.2
[INFO] [stderr]    Compiling zip v2.4.2
[INFO] [stderr]     Checking num-bigint v0.4.6
[INFO] [stderr]    Compiling rustix v0.38.44
[INFO] [stderr]    Compiling oid-registry v0.7.1
[INFO] [stderr]     Checking parking_lot v0.12.5
[INFO] [stderr]     Checking zopfli v0.8.3
[INFO] [stderr]     Checking phf v0.13.1
[INFO] [stderr]    Compiling jobserver v0.1.34
[INFO] [stderr]     Checking xattr v1.6.1
[INFO] [stderr]    Compiling cc v1.2.62
[INFO] [stderr]     Checking sharded-slab v0.1.7
[INFO] [stderr]     Checking whoami v2.1.2
[INFO] [stderr]     Checking filetime v0.2.29
[INFO] [stderr]     Checking spki v0.8.0-rc.4
[INFO] [stderr]     Checking tar v0.4.45
[INFO] [stderr]     Checking lzma-rs v0.3.0
[INFO] [stderr]    Compiling curve25519-dalek v5.0.0-pre.6
[INFO] [stderr]     Checking hybrid-array v0.4.12
[INFO] [stderr]     Checking generic-array v0.14.7
[INFO] [stderr]     Checking pem-rfc7468 v0.7.0
[INFO] [stderr]     Checking time v0.3.47
[INFO] [stderr]     Checking bzip2-rs v0.1.2
[INFO] [stderr]    Compiling nix v0.31.3
[INFO] [stderr]    Compiling num-bigint-dig v0.8.6
[INFO] [stderr]     Checking tempfile v3.27.0
[INFO] [stderr]     Checking getrandom v0.3.4
[INFO] [stderr]     Checking pkcs1 v0.8.0-rc.4
[INFO] [stderr]     Checking password-hash v0.5.0
[INFO] [stderr]     Checking num-iter v0.1.45
[INFO] [stderr]     Checking keccak v0.2.0
[INFO] [stderr]     Checking fiat-crypto v0.3.0
[INFO] [stderr]     Checking rand_core v0.9.5
[INFO] [stderr]     Checking memo-map v0.3.3
[INFO] [stderr]     Checking internal-russh-num-bigint v0.5.0
[INFO] [stderr]     Checking crypto-common v0.1.7
[INFO] [stderr]     Checking block-buffer v0.10.4
[INFO] [stderr]     Checking block-padding v0.3.3
[INFO] [stderr]     Checking digest v0.10.7
[INFO] [stderr]     Checking universal-hash v0.5.1
[INFO] [stderr]     Checking aead v0.5.2
[INFO] [stderr]     Checking polyval v0.6.2
[INFO] [stderr]     Checking poly1305 v0.8.0
[INFO] [stderr]    Compiling cmake v0.1.58
[INFO] [stderr]     Checking inout v0.1.4
[INFO] [stderr]     Checking rusticata-macros v4.1.0
[INFO] [stderr]     Checking sha2 v0.10.9
[INFO] [stderr]     Checking cipher v0.4.4
[INFO] [stderr]     Checking sha1 v0.10.6
[INFO] [stderr]     Checking md-5 v0.10.6
[INFO] [stderr]     Checking hmac v0.12.1
[INFO] [stderr]     Checking ghash v0.5.1
[INFO] [stderr]     Checking aes v0.8.4
[INFO] [stderr]     Checking ctr v0.9.2
[INFO] [stderr]     Checking blowfish v0.9.1
[INFO] [stderr]     Checking cbc v0.1.2
[INFO] [stderr]     Checking pbkdf2 v0.12.2
[INFO] [stderr]     Checking chacha20 v0.9.1
[INFO] [stderr]     Checking blake2 v0.10.6
[INFO] [stderr]     Checking serde_path_to_error v0.1.20
[INFO] [stderr]     Checking generic-array v1.4.1
[INFO] [stderr]     Checking ssh-encoding v0.2.0
[INFO] [stderr]     Checking bcrypt-pbkdf v0.10.0
[INFO] [stderr]     Checking argon2 v0.5.3
[INFO] [stderr]     Checking hex-literal v1.1.0
[INFO] [stderr]    Compiling aws-lc-sys v0.41.0
[INFO] [stderr]    Compiling ring v0.17.14
[INFO] [stderr]     Checking aes-gcm v0.10.3
[INFO] [stderr]     Checking russh-cryptovec v0.59.0
[INFO] [stderr]     Checking ssh-cipher v0.2.0
[INFO] [stderr]     Checking md5 v0.7.0
[INFO] [stderr]     Checking crypto-common v0.2.1
[INFO] [stderr]     Checking block-buffer v0.12.0
[INFO] [stderr]     Checking block-padding v0.4.2
[INFO] [stderr]     Checking crypto-bigint v0.7.0-rc.28
[INFO] [stderr]     Checking inout v0.2.2
[INFO] [stderr]     Checking sec1 v0.8.1
[INFO] [stderr]     Checking module-lattice v0.2.3
[INFO] [stderr]     Checking similar v2.7.0
[INFO] [stdout] error[E0493]: destructor of `ArrayBuilder<T, N>` cannot be evaluated at compile-time
[INFO] [stdout]    --> /opt/rustwide/cargo-home/registry/src/index.crates.io-1949cf8c6b5b557f/generic-array-1.4.1/src/internal.rs:103:31
[INFO] [stdout]     |
[INFO] [stdout] 103 |     pub unsafe fn assume_init(self) -> GenericArray<T, N> {
[INFO] [stdout]     |                               ^^^^ the destructor for this type cannot be evaluated in constant functions
[INFO] [stdout] ...
[INFO] [stdout] 109 |     }
[INFO] [stdout]     |     - value is dropped here
[INFO] [stdout] 
[INFO] [stdout] 
[INFO] [stdout] error[E0493]: destructor of `GenericArray<core::mem::MaybeUninit<*const T>, N>` cannot be evaluated at compile-time
[INFO] [stdout]    --> /opt/rustwide/cargo-home/registry/src/index.crates.io-1949cf8c6b5b557f/generic-array-1.4.1/src/lib.rs:970:13
[INFO] [stdout]     |
[INFO] [stdout] 970 |         let mut out: GenericArray<MaybeUninit<*const T>, N> = GenericArray::uninit();
[INFO] [stdout]     |             ^^^^^^^ the destructor for this type cannot be evaluated in constant functions
[INFO] [stdout] ...
[INFO] [stdout] 985 |     }
[INFO] [stdout]     |     - value is dropped here
[INFO] [stdout] 
[INFO] [stdout] 
[INFO] [stdout] error[E0493]: destructor of `GenericArray<core::mem::MaybeUninit<*mut T>, N>` cannot be evaluated at compile-time
[INFO] [stdout]     --> /opt/rustwide/cargo-home/registry/src/index.crates.io-1949cf8c6b5b557f/generic-array-1.4.1/src/lib.rs:1005:13
[INFO] [stdout]      |
[INFO] [stdout] 1005 |         let mut out: GenericArray<MaybeUninit<*mut T>, N> = GenericArray::uninit();
[INFO] [stdout]      |             ^^^^^^^ the destructor for this type cannot be evaluated in constant functions
[INFO] [stdout] ...
[INFO] [stdout] 1020 |     }
[INFO] [stdout]      |     - value is dropped here
[INFO] [stdout] 
[INFO] [stdout] 
[INFO] [stdout] For more information about this error, try `rustc --explain E0493`.
[INFO] [stdout] 
[INFO] [stderr] error: could not compile `generic-array` (lib) due to 3 previous errors
[INFO] [stderr] warning: build failed, waiting for other jobs to finish...
[INFO] running `Command { std: "docker" "inspect" "e15c691cc3c1b20e0de533e6368d2dfb9f996002cba359c9a735c8530d7a3f4c", kill_on_drop: false }`
[INFO] running `Command { std: "docker" "rm" "-f" "e15c691cc3c1b20e0de533e6368d2dfb9f996002cba359c9a735c8530d7a3f4c", kill_on_drop: false }`
[INFO] [stdout] e15c691cc3c1b20e0de533e6368d2dfb9f996002cba359c9a735c8530d7a3f4c
