[INFO] cloning repository https://github.com/sdakhara/baby-ssh
[INFO] running `Command { std: "git" "-c" "credential.helper=" "-c" "credential.helper=/workspace/cargo-home/bin/git-credential-null" "clone" "--bare" "https://github.com/sdakhara/baby-ssh" "/workspace/cache/git-repos/https%3A%2F%2Fgithub.com%2Fsdakhara%2Fbaby-ssh", kill_on_drop: false }`
[INFO] [stderr] Cloning into bare repository '/workspace/cache/git-repos/https%3A%2F%2Fgithub.com%2Fsdakhara%2Fbaby-ssh'...
[INFO] running `Command { std: "git" "rev-parse" "HEAD", kill_on_drop: false }`
[INFO] [stdout] e19207836348a43a1a15a406eb61c5301c4e38e0
[INFO] checking sdakhara/baby-ssh against c60b92c03ca8a3b101eb9d57f51e2232690638c7 for pr-164148-crater-rollup
[INFO] running `Command { std: "git" "clone" "/workspace/cache/git-repos/https%3A%2F%2Fgithub.com%2Fsdakhara%2Fbaby-ssh" "/workspace/builds/worker-7-tc2/source", kill_on_drop: false }`
[INFO] [stderr] Cloning into '/workspace/builds/worker-7-tc2/source'...
[INFO] [stderr] done.
[INFO] started tweaking git repo https://github.com/sdakhara/baby-ssh
[INFO] finished tweaking git repo https://github.com/sdakhara/baby-ssh
[INFO] tweaked toml for git repo https://github.com/sdakhara/baby-ssh written to /workspace/builds/worker-7-tc2/source/Cargo.toml
[INFO] validating manifest of git repo https://github.com/sdakhara/baby-ssh on toolchain c60b92c03ca8a3b101eb9d57f51e2232690638c7
[INFO] running `Command { std: CARGO_HOME="/workspace/cargo-home" RUSTUP_HOME="/workspace/rustup-home" "/workspace/cargo-home/bin/cargo" "+c60b92c03ca8a3b101eb9d57f51e2232690638c7" "metadata" "--manifest-path" "Cargo.toml" "--no-deps", kill_on_drop: false }`
[INFO] crate git repo https://github.com/sdakhara/baby-ssh already has a lockfile, it will not be regenerated
[INFO] running `Command { std: CARGO_HOME="/workspace/cargo-home" RUSTUP_HOME="/workspace/rustup-home" "/workspace/cargo-home/bin/cargo" "+c60b92c03ca8a3b101eb9d57f51e2232690638c7" "fetch" "--manifest-path" "Cargo.toml", kill_on_drop: false }`
[INFO] running `Command { std: "docker" "create" "-v" "/var/lib/crater-agent-workspace/builds/worker-7-tc2/source:/opt/rustwide/workdir:ro,Z" "-v" "/var/lib/crater-agent-workspace/builds/worker-7-tc2/target:/opt/rustwide/target:rw,Z" "-v" "/var/lib/crater-agent-workspace/cargo-home:/opt/rustwide/cargo-home:ro,Z" "-v" "/var/lib/crater-agent-workspace/rustup-home:/opt/rustwide/rustup-home:ro,Z" "-m" "1610612736" "--network" "none" "ghcr.io/rust-lang/crates-build-env/linux@sha256:77db811e55d90add9212f6832c23229e3de5f1c1f9905e8cb07319ea15df73ac" "sleep" "infinity", kill_on_drop: false }`
[INFO] [stdout] d94e2f89f3217167a01fca74c799675bebb632974432ad3b79313c559650a68a
[INFO] running `Command { std: "docker" "start" "d94e2f89f3217167a01fca74c799675bebb632974432ad3b79313c559650a68a", kill_on_drop: false }`
[INFO] running `Command { std: "docker" "inspect" "d94e2f89f3217167a01fca74c799675bebb632974432ad3b79313c559650a68a", kill_on_drop: false }`
[INFO] running `Command { std: "docker" "exec" "-e" "SOURCE_DIR=/opt/rustwide/workdir" "-e" "CARGO_HOME=/opt/rustwide/cargo-home" "-e" "RUSTUP_HOME=/opt/rustwide/rustup-home" "-e" "CARGO_TARGET_DIR=/opt/rustwide/target" "-w" "/opt/rustwide/workdir" "--user" "0:0" "d94e2f89f3217167a01fca74c799675bebb632974432ad3b79313c559650a68a" "/opt/rustwide/cargo-home/bin/cargo" "+c60b92c03ca8a3b101eb9d57f51e2232690638c7" "metadata" "--no-deps" "--format-version=1", kill_on_drop: false }`
[INFO] running `Command { std: "docker" "inspect" "d94e2f89f3217167a01fca74c799675bebb632974432ad3b79313c559650a68a", kill_on_drop: false }`
[INFO] running `Command { std: "docker" "exec" "-e" "SOURCE_DIR=/opt/rustwide/workdir" "-e" "CARGO_HOME=/opt/rustwide/cargo-home" "-e" "RUSTUP_HOME=/opt/rustwide/rustup-home" "-e" "CARGO_TARGET_DIR=/opt/rustwide/target" "-e" "CARGO_INCREMENTAL=0" "-e" "RUST_BACKTRACE=full" "-e" "RUSTFLAGS=--cap-lints=forbid" "-e" "RUSTDOCFLAGS=--cap-lints=forbid" "-w" "/opt/rustwide/workdir" "--user" "0:0" "d94e2f89f3217167a01fca74c799675bebb632974432ad3b79313c559650a68a" "/opt/rustwide/cargo-home/bin/cargo" "+c60b92c03ca8a3b101eb9d57f51e2232690638c7" "check" "--frozen" "--all" "--all-targets" "--message-format=json", kill_on_drop: false }`
[INFO] [stderr]    Compiling proc-macro2 v1.0.107
[INFO] [stderr]    Compiling num-traits v0.2.19
[INFO] [stderr]     Checking getrandom v0.4.3
[INFO] [stderr]    Compiling crossbeam-utils v0.8.23
[INFO] [stderr]    Compiling rustix v1.1.5
[INFO] [stderr]     Checking smallvec v1.16.1
[INFO] [stderr]     Checking unicode-ident v1.0.26
[INFO] [stderr]     Checking futures-lite v2.6.1
[INFO] [stderr]     Checking crypto-common v0.2.2
[INFO] [stderr]     Checking parking_lot_core v0.9.12
[INFO] [stderr]     Checking quote v1.0.47
[INFO] [stderr]     Checking mio v1.2.3
[INFO] [stderr]     Checking concurrent-queue v2.5.0
[INFO] [stderr]     Checking futures-sink v0.3.34
[INFO] [stderr]    Compiling syn v3.0.6
[INFO] [stderr]    Compiling syn v2.0.119
[INFO] [stderr]     Checking futures-channel v0.3.34
[INFO] [stderr]    Compiling cc v1.4.7
[INFO] [stderr]     Checking crypto-bigint v0.7.5
[INFO] [stderr]     Checking num-integer v0.1.47
[INFO] [stderr]     Checking digest v0.11.3
[INFO] [stderr]     Checking cipher v0.5.2
[INFO] [stderr]     Checking universal-hash v0.6.1
[INFO] [stderr]     Checking hmac v0.13.0
[INFO] [stderr]     Checking sha2 v0.11.0
[INFO] [stderr]     Checking polyval v0.7.3
[INFO] [stderr]     Checking aes v0.9.3
[INFO] [stderr]     Checking cbc v0.2.1
[INFO] [stderr]     Checking ghash v0.6.0
[INFO] [stderr]     Checking ctr v0.10.1
[INFO] [stderr]     Checking pbkdf2 v0.13.0
[INFO] [stderr]     Checking aead v0.6.1
[INFO] [stderr]     Checking salsa20 v0.11.0
[INFO] [stderr]     Checking aes-gcm v0.11.1
[INFO] [stderr]     Checking hkdf v0.13.0
[INFO] [stderr]     Checking scrypt v0.12.0
[INFO] [stderr]     Checking signature v3.0.0
[INFO] [stderr]     Checking pkcs5 v0.8.1
[INFO] [stderr]     Checking parking_lot v0.12.5
[INFO] [stderr]     Checking winnow v1.0.4
[INFO] [stderr]     Checking pkcs8 v0.11.0
[INFO] [stderr]    Compiling cmake v0.1.58
[INFO] [stderr]     Checking async-channel v2.5.0
[INFO] [stderr]     Checking either v1.18.0
[INFO] [stderr]    Compiling aws-lc-sys v0.45.0
[INFO] [stderr]     Checking itertools v0.14.0
[INFO] [stderr]     Checking piper v0.2.5
[INFO] [stderr]     Checking signal-hook v0.3.18
[INFO] [stderr]    Compiling curve25519-dalek v5.0.0
[INFO] [stderr]     Checking chacha20 v0.10.2
[INFO] [stderr]     Checking num-bigint v0.4.8
[INFO] [stderr]     Checking async-lock v3.4.2
[INFO] [stderr]     Checking elliptic-curve v0.14.1
[INFO] [stderr]     Checking primefield v0.14.0
[INFO] [stderr]     Checking wnaf v0.14.1
[INFO] [stderr]     Checking rfc6979 v0.6.0
[INFO] [stderr]    Compiling instability v0.3.13
[INFO] [stderr]    Compiling generic-array v0.14.7
[INFO] [stderr]     Checking compact_str v0.9.1
[INFO] [stderr]     Checking primeorder v0.14.0
[INFO] [stderr]     Checking ecdsa v0.17.0
[INFO] [stderr]     Checking unicode-truncate v2.0.1
[INFO] [stderr]    Compiling nix v0.31.3
[INFO] [stderr]    Compiling darling_core v0.24.1
[INFO] [stderr]     Checking ssh-encoding v0.3.0
[INFO] [stderr]     Checking num-rational v0.4.2
[INFO] [stderr]     Checking lru v0.18.4
[INFO] [stderr]     Checking signal-hook-mio v0.2.5
[INFO] [stderr]     Checking blocking v1.7.0
[INFO] [stderr]     Checking async-executor v1.14.0
[INFO] [stderr]     Checking num-iter v0.1.46
[INFO] [stderr]     Checking num-complex v0.4.6
[INFO] [stderr]     Checking uuid v1.26.1
[INFO] [stderr]     Checking async-broadcast v0.7.2
[INFO] [stderr]     Checking ordered-stream v0.2.0
[INFO] [stderr]     Checking keccak v0.2.2
[INFO] [stderr]    Compiling crc32fast v1.5.2
[INFO] [stderr]     Checking regex-syntax v0.8.11
[INFO] [stderr]     Checking blowfish v0.10.0
[INFO] [stderr]     Checking num v0.4.3
[INFO] [stderr]     Checking rustix v0.38.44
[INFO] [stderr]     Checking crypto-primes v0.7.2
[INFO] [stderr]    Compiling enumflags2_derive v0.7.12
[INFO] [stderr]    Compiling serde_derive v1.0.229
[INFO] [stderr]    Compiling thiserror-impl v2.0.20
[INFO] [stderr]    Compiling futures-macro v0.3.34
[INFO] [stderr]    Compiling tracing-attributes v0.1.31
[INFO] [stderr]    Compiling strum_macros v0.28.0
[INFO] [stderr]     Checking polling v3.11.0
[INFO] [stderr]     Checking futures-util v0.3.34
[INFO] [stderr]     Checking async-io v2.6.0
[INFO] [stderr]     Checking async-signal v0.2.14
[INFO] [stderr]     Checking thiserror v2.0.20
[INFO] [stderr]     Checking async-process v2.5.0
[INFO] [stderr]     Checking kasuari v0.4.12
[INFO] [stderr]     Checking tracing v0.1.44
[INFO] [stderr]    Compiling async-trait v0.1.92
[INFO] [stderr]    Compiling serde_repr v0.1.21
[INFO] [stderr]    Compiling derive_more-impl v2.1.1
[INFO] [stderr]    Compiling curve25519-dalek-derive v0.1.1
[INFO] [stderr]    Compiling async-recursion v1.1.1
[INFO] [stderr]     Checking derive_more v2.1.1
[INFO] [stderr]     Checking regex-automata v0.4.18
[INFO] [stderr]    Compiling darling_macro v0.24.1
[INFO] [stderr]    Compiling tokio-macros v2.7.2
[INFO] [stderr]    Compiling darling v0.24.1
[INFO] [stderr]     Checking strum v0.28.0
[INFO] [stderr]     Checking ratatui-core v0.1.2
[INFO] [stderr]     Checking ed25519 v3.0.0
[INFO] [stderr]     Checking poly1305 v0.9.1
[INFO] [stderr]     Checking blake2 v0.11.0
[INFO] [stderr]     Checking pkcs1 v0.8.0-rc.4
[INFO] [stderr]    Compiling serde v1.0.229
[INFO] [stderr]     Checking socket2 v0.6.5
[INFO] [stderr]     Checking simd-adler32 v0.3.10
[INFO] [stderr]    Compiling aws-lc-rs v1.18.1
[INFO] [stderr]     Checking miniz_oxide v0.9.1
[INFO] [stderr]     Checking argon2 v0.6.0
[INFO] [stderr]     Checking tokio v1.53.1
[INFO] [stderr]    Compiling zvariant_utils v4.2.0
[INFO] [stderr]    Compiling enumflags2 v0.7.12
[INFO] [stderr]    Compiling zcheapstr v1.1.0
[INFO] [stderr]     Checking ssh-cipher v0.3.0
[INFO] [stderr]     Checking rsa v0.10.0-rc.18
[INFO] [stderr]     Checking ed25519-dalek v3.0.0
[INFO] [stderr]     Checking matchers v0.2.0
[INFO] [stderr]     Checking crossterm v0.29.0
[INFO] [stderr]     Checking crossterm v0.28.1
[INFO] [stderr]     Checking bcrypt-pbkdf v0.11.0
[INFO] [stderr]     Checking sha3 v0.11.0
[INFO] [stderr]     Checking p256 v0.14.0
[INFO] [stderr]    Compiling zvariant_derive v5.15.0
[INFO] [stderr]     Checking futures-executor v0.3.34
[INFO] [stderr]     Checking p521 v0.14.0
[INFO] [stderr]    Compiling zvariant v5.15.0
[INFO] [stderr]     Checking p384 v0.14.0
[INFO] [stderr]     Checking rand v0.10.2
[INFO] [stderr]     Checking sha1 v0.11.0
[INFO] [stderr]     Checking kem v0.3.0
[INFO] [stderr]     Checking module-lattice v0.2.3
[INFO] [stderr]     Checking tracing-log v0.2.0
[INFO] [stderr]     Checking keyring-core v1.0.0
[INFO] [stderr]     Checking line-clipping v0.3.8
[INFO] [stderr]     Checking thread_local v1.1.10
[INFO] [stderr]     Checking sponge-cursor v0.1.0
[INFO] [stderr]     Checking num-conv v0.2.2
[INFO] [stderr]    Compiling serde_json v1.0.151
[INFO] [stderr]     Checking time-core v0.1.9
[INFO] [stderr]    Compiling anyhow v1.0.104
[INFO] [stderr]     Checking deranged v0.5.8
[INFO] [stderr]     Checking untrusted v0.7.1
[INFO] [stderr]     Checking tracing-subscriber v0.3.23
[INFO] [stderr]     Checking zbus_names v4.3.4
[INFO] [stderr]     Checking dirs-sys v0.5.0
[INFO] [stderr]     Checking time v0.3.55
[INFO] [stderr]    Compiling enum_dispatch v0.3.13
[INFO] [stderr]     Checking sha3 v0.12.0
[INFO] [stderr]     Checking ratatui-widgets v0.3.2
[INFO] [stderr]    Compiling zbus_macros v5.19.0
[INFO] [stderr]     Checking ml-kem v0.3.2
[INFO] [stderr]     Checking num-bigint v0.5.1
[INFO] [stderr]     Checking russh-cryptovec v0.62.0
[INFO] [stderr]     Checking futures v0.3.34
[INFO] [stderr]     Checking ratatui-crossterm v0.1.2
[INFO] [stderr]     Checking flate2 v1.1.10
[INFO] [stderr]     Checking generic-array v1.4.5
[INFO] [stderr]    Compiling delegate v0.13.5
[INFO] [stdout] error[E0493]: destructor of `ArrayBuilder<T, N>` cannot be evaluated at compile-time
[INFO] [stdout]    --> /opt/rustwide/cargo-home/registry/src/index.crates.io-1949cf8c6b5b557f/generic-array-1.4.5/src/internal.rs:103:31
[INFO] [stdout]     |
[INFO] [stdout] 103 |     pub unsafe fn assume_init(self) -> GenericArray<T, N> {
[INFO] [stdout]     |                               ^^^^ the destructor for this type cannot be evaluated in constant functions
[INFO] [stdout] ...
[INFO] [stdout] 109 |     }
[INFO] [stdout]     |     - value is dropped here
[INFO] [stdout] 
[INFO] [stdout] 
[INFO] [stdout] error[E0493]: destructor of `GenericArray<core::mem::MaybeUninit<*const T>, N>` cannot be evaluated at compile-time
[INFO] [stdout]    --> /opt/rustwide/cargo-home/registry/src/index.crates.io-1949cf8c6b5b557f/generic-array-1.4.5/src/lib.rs:983:13
[INFO] [stdout]     |
[INFO] [stdout] 983 |         let mut out: GenericArray<MaybeUninit<*const T>, N> = GenericArray::uninit();
[INFO] [stdout]     |             ^^^^^^^ the destructor for this type cannot be evaluated in constant functions
[INFO] [stdout] ...
[INFO] [stdout] 998 |     }
[INFO] [stdout]     |     - value is dropped here
[INFO] [stdout] 
[INFO] [stdout] 
[INFO] [stdout] error[E0493]: destructor of `GenericArray<core::mem::MaybeUninit<*mut T>, N>` cannot be evaluated at compile-time
[INFO] [stdout]     --> /opt/rustwide/cargo-home/registry/src/index.crates.io-1949cf8c6b5b557f/generic-array-1.4.5/src/lib.rs:1018:13
[INFO] [stdout]      |
[INFO] [stdout] 1018 |         let mut out: GenericArray<MaybeUninit<*mut T>, N> = GenericArray::uninit();
[INFO] [stdout]      |             ^^^^^^^ the destructor for this type cannot be evaluated in constant functions
[INFO] [stdout] ...
[INFO] [stdout] 1033 |     }
[INFO] [stdout]      |     - value is dropped here
[INFO] [stdout] 
[INFO] [stdout] 
[INFO] [stdout] For more information about this error, try `rustc --explain E0493`.
[INFO] [stdout] 
[INFO] [stderr] error: could not compile `generic-array` (lib) due to 3 previous errors
[INFO] [stderr] warning: build failed, waiting for other jobs to finish...
[INFO] running `Command { std: "docker" "inspect" "d94e2f89f3217167a01fca74c799675bebb632974432ad3b79313c559650a68a", kill_on_drop: false }`
[INFO] running `Command { std: "docker" "rm" "-f" "d94e2f89f3217167a01fca74c799675bebb632974432ad3b79313c559650a68a", kill_on_drop: false }`
[INFO] [stdout] d94e2f89f3217167a01fca74c799675bebb632974432ad3b79313c559650a68a
