[INFO] cloning repository https://github.com/schlarpc/steam2fs
[INFO] running `Command { std: "git" "-c" "credential.helper=" "-c" "credential.helper=/workspace/cargo-home/bin/git-credential-null" "clone" "--bare" "https://github.com/schlarpc/steam2fs" "/workspace/cache/git-repos/https%3A%2F%2Fgithub.com%2Fschlarpc%2Fsteam2fs", kill_on_drop: false }`
[INFO] [stderr] Cloning into bare repository '/workspace/cache/git-repos/https%3A%2F%2Fgithub.com%2Fschlarpc%2Fsteam2fs'...
[INFO] running `Command { std: "git" "rev-parse" "HEAD", kill_on_drop: false }`
[INFO] [stdout] a0cb4bf22a0f18d87cf470315b042292e422c59d
[INFO] checking schlarpc/steam2fs against c60b92c03ca8a3b101eb9d57f51e2232690638c7 for pr-164148-crater-rollup
[INFO] running `Command { std: "git" "clone" "/workspace/cache/git-repos/https%3A%2F%2Fgithub.com%2Fschlarpc%2Fsteam2fs" "/workspace/builds/worker-5-tc2/source", kill_on_drop: false }`
[INFO] [stderr] Cloning into '/workspace/builds/worker-5-tc2/source'...
[INFO] [stderr] done.
[INFO] removed /workspace/builds/worker-5-tc2/source/.cargo/config.toml
[INFO] removed /workspace/builds/worker-5-tc2/source/rust-toolchain.toml
[INFO] started tweaking git repo https://github.com/schlarpc/steam2fs
[INFO] finished tweaking git repo https://github.com/schlarpc/steam2fs
[INFO] tweaked toml for git repo https://github.com/schlarpc/steam2fs written to /workspace/builds/worker-5-tc2/source/Cargo.toml
[INFO] validating manifest of git repo https://github.com/schlarpc/steam2fs on toolchain c60b92c03ca8a3b101eb9d57f51e2232690638c7
[INFO] running `Command { std: CARGO_HOME="/workspace/cargo-home" RUSTUP_HOME="/workspace/rustup-home" "/workspace/cargo-home/bin/cargo" "+c60b92c03ca8a3b101eb9d57f51e2232690638c7" "metadata" "--manifest-path" "Cargo.toml" "--no-deps", kill_on_drop: false }`
[INFO] crate git repo https://github.com/schlarpc/steam2fs already has a lockfile, it will not be regenerated
[INFO] running `Command { std: CARGO_HOME="/workspace/cargo-home" RUSTUP_HOME="/workspace/rustup-home" "/workspace/cargo-home/bin/cargo" "+c60b92c03ca8a3b101eb9d57f51e2232690638c7" "fetch" "--manifest-path" "Cargo.toml", kill_on_drop: false }`
[INFO] running `Command { std: "docker" "create" "-v" "/var/lib/crater-agent-workspace/builds/worker-5-tc2/source:/opt/rustwide/workdir:ro,Z" "-v" "/var/lib/crater-agent-workspace/builds/worker-5-tc2/target:/opt/rustwide/target:rw,Z" "-v" "/var/lib/crater-agent-workspace/cargo-home:/opt/rustwide/cargo-home:ro,Z" "-v" "/var/lib/crater-agent-workspace/rustup-home:/opt/rustwide/rustup-home:ro,Z" "-m" "1610612736" "--network" "none" "ghcr.io/rust-lang/crates-build-env/linux@sha256:77db811e55d90add9212f6832c23229e3de5f1c1f9905e8cb07319ea15df73ac" "sleep" "infinity", kill_on_drop: false }`
[INFO] [stdout] 9e2e91a7a215876828ff648f94be84ff7729b6a5442add38e70a1bf0fd031c49
[INFO] running `Command { std: "docker" "start" "9e2e91a7a215876828ff648f94be84ff7729b6a5442add38e70a1bf0fd031c49", kill_on_drop: false }`
[INFO] running `Command { std: "docker" "inspect" "9e2e91a7a215876828ff648f94be84ff7729b6a5442add38e70a1bf0fd031c49", kill_on_drop: false }`
[INFO] running `Command { std: "docker" "exec" "-e" "SOURCE_DIR=/opt/rustwide/workdir" "-e" "CARGO_HOME=/opt/rustwide/cargo-home" "-e" "RUSTUP_HOME=/opt/rustwide/rustup-home" "-e" "CARGO_TARGET_DIR=/opt/rustwide/target" "-w" "/opt/rustwide/workdir" "--user" "0:0" "9e2e91a7a215876828ff648f94be84ff7729b6a5442add38e70a1bf0fd031c49" "/opt/rustwide/cargo-home/bin/cargo" "+c60b92c03ca8a3b101eb9d57f51e2232690638c7" "metadata" "--no-deps" "--format-version=1", kill_on_drop: false }`
[INFO] running `Command { std: "docker" "inspect" "9e2e91a7a215876828ff648f94be84ff7729b6a5442add38e70a1bf0fd031c49", kill_on_drop: false }`
[INFO] running `Command { std: "docker" "exec" "-e" "SOURCE_DIR=/opt/rustwide/workdir" "-e" "CARGO_HOME=/opt/rustwide/cargo-home" "-e" "RUSTUP_HOME=/opt/rustwide/rustup-home" "-e" "CARGO_TARGET_DIR=/opt/rustwide/target" "-e" "CARGO_INCREMENTAL=0" "-e" "RUST_BACKTRACE=full" "-e" "RUSTFLAGS=--cap-lints=forbid" "-e" "RUSTDOCFLAGS=--cap-lints=forbid" "-w" "/opt/rustwide/workdir" "--user" "0:0" "9e2e91a7a215876828ff648f94be84ff7729b6a5442add38e70a1bf0fd031c49" "/opt/rustwide/cargo-home/bin/cargo" "+c60b92c03ca8a3b101eb9d57f51e2232690638c7" "check" "--frozen" "--all" "--all-targets" "--message-format=json", kill_on_drop: false }`
[INFO] [stderr]    Compiling libc v0.2.189
[INFO] [stderr]     Checking zeroize v1.9.0
[INFO] [stderr]     Checking subtle v2.6.1
[INFO] [stderr]     Checking cmov v0.5.4
[INFO] [stderr]    Compiling getrandom v0.4.3
[INFO] [stderr]     Checking cpufeatures v0.3.1
[INFO] [stderr]     Checking cpubits v0.1.1
[INFO] [stderr]     Checking base64ct v1.8.3
[INFO] [stderr]     Checking memchr v2.8.3
[INFO] [stderr]    Compiling num-traits v0.2.19
[INFO] [stderr]     Checking bytes v1.12.1
[INFO] [stderr]     Checking base16ct v1.0.0
[INFO] [stderr]     Checking futures-core v0.3.34
[INFO] [stderr]    Compiling syn v3.0.5
[INFO] [stderr]     Checking log v0.4.34
[INFO] [stderr]     Checking futures-sink v0.3.34
[INFO] [stderr]    Compiling semver v1.0.28
[INFO] [stderr]     Checking futures-io v0.3.34
[INFO] [stderr]     Checking generic-array v0.14.7
[INFO] [stderr]     Checking futures-channel v0.3.34
[INFO] [stderr]    Compiling memoffset v0.9.1
[INFO] [stderr]     Checking smallvec v1.16.1
[INFO] [stderr]    Compiling cfg_aliases v0.2.2
[INFO] [stderr]     Checking ff v0.14.0
[INFO] [stderr]     Checking ctutils v0.4.2
[INFO] [stderr]    Compiling winnow v1.0.4
[INFO] [stderr]    Compiling hashbrown v0.17.1
[INFO] [stderr]     Checking pem-rfc7468 v1.0.0
[INFO] [stderr]    Compiling rustversion v1.0.23
[INFO] [stderr]    Compiling nix v0.31.3
[INFO] [stderr]     Checking group v0.14.0
[INFO] [stderr]    Compiling rustc_version v0.4.1
[INFO] [stderr]     Checking hybrid-array v0.4.15
[INFO] [stderr]     Checking der v0.8.2
[INFO] [stderr]     Checking bitflags v2.13.2
[INFO] [stderr]    Compiling toml_datetime v1.1.1+spec-1.1.0
[INFO] [stderr]    Compiling find-msvc-tools v0.1.12
[INFO] [stderr]    Compiling curve25519-dalek-derive v0.1.1
[INFO] [stderr]     Checking keccak v0.2.2
[INFO] [stderr]    Compiling crc32fast v1.5.1
[INFO] [stderr]    Compiling cc v1.4.5
[INFO] [stderr]    Compiling curve25519-dalek v5.0.0
[INFO] [stderr]     Checking tracing-core v0.1.36
[INFO] [stderr]    Compiling zerocopy v0.8.57
[INFO] [stderr]    Compiling ref-cast v1.0.27
[INFO] [stderr]     Checking aho-corasick v1.1.5
[INFO] [stderr]     Checking simd-adler32 v0.3.10
[INFO] [stderr]     Checking adler2 v2.0.1
[INFO] [stderr]    Compiling fuser v0.18.0
[INFO] [stderr]     Checking miniz_oxide v0.9.1
[INFO] [stderr]     Checking bstr v1.13.1
[INFO] [stderr]     Checking crypto-common v0.1.7
[INFO] [stderr]     Checking block-buffer v0.10.4
[INFO] [stderr]    Compiling tracing-attributes v0.1.31
[INFO] [stderr]    Compiling zerocopy-derive v0.8.57
[INFO] [stderr]     Checking sponge-cursor v0.1.0
[INFO] [stderr]     Checking hashbrown v0.14.5
[INFO] [stderr]     Checking num-integer v0.1.47
[INFO] [stderr]     Checking zlib-rs v0.6.7
[INFO] [stderr]    Compiling indexmap v2.14.2
[INFO] [stderr]     Checking clap_builder v4.6.6
[INFO] [stderr]    Compiling enum_dispatch v0.3.13
[INFO] [stderr]     Checking chrono v0.4.45
[INFO] [stderr]     Checking block-buffer v0.12.1
[INFO] [stderr]     Checking block-padding v0.4.2
[INFO] [stderr]     Checking spki v0.8.0
[INFO] [stderr]     Checking sec1 v0.8.1
[INFO] [stderr]     Checking regex-automata v0.4.18
[INFO] [stderr]     Checking module-lattice v0.2.3
[INFO] [stderr]     Checking tracing v0.1.44
[INFO] [stderr]     Checking inout v0.2.2
[INFO] [stderr]     Checking digest v0.10.7
[INFO] [stderr]     Checking generic-array v1.4.5
[INFO] [stderr]     Checking tracing-log v0.2.0
[INFO] [stderr]    Compiling delegate v0.13.5
[INFO] [stderr]     Checking pkcs1 v0.8.0-rc.4
[INFO] [stderr]    Compiling toml_parser v1.1.3+spec-1.1.0
[INFO] [stderr]    Compiling ring v0.17.14
[INFO] [stderr]     Checking serde_bytes v0.11.19
[INFO] [stderr]     Checking thread_local v1.1.10
[INFO] [stderr]     Checking hex-literal v1.1.0
[INFO] [stderr]    Compiling steam2fs v0.1.0 (/opt/rustwide/workdir)
[INFO] [stderr]     Checking md5 v0.8.1
[INFO] [stderr]     Checking whoami v1.6.1
[INFO] [stderr]     Checking data-encoding v2.11.1
[INFO] [stderr]     Checking sha2 v0.10.9
[INFO] [stderr]     Checking errno v0.3.14
[INFO] [stderr]     Checking signal-hook-registry v1.4.8
[INFO] [stderr]     Checking socket2 v0.6.5
[INFO] [stderr]     Checking mio v1.2.3
[INFO] [stderr]     Checking parking_lot_core v0.9.12
[INFO] [stderr]     Checking crypto-common v0.2.2
[INFO] [stderr]     Checking crypto-bigint v0.7.5
[INFO] [stderr]    Compiling toml_edit v0.25.15+spec-1.1.0
[INFO] [stderr]     Checking getrandom v0.2.17
[INFO] [stderr]     Checking dashmap v6.2.1
[INFO] [stderr]     Checking parking_lot v0.12.5
[INFO] [stdout] error[E0493]: destructor of `ArrayBuilder<T, N>` cannot be evaluated at compile-time
[INFO] [stdout]    --> /opt/rustwide/cargo-home/registry/src/index.crates.io-1949cf8c6b5b557f/generic-array-1.4.5/src/internal.rs:103:31
[INFO] [stdout]     |
[INFO] [stdout] 103 |     pub unsafe fn assume_init(self) -> GenericArray<T, N> {
[INFO] [stdout]     |                               ^^^^ the destructor for this type cannot be evaluated in constant functions
[INFO] [stdout] ...
[INFO] [stdout] 109 |     }
[INFO] [stdout]     |     - value is dropped here
[INFO] [stdout] 
[INFO] [stdout] 
[INFO] [stdout] error[E0493]: destructor of `GenericArray<core::mem::MaybeUninit<*const T>, N>` cannot be evaluated at compile-time
[INFO] [stdout]    --> /opt/rustwide/cargo-home/registry/src/index.crates.io-1949cf8c6b5b557f/generic-array-1.4.5/src/lib.rs:983:13
[INFO] [stdout]     |
[INFO] [stdout] 983 |         let mut out: GenericArray<MaybeUninit<*const T>, N> = GenericArray::uninit();
[INFO] [stdout]     |             ^^^^^^^ the destructor for this type cannot be evaluated in constant functions
[INFO] [stdout] ...
[INFO] [stdout] 998 |     }
[INFO] [stdout]     |     - value is dropped here
[INFO] [stdout] 
[INFO] [stdout] 
[INFO] [stdout] error[E0493]: destructor of `GenericArray<core::mem::MaybeUninit<*mut T>, N>` cannot be evaluated at compile-time
[INFO] [stdout]     --> /opt/rustwide/cargo-home/registry/src/index.crates.io-1949cf8c6b5b557f/generic-array-1.4.5/src/lib.rs:1018:13
[INFO] [stdout]      |
[INFO] [stdout] 1018 |         let mut out: GenericArray<MaybeUninit<*mut T>, N> = GenericArray::uninit();
[INFO] [stdout]      |             ^^^^^^^ the destructor for this type cannot be evaluated in constant functions
[INFO] [stdout] ...
[INFO] [stdout] 1033 |     }
[INFO] [stdout]      |     - value is dropped here
[INFO] [stdout] 
[INFO] [stdout] 
[INFO] [stdout] For more information about this error, try `rustc --explain E0493`.
[INFO] [stdout] 
[INFO] [stderr] error: could not compile `generic-array` (lib) due to 3 previous errors
[INFO] [stderr] warning: build failed, waiting for other jobs to finish...
[INFO] running `Command { std: "docker" "inspect" "9e2e91a7a215876828ff648f94be84ff7729b6a5442add38e70a1bf0fd031c49", kill_on_drop: false }`
[INFO] running `Command { std: "docker" "rm" "-f" "9e2e91a7a215876828ff648f94be84ff7729b6a5442add38e70a1bf0fd031c49", kill_on_drop: false }`
[INFO] [stdout] 9e2e91a7a215876828ff648f94be84ff7729b6a5442add38e70a1bf0fd031c49
