[INFO] cloning repository https://github.com/runitbackdev/herald
[INFO] running `Command { std: "git" "-c" "credential.helper=" "-c" "credential.helper=/workspace/cargo-home/bin/git-credential-null" "clone" "--bare" "https://github.com/runitbackdev/herald" "/workspace/cache/git-repos/https%3A%2F%2Fgithub.com%2Frunitbackdev%2Fherald", kill_on_drop: false }`
[INFO] [stderr] Cloning into bare repository '/workspace/cache/git-repos/https%3A%2F%2Fgithub.com%2Frunitbackdev%2Fherald'...
[INFO] running `Command { std: "git" "rev-parse" "HEAD", kill_on_drop: false }`
[INFO] [stdout] 1157ac2e5a234ecd6c9bd38f1bb6b3885a0f2fe6
[INFO] checking runitbackdev/herald against c60b92c03ca8a3b101eb9d57f51e2232690638c7 for pr-164148-crater-rollup
[INFO] running `Command { std: "git" "clone" "/workspace/cache/git-repos/https%3A%2F%2Fgithub.com%2Frunitbackdev%2Fherald" "/workspace/builds/worker-3-tc2/source", kill_on_drop: false }`
[INFO] [stderr] Cloning into '/workspace/builds/worker-3-tc2/source'...
[INFO] [stderr] done.
[INFO] started tweaking git repo https://github.com/runitbackdev/herald
[INFO] finished tweaking git repo https://github.com/runitbackdev/herald
[INFO] tweaked toml for git repo https://github.com/runitbackdev/herald written to /workspace/builds/worker-3-tc2/source/Cargo.toml
[INFO] validating manifest of git repo https://github.com/runitbackdev/herald on toolchain c60b92c03ca8a3b101eb9d57f51e2232690638c7
[INFO] running `Command { std: CARGO_HOME="/workspace/cargo-home" RUSTUP_HOME="/workspace/rustup-home" "/workspace/cargo-home/bin/cargo" "+c60b92c03ca8a3b101eb9d57f51e2232690638c7" "metadata" "--manifest-path" "Cargo.toml" "--no-deps", kill_on_drop: false }`
[INFO] crate git repo https://github.com/runitbackdev/herald already has a lockfile, it will not be regenerated
[INFO] running `Command { std: CARGO_HOME="/workspace/cargo-home" RUSTUP_HOME="/workspace/rustup-home" "/workspace/cargo-home/bin/cargo" "+c60b92c03ca8a3b101eb9d57f51e2232690638c7" "fetch" "--manifest-path" "Cargo.toml", kill_on_drop: false }`
[INFO] [stderr] warning: Cargo.toml: `lints.clippy.enum-glob-use` is deprecated in favor of `lints.clippy.enum_glob_use` and will not work in a future edition
[INFO] [stderr] warning: Cargo.toml: `lints.clippy.enum-glob-use` is deprecated in favor of `lints.clippy.enum_glob_use` and will not work in a future edition
[INFO] [stderr] warning: `herald` (manifest) generated 2 warnings
[INFO] running `Command { std: "docker" "create" "-v" "/var/lib/crater-agent-workspace/builds/worker-3-tc2/source:/opt/rustwide/workdir:ro,Z" "-v" "/var/lib/crater-agent-workspace/builds/worker-3-tc2/target:/opt/rustwide/target:rw,Z" "-v" "/var/lib/crater-agent-workspace/cargo-home:/opt/rustwide/cargo-home:ro,Z" "-v" "/var/lib/crater-agent-workspace/rustup-home:/opt/rustwide/rustup-home:ro,Z" "-m" "1610612736" "--network" "none" "ghcr.io/rust-lang/crates-build-env/linux@sha256:77db811e55d90add9212f6832c23229e3de5f1c1f9905e8cb07319ea15df73ac" "sleep" "infinity", kill_on_drop: false }`
[INFO] [stdout] b84acea6805ffef1630510633df6220365ffdc891751aa8a2d179f7c60f4adfa
[INFO] running `Command { std: "docker" "start" "b84acea6805ffef1630510633df6220365ffdc891751aa8a2d179f7c60f4adfa", kill_on_drop: false }`
[INFO] running `Command { std: "docker" "inspect" "b84acea6805ffef1630510633df6220365ffdc891751aa8a2d179f7c60f4adfa", kill_on_drop: false }`
[INFO] running `Command { std: "docker" "exec" "-e" "SOURCE_DIR=/opt/rustwide/workdir" "-e" "CARGO_HOME=/opt/rustwide/cargo-home" "-e" "RUSTUP_HOME=/opt/rustwide/rustup-home" "-e" "CARGO_TARGET_DIR=/opt/rustwide/target" "-w" "/opt/rustwide/workdir" "--user" "0:0" "b84acea6805ffef1630510633df6220365ffdc891751aa8a2d179f7c60f4adfa" "/opt/rustwide/cargo-home/bin/cargo" "+c60b92c03ca8a3b101eb9d57f51e2232690638c7" "metadata" "--no-deps" "--format-version=1", kill_on_drop: false }`
[INFO] running `Command { std: "docker" "inspect" "b84acea6805ffef1630510633df6220365ffdc891751aa8a2d179f7c60f4adfa", kill_on_drop: false }`
[INFO] running `Command { std: "docker" "exec" "-e" "SOURCE_DIR=/opt/rustwide/workdir" "-e" "CARGO_HOME=/opt/rustwide/cargo-home" "-e" "RUSTUP_HOME=/opt/rustwide/rustup-home" "-e" "CARGO_TARGET_DIR=/opt/rustwide/target" "-e" "CARGO_INCREMENTAL=0" "-e" "RUST_BACKTRACE=full" "-e" "RUSTFLAGS=--cap-lints=forbid" "-e" "RUSTDOCFLAGS=--cap-lints=forbid" "-w" "/opt/rustwide/workdir" "--user" "0:0" "b84acea6805ffef1630510633df6220365ffdc891751aa8a2d179f7c60f4adfa" "/opt/rustwide/cargo-home/bin/cargo" "+c60b92c03ca8a3b101eb9d57f51e2232690638c7" "check" "--frozen" "--all" "--all-targets" "--message-format=json", kill_on_drop: false }`
[INFO] [stderr] warning: Cargo.toml: `lints.clippy.enum-glob-use` is deprecated in favor of `lints.clippy.enum_glob_use` and will not work in a future edition
[INFO] [stderr] warning: Cargo.toml: `lints.clippy.enum-glob-use` is deprecated in favor of `lints.clippy.enum_glob_use` and will not work in a future edition
[INFO] [stderr] warning: `herald` (manifest) generated 2 warnings
[INFO] [stderr]     Checking indexmap v2.14.0
[INFO] [stderr]    Compiling tokio-macros v2.7.0
[INFO] [stderr]    Compiling zerofrom-derive v0.1.7
[INFO] [stderr]     Checking serde v1.0.228
[INFO] [stderr]    Compiling yoke-derive v0.8.2
[INFO] [stderr]     Checking typenum v1.20.0
[INFO] [stderr]    Compiling zerovec-derive v0.11.3
[INFO] [stderr]    Compiling cc v1.2.62
[INFO] [stderr]     Checking tokio v1.52.3
[INFO] [stderr]     Checking futures-util v0.3.32
[INFO] [stderr]     Checking regex-automata v0.4.14
[INFO] [stderr]     Checking serde_json v1.0.149
[INFO] [stderr]     Checking zerofrom v0.1.8
[INFO] [stderr]    Compiling foldhash v0.2.0
[INFO] [stderr]     Checking yoke v0.8.2
[INFO] [stderr]    Compiling hashbrown v0.17.1
[INFO] [stderr]     Checking zerovec v0.11.6
[INFO] [stderr]     Checking zerotrie v0.2.4
[INFO] [stderr]    Compiling serde_core v1.0.228
[INFO] [stderr]     Checking getrandom v0.4.2
[INFO] [stderr]     Checking cpufeatures v0.3.0
[INFO] [stderr]     Checking hybrid-array v0.4.13
[INFO] [stderr]     Checking tinystr v0.8.3
[INFO] [stderr]     Checking potential_utf v0.1.5
[INFO] [stderr]     Checking icu_collections v2.2.0
[INFO] [stderr]     Checking icu_locale_core v2.2.0
[INFO] [stderr]    Compiling getrandom v0.3.4
[INFO] [stderr]     Checking chacha20 v0.10.1
[INFO] [stderr]     Checking rand v0.10.2
[INFO] [stderr]     Checking crypto-common v0.2.2
[INFO] [stderr]     Checking icu_provider v2.2.0
[INFO] [stderr]     Checking block-buffer v0.12.1
[INFO] [stderr]    Compiling ring v0.17.14
[INFO] [stderr]     Checking icu_properties v2.2.0
[INFO] [stderr]     Checking icu_normalizer v2.2.0
[INFO] [stderr]    Compiling winnow v1.0.3
[INFO] [stderr]     Checking digest v0.11.3
[INFO] [stderr]    Compiling openssl-sys v0.9.115
[INFO] [stderr]     Checking rand_core v0.9.5
[INFO] [stderr]     Checking generic-array v0.14.7
[INFO] [stderr]     Checking regex v1.12.4
[INFO] [stderr]     Checking idna_adapter v1.2.2
[INFO] [stderr]    Compiling libc v0.2.186
[INFO] [stderr]     Checking idna v1.1.0
[INFO] [stderr]     Checking rand_chacha v0.9.0
[INFO] [stderr]     Checking uuid v1.23.1
[INFO] [stderr]     Checking url v2.5.8
[INFO] [stderr]     Checking getrandom v0.2.17
[INFO] [stderr]    Compiling toml_datetime v1.1.1+spec-1.1.0
[INFO] [stderr]    Compiling rand_core v0.10.1
[INFO] [stderr]    Compiling aho-corasick v1.1.4
[INFO] [stderr]    Compiling serde_spanned v1.1.1
[INFO] [stderr]     Checking rand v0.9.4
[INFO] [stderr]     Checking block-buffer v0.10.4
[INFO] [stderr]    Compiling toml_parser v1.1.2+spec-1.1.0
[INFO] [stderr]     Checking crypto-common v0.1.7
[INFO] [stderr]    Compiling thiserror v2.0.18
[INFO] [stderr]     Checking jiff v0.2.32
[INFO] [stderr]    Compiling rustls v0.23.40
[INFO] [stderr]    Compiling js_int v0.2.2
[INFO] [stderr]     Checking typewit v1.15.2
[INFO] [stderr]    Compiling ruma-identifiers-validation v0.12.1
[INFO] [stderr]    Compiling toml_edit v0.25.12+spec-1.1.0
[INFO] [stderr]    Compiling toml v1.1.2+spec-1.1.0
[INFO] [stderr]     Checking const_panic v0.2.15
[INFO] [stderr]    Compiling proc-macro-crate v3.5.0
[INFO] [stderr]     Checking digest v0.10.7
[INFO] [stderr]     Checking hmac v0.13.0
[INFO] [stderr]     Checking sha2 v0.11.0
[INFO] [stderr]     Checking md-5 v0.11.0
[INFO] [stderr]     Checking bit-vec v0.9.1
[INFO] [stderr]    Compiling der_derive v0.7.3
[INFO] [stderr]    Compiling ruma-common v0.18.0
[INFO] [stderr]    Compiling pin-project-lite v0.2.17
[INFO] [stderr]    Compiling as_variant v1.3.0
[INFO] [stderr]     Checking fallible-iterator v0.2.0
[INFO] [stderr]     Checking const-oid v0.9.6
[INFO] [stderr]     Checking flagset v0.4.7
[INFO] [stderr]     Checking rustls-webpki v0.103.13
[INFO] [stderr]    Compiling openssl v0.10.79
[INFO] [stderr]     Checking time v0.3.53
[INFO] [stderr]     Checking postgres-protocol v0.6.12
[INFO] [stderr]     Checking phf_shared v0.13.1
[INFO] [stderr]    Compiling ruma-macros v0.18.0
[INFO] [stderr]     Checking sha1 v0.10.6
[INFO] [stderr]     Checking der v0.7.10
[INFO] [stderr]     Checking bit-set v0.10.0
[INFO] [stderr]     Checking tokio-util v0.7.18
[INFO] [stderr]     Checking tokio-stream v0.1.18
[INFO] [stderr]     Checking h2 v0.4.14
[INFO] [stderr]     Checking tower v0.5.3
[INFO] [stderr]     Checking konst v0.4.3
[INFO] [stderr]     Checking pluralizer v0.5.0
[INFO] [stderr]     Checking serde_html_form v0.4.1
[INFO] [stderr]    Compiling proc-macro2-diagnostics v0.10.1
[INFO] [stderr]     Checking num_cpus v1.17.0
[INFO] [stderr]     Checking heck v0.5.0
[INFO] [stderr]     Checking array-init v2.1.0
[INFO] [stdout] error[E0493]: destructor of `ArrayBuilder<T, N, D>` cannot be evaluated at compile-time
[INFO] [stdout]    --> /opt/rustwide/cargo-home/registry/src/index.crates.io-1949cf8c6b5b557f/konst-0.4.3/src/array/array_builder.rs:421:24
[INFO] [stdout]     |
[INFO] [stdout] 421 |     pub const fn build(self) -> [T; N] {
[INFO] [stdout]     |                        ^^^^ the destructor for this type cannot be evaluated in constant functions
[INFO] [stdout] ...
[INFO] [stdout] 437 |     }
[INFO] [stdout]     |     - value is dropped here
[INFO] [stdout] 
[INFO] [stdout] 
[INFO] [stdout] error[E0493]: destructor of `array_into_iter::IntoIter<T, N, D>` cannot be evaluated at compile-time
[INFO] [stdout]    --> /opt/rustwide/cargo-home/registry/src/index.crates.io-1949cf8c6b5b557f/konst-0.4.3/src/array/array_into_iter.rs:324:34
[INFO] [stdout]     |
[INFO] [stdout] 324 |     pub const fn assert_is_empty(self) {
[INFO] [stdout]     |                                  ^^^^ the destructor for this type cannot be evaluated in constant functions
[INFO] [stdout] ...
[INFO] [stdout] 327 |     }
[INFO] [stdout]     |     - value is dropped here
[INFO] [stdout] 
[INFO] [stdout] 
[INFO] [stderr]    Compiling ruma-events v0.33.0
[INFO] [stdout] error[E0493]: destructor of `Option<(T, U)>` cannot be evaluated at compile-time
[INFO] [stdout]    --> /opt/rustwide/cargo-home/registry/src/index.crates.io-1949cf8c6b5b557f/konst-0.4.3/src/macros/control_flow.rs:83:42
[INFO] [stdout]     |
[INFO] [stdout]  81 |   macro_rules! if_let_Some {
[INFO] [stdout]  82 |       ($some:pat = $e:expr => $then:block $(else $else:block)?) => {
[INFO] [stdout]  83 |           match $crate::option::__opt($e) {opt =>
[INFO] [stdout]     |                                            ^^^ the destructor for this type cannot be evaluated in constant functions
[INFO] [stdout] ...
[INFO] [stdout]  90 |               }
[INFO] [stdout]     |               - value is dropped here
[INFO] [stdout]     |
[INFO] [stdout]    ::: /opt/rustwide/cargo-home/registry/src/index.crates.io-1949cf8c6b5b557f/konst-0.4.3/src/option.rs:635:5
[INFO] [stdout]     |
[INFO] [stdout] 635 | /     crate::if_let_Some! {tuple = opt => {
[INFO] [stdout] 636 | |         crate::destructure!{(l, r) = tuple}
[INFO] [stdout] 637 | |
[INFO] [stdout] 638 | |         (Some(l), Some(r))
[INFO] [stdout] 639 | |     } else {
[INFO] [stdout] 640 | |         (None, None)
[INFO] [stdout] 641 | |     }}
[INFO] [stdout]     | |______- in this macro invocation
[INFO] [stdout] 
[INFO] [stdout] 
[INFO] [stderr]     Checking date_header v1.0.5
[INFO] [stderr]    Compiling once_cell v1.21.4
[INFO] [stderr]    Compiling futures-core v0.3.32
[INFO] [stderr]    Compiling portable-atomic v1.13.1
[INFO] [stderr]     Checking wildmatch v2.6.1
[INFO] [stdout] For more information about this error, try `rustc --explain E0493`.
[INFO] [stdout] 
[INFO] [stderr] error: could not compile `konst` (lib) due to 3 previous errors
[INFO] [stderr] warning: build failed, waiting for other jobs to finish...
[INFO] running `Command { std: "docker" "inspect" "b84acea6805ffef1630510633df6220365ffdc891751aa8a2d179f7c60f4adfa", kill_on_drop: false }`
[INFO] running `Command { std: "docker" "rm" "-f" "b84acea6805ffef1630510633df6220365ffdc891751aa8a2d179f7c60f4adfa", kill_on_drop: false }`
[INFO] [stdout] b84acea6805ffef1630510633df6220365ffdc891751aa8a2d179f7c60f4adfa
