[INFO] cloning repository https://github.com/ruma/examples
[INFO] running `Command { std: "git" "-c" "credential.helper=" "-c" "credential.helper=/workspace/cargo-home/bin/git-credential-null" "clone" "--bare" "https://github.com/ruma/examples" "/workspace/cache/git-repos/https%3A%2F%2Fgithub.com%2Fruma%2Fexamples", kill_on_drop: false }`
[INFO] [stderr] Cloning into bare repository '/workspace/cache/git-repos/https%3A%2F%2Fgithub.com%2Fruma%2Fexamples'...
[INFO] running `Command { std: "git" "rev-parse" "HEAD", kill_on_drop: false }`
[INFO] [stdout] 58a2efd83bbe58e90271e11c09433e2720d013fd
[INFO] checking ruma/examples against c60b92c03ca8a3b101eb9d57f51e2232690638c7 for pr-164148-crater-rollup
[INFO] running `Command { std: "git" "clone" "/workspace/cache/git-repos/https%3A%2F%2Fgithub.com%2Fruma%2Fexamples" "/workspace/builds/worker-0-tc2/source", kill_on_drop: false }`
[INFO] [stderr] Cloning into '/workspace/builds/worker-0-tc2/source'...
[INFO] [stderr] done.
[INFO] started tweaking git repo https://github.com/ruma/examples
[INFO] finished tweaking git repo https://github.com/ruma/examples
[INFO] tweaked toml for git repo https://github.com/ruma/examples written to /workspace/builds/worker-0-tc2/source/Cargo.toml
[INFO] validating manifest of git repo https://github.com/ruma/examples on toolchain c60b92c03ca8a3b101eb9d57f51e2232690638c7
[INFO] running `Command { std: CARGO_HOME="/workspace/cargo-home" RUSTUP_HOME="/workspace/rustup-home" "/workspace/cargo-home/bin/cargo" "+c60b92c03ca8a3b101eb9d57f51e2232690638c7" "metadata" "--manifest-path" "Cargo.toml" "--no-deps", kill_on_drop: false }`
[INFO] crate git repo https://github.com/ruma/examples already has a lockfile, it will not be regenerated
[INFO] running `Command { std: CARGO_HOME="/workspace/cargo-home" RUSTUP_HOME="/workspace/rustup-home" "/workspace/cargo-home/bin/cargo" "+c60b92c03ca8a3b101eb9d57f51e2232690638c7" "fetch" "--manifest-path" "Cargo.toml", kill_on_drop: false }`
[INFO] [stderr]     Blocking waiting for file lock on package cache
[INFO] [stderr]     Blocking waiting for file lock on package cache
[INFO] running `Command { std: "docker" "create" "-v" "/var/lib/crater-agent-workspace/builds/worker-0-tc2/source:/opt/rustwide/workdir:ro,Z" "-v" "/var/lib/crater-agent-workspace/builds/worker-0-tc2/target:/opt/rustwide/target:rw,Z" "-v" "/var/lib/crater-agent-workspace/cargo-home:/opt/rustwide/cargo-home:ro,Z" "-v" "/var/lib/crater-agent-workspace/rustup-home:/opt/rustwide/rustup-home:ro,Z" "-m" "1610612736" "--network" "none" "ghcr.io/rust-lang/crates-build-env/linux@sha256:77db811e55d90add9212f6832c23229e3de5f1c1f9905e8cb07319ea15df73ac" "sleep" "infinity", kill_on_drop: false }`
[INFO] [stdout] 0b4ac4d7fa264a630b52d9c0982ca4caf52fa09c2105c6a1ba7650284c74a619
[INFO] running `Command { std: "docker" "start" "0b4ac4d7fa264a630b52d9c0982ca4caf52fa09c2105c6a1ba7650284c74a619", kill_on_drop: false }`
[INFO] running `Command { std: "docker" "inspect" "0b4ac4d7fa264a630b52d9c0982ca4caf52fa09c2105c6a1ba7650284c74a619", kill_on_drop: false }`
[INFO] running `Command { std: "docker" "exec" "-e" "SOURCE_DIR=/opt/rustwide/workdir" "-e" "CARGO_HOME=/opt/rustwide/cargo-home" "-e" "RUSTUP_HOME=/opt/rustwide/rustup-home" "-e" "CARGO_TARGET_DIR=/opt/rustwide/target" "-w" "/opt/rustwide/workdir" "--user" "0:0" "0b4ac4d7fa264a630b52d9c0982ca4caf52fa09c2105c6a1ba7650284c74a619" "/opt/rustwide/cargo-home/bin/cargo" "+c60b92c03ca8a3b101eb9d57f51e2232690638c7" "metadata" "--no-deps" "--format-version=1", kill_on_drop: false }`
[INFO] running `Command { std: "docker" "inspect" "0b4ac4d7fa264a630b52d9c0982ca4caf52fa09c2105c6a1ba7650284c74a619", kill_on_drop: false }`
[INFO] running `Command { std: "docker" "exec" "-e" "SOURCE_DIR=/opt/rustwide/workdir" "-e" "CARGO_HOME=/opt/rustwide/cargo-home" "-e" "RUSTUP_HOME=/opt/rustwide/rustup-home" "-e" "CARGO_TARGET_DIR=/opt/rustwide/target" "-e" "CARGO_INCREMENTAL=0" "-e" "RUST_BACKTRACE=full" "-e" "RUSTFLAGS=--cap-lints=forbid" "-e" "RUSTDOCFLAGS=--cap-lints=forbid" "-w" "/opt/rustwide/workdir" "--user" "0:0" "0b4ac4d7fa264a630b52d9c0982ca4caf52fa09c2105c6a1ba7650284c74a619" "/opt/rustwide/cargo-home/bin/cargo" "+c60b92c03ca8a3b101eb9d57f51e2232690638c7" "check" "--frozen" "--all" "--all-targets" "--message-format=json", kill_on_drop: false }`
[INFO] [stderr]    Compiling cc v1.4.5
[INFO] [stderr]    Compiling syn v3.0.5
[INFO] [stderr]     Checking parking_lot_core v0.9.12
[INFO] [stderr]     Checking indexmap v2.14.2
[INFO] [stderr]    Compiling serde_spanned v1.1.1
[INFO] [stderr]     Checking typewit v1.15.2
[INFO] [stderr]     Checking tracing v0.1.44
[INFO] [stderr]    Compiling toml_edit v0.25.13+spec-1.1.0
[INFO] [stderr]    Compiling js_int v0.2.2
[INFO] [stderr]     Checking getrandom v0.4.3
[INFO] [stderr]     Checking regex-automata v0.4.18
[INFO] [stderr]     Checking chacha20 v0.10.2
[INFO] [stderr]    Compiling as_variant v1.3.0
[INFO] [stderr]    Compiling ruma-common v0.20.0
[INFO] [stderr]    Compiling openssl v0.10.81
[INFO] [stderr]     Checking time v0.3.55
[INFO] [stderr]     Checking serde_json v1.0.151
[INFO] [stderr]    Compiling toml v1.1.5+spec-1.1.0
[INFO] [stderr]     Checking uuid v1.26.0
[INFO] [stderr]     Checking parking_lot v0.12.5
[INFO] [stderr]    Compiling openssl-macros v0.1.1
[INFO] [stderr]     Checking date_header v1.0.5
[INFO] [stderr]     Checking rand v0.10.2
[INFO] [stderr]     Checking base64 v0.23.1
[INFO] [stderr]     Checking wildmatch v2.6.1
[INFO] [stderr]    Compiling ruma-events v0.35.0
[INFO] [stderr]    Compiling native-tls v0.2.18
[INFO] [stderr]     Checking js_option v0.2.0
[INFO] [stderr]    Compiling ruma-client-api v0.25.0
[INFO] [stderr]     Checking futures-util v0.3.34
[INFO] [stderr]     Checking const_panic v0.2.17
[INFO] [stderr]     Checking assign v1.1.1
[INFO] [stderr]     Checking maplit v1.0.2
[INFO] [stderr]    Compiling ruma-client v0.20.0
[INFO] [stderr]     Checking konst v0.4.3
[INFO] [stderr]    Compiling proc-macro-crate v3.5.0
[INFO] [stderr]     Checking serde_html_form v0.4.1
[INFO] [stderr]    Compiling openssl-sys v0.9.117
[INFO] [stdout] error[E0493]: destructor of `ArrayBuilder<T, N, D>` cannot be evaluated at compile-time
[INFO] [stdout]    --> /opt/rustwide/cargo-home/registry/src/index.crates.io-1949cf8c6b5b557f/konst-0.4.3/src/array/array_builder.rs:421:24
[INFO] [stdout]     |
[INFO] [stdout] 421 |     pub const fn build(self) -> [T; N] {
[INFO] [stdout]     |                        ^^^^ the destructor for this type cannot be evaluated in constant functions
[INFO] [stdout] ...
[INFO] [stdout] 437 |     }
[INFO] [stdout]     |     - value is dropped here
[INFO] [stdout] 
[INFO] [stdout] 
[INFO] [stdout] error[E0493]: destructor of `array_into_iter::IntoIter<T, N, D>` cannot be evaluated at compile-time
[INFO] [stdout]    --> /opt/rustwide/cargo-home/registry/src/index.crates.io-1949cf8c6b5b557f/konst-0.4.3/src/array/array_into_iter.rs:324:34
[INFO] [stdout]     |
[INFO] [stdout] 324 |     pub const fn assert_is_empty(self) {
[INFO] [stdout]     |                                  ^^^^ the destructor for this type cannot be evaluated in constant functions
[INFO] [stdout] ...
[INFO] [stdout] 327 |     }
[INFO] [stdout]     |     - value is dropped here
[INFO] [stdout] 
[INFO] [stdout] 
[INFO] [stdout] error[E0493]: destructor of `Option<(T, U)>` cannot be evaluated at compile-time
[INFO] [stdout]    --> /opt/rustwide/cargo-home/registry/src/index.crates.io-1949cf8c6b5b557f/konst-0.4.3/src/macros/control_flow.rs:83:42
[INFO] [stdout]     |
[INFO] [stdout]  81 |   macro_rules! if_let_Some {
[INFO] [stdout]  82 |       ($some:pat = $e:expr => $then:block $(else $else:block)?) => {
[INFO] [stdout]  83 |           match $crate::option::__opt($e) {opt =>
[INFO] [stdout]     |                                            ^^^ the destructor for this type cannot be evaluated in constant functions
[INFO] [stdout] ...
[INFO] [stdout]  90 |               }
[INFO] [stdout]     |               - value is dropped here
[INFO] [stdout]     |
[INFO] [stdout]    ::: /opt/rustwide/cargo-home/registry/src/index.crates.io-1949cf8c6b5b557f/konst-0.4.3/src/option.rs:635:5
[INFO] [stdout]     |
[INFO] [stdout] 635 | /     crate::if_let_Some! {tuple = opt => {
[INFO] [stdout] 636 | |         crate::destructure!{(l, r) = tuple}
[INFO] [stdout] 637 | |
[INFO] [stdout] 638 | |         (Some(l), Some(r))
[INFO] [stdout] 639 | |     } else {
[INFO] [stdout] 640 | |         (None, None)
[INFO] [stdout] 641 | |     }}
[INFO] [stdout]     | |______- in this macro invocation
[INFO] [stdout] 
[INFO] [stdout] 
[INFO] [stdout] For more information about this error, try `rustc --explain E0493`.
[INFO] [stdout] 
[INFO] [stderr] error: could not compile `konst` (lib) due to 3 previous errors
[INFO] [stderr] warning: build failed, waiting for other jobs to finish...
[INFO] running `Command { std: "docker" "inspect" "0b4ac4d7fa264a630b52d9c0982ca4caf52fa09c2105c6a1ba7650284c74a619", kill_on_drop: false }`
[INFO] running `Command { std: "docker" "rm" "-f" "0b4ac4d7fa264a630b52d9c0982ca4caf52fa09c2105c6a1ba7650284c74a619", kill_on_drop: false }`
[INFO] [stdout] 0b4ac4d7fa264a630b52d9c0982ca4caf52fa09c2105c6a1ba7650284c74a619
