[INFO] cloning repository https://github.com/ruizhe/stk
[INFO] running `Command { std: "git" "-c" "credential.helper=" "-c" "credential.helper=/workspace/cargo-home/bin/git-credential-null" "clone" "--bare" "https://github.com/ruizhe/stk" "/workspace/cache/git-repos/https%3A%2F%2Fgithub.com%2Fruizhe%2Fstk", kill_on_drop: false }`
[INFO] [stderr] Cloning into bare repository '/workspace/cache/git-repos/https%3A%2F%2Fgithub.com%2Fruizhe%2Fstk'...
[INFO] running `Command { std: "git" "rev-parse" "HEAD", kill_on_drop: false }`
[INFO] [stdout] e5634532959f98c17c4a3778151a62b0a0cc51c6
[INFO] checking ruizhe/stk against c60b92c03ca8a3b101eb9d57f51e2232690638c7 for pr-164148-crater-rollup
[INFO] running `Command { std: "git" "clone" "/workspace/cache/git-repos/https%3A%2F%2Fgithub.com%2Fruizhe%2Fstk" "/workspace/builds/worker-4-tc2/source", kill_on_drop: false }`
[INFO] [stderr] Cloning into '/workspace/builds/worker-4-tc2/source'...
[INFO] [stderr] done.
[INFO] removed /workspace/builds/worker-4-tc2/source/rust-toolchain.toml
[INFO] started tweaking git repo https://github.com/ruizhe/stk
[INFO] finished tweaking git repo https://github.com/ruizhe/stk
[INFO] tweaked toml for git repo https://github.com/ruizhe/stk written to /workspace/builds/worker-4-tc2/source/Cargo.toml
[INFO] validating manifest of git repo https://github.com/ruizhe/stk on toolchain c60b92c03ca8a3b101eb9d57f51e2232690638c7
[INFO] running `Command { std: CARGO_HOME="/workspace/cargo-home" RUSTUP_HOME="/workspace/rustup-home" "/workspace/cargo-home/bin/cargo" "+c60b92c03ca8a3b101eb9d57f51e2232690638c7" "metadata" "--manifest-path" "Cargo.toml" "--no-deps", kill_on_drop: false }`
[INFO] crate git repo https://github.com/ruizhe/stk already has a lockfile, it will not be regenerated
[INFO] running `Command { std: CARGO_HOME="/workspace/cargo-home" RUSTUP_HOME="/workspace/rustup-home" "/workspace/cargo-home/bin/cargo" "+c60b92c03ca8a3b101eb9d57f51e2232690638c7" "fetch" "--manifest-path" "Cargo.toml", kill_on_drop: false }`
[INFO] [stderr]     Blocking waiting for file lock on package cache
[INFO] [stderr]     Blocking waiting for file lock on package cache
[INFO] running `Command { std: "docker" "create" "-v" "/var/lib/crater-agent-workspace/builds/worker-4-tc2/source:/opt/rustwide/workdir:ro,Z" "-v" "/var/lib/crater-agent-workspace/builds/worker-4-tc2/target:/opt/rustwide/target:rw,Z" "-v" "/var/lib/crater-agent-workspace/cargo-home:/opt/rustwide/cargo-home:ro,Z" "-v" "/var/lib/crater-agent-workspace/rustup-home:/opt/rustwide/rustup-home:ro,Z" "-m" "1610612736" "--network" "none" "ghcr.io/rust-lang/crates-build-env/linux@sha256:77db811e55d90add9212f6832c23229e3de5f1c1f9905e8cb07319ea15df73ac" "sleep" "infinity", kill_on_drop: false }`
[INFO] [stdout] b20664fa01cd95c948b9763b6315f9dfb778e75f79e8a228380d46804d6efacc
[INFO] running `Command { std: "docker" "start" "b20664fa01cd95c948b9763b6315f9dfb778e75f79e8a228380d46804d6efacc", kill_on_drop: false }`
[INFO] running `Command { std: "docker" "inspect" "b20664fa01cd95c948b9763b6315f9dfb778e75f79e8a228380d46804d6efacc", kill_on_drop: false }`
[INFO] running `Command { std: "docker" "exec" "-e" "SOURCE_DIR=/opt/rustwide/workdir" "-e" "CARGO_HOME=/opt/rustwide/cargo-home" "-e" "RUSTUP_HOME=/opt/rustwide/rustup-home" "-e" "CARGO_TARGET_DIR=/opt/rustwide/target" "-w" "/opt/rustwide/workdir" "--user" "0:0" "b20664fa01cd95c948b9763b6315f9dfb778e75f79e8a228380d46804d6efacc" "/opt/rustwide/cargo-home/bin/cargo" "+c60b92c03ca8a3b101eb9d57f51e2232690638c7" "metadata" "--no-deps" "--format-version=1", kill_on_drop: false }`
[INFO] running `Command { std: "docker" "inspect" "b20664fa01cd95c948b9763b6315f9dfb778e75f79e8a228380d46804d6efacc", kill_on_drop: false }`
[INFO] running `Command { std: "docker" "exec" "-e" "SOURCE_DIR=/opt/rustwide/workdir" "-e" "CARGO_HOME=/opt/rustwide/cargo-home" "-e" "RUSTUP_HOME=/opt/rustwide/rustup-home" "-e" "CARGO_TARGET_DIR=/opt/rustwide/target" "-e" "CARGO_INCREMENTAL=0" "-e" "RUST_BACKTRACE=full" "-e" "RUSTFLAGS=--cap-lints=forbid" "-e" "RUSTDOCFLAGS=--cap-lints=forbid" "-w" "/opt/rustwide/workdir" "--user" "0:0" "b20664fa01cd95c948b9763b6315f9dfb778e75f79e8a228380d46804d6efacc" "/opt/rustwide/cargo-home/bin/cargo" "+c60b92c03ca8a3b101eb9d57f51e2232690638c7" "check" "--frozen" "--all" "--all-targets" "--message-format=json", kill_on_drop: false }`
[INFO] [stderr]     Checking zeroize v1.9.0
[INFO] [stderr]     Checking subtle v2.6.1
[INFO] [stderr]    Compiling getrandom v0.4.3
[INFO] [stderr]     Checking cpubits v0.1.1
[INFO] [stderr]    Compiling libc v0.2.186
[INFO] [stderr]     Checking base64ct v1.8.3
[INFO] [stderr]     Checking log v0.4.33
[INFO] [stderr]    Compiling num-traits v0.2.19
[INFO] [stderr]     Checking socket2 v0.6.4
[INFO] [stderr]     Checking errno v0.3.14
[INFO] [stderr]     Checking futures-io v0.3.32
[INFO] [stderr]    Compiling writeable v0.6.3
[INFO] [stderr]    Compiling syn v2.0.118
[INFO] [stderr]    Compiling litemap v0.8.2
[INFO] [stderr]     Checking bitflags v2.13.0
[INFO] [stderr]    Compiling icu_normalizer_data v2.2.0
[INFO] [stderr]    Compiling icu_properties_data v2.2.0
[INFO] [stderr]     Checking ctutils v0.4.2
[INFO] [stderr]     Checking mio v1.2.1
[INFO] [stderr]     Checking ff v0.14.0
[INFO] [stderr]     Checking base16ct v1.0.0
[INFO] [stderr]     Checking signal-hook-registry v1.4.8
[INFO] [stderr]    Compiling smallvec v1.15.2
[INFO] [stderr]    Compiling thiserror v2.0.18
[INFO] [stderr]    Compiling anyhow v1.0.103
[INFO] [stderr]    Compiling percent-encoding v2.3.2
[INFO] [stderr]    Compiling curve25519-dalek v5.0.0
[INFO] [stderr]     Checking hybrid-array v0.4.13
[INFO] [stderr]     Checking netlink-packet-core v0.8.1
[INFO] [stderr]     Checking http v1.4.2
[INFO] [stderr]     Checking group v0.14.0
[INFO] [stderr]    Compiling n0-future v0.3.2
[INFO] [stderr]    Compiling nix v0.31.3
[INFO] [stderr]    Compiling form_urlencoded v1.2.2
[INFO] [stderr]     Checking keccak v0.2.0
[INFO] [stderr]     Checking fastrand v2.5.0
[INFO] [stderr]    Compiling inotify-sys v0.1.8
[INFO] [stderr]    Compiling openssl-probe v0.1.6
[INFO] [stderr]     Checking pem-rfc7468 v1.0.0
[INFO] [stderr]     Checking diatomic-waker v0.2.3
[INFO] [stderr]     Checking cordyceps v0.3.5
[INFO] [stderr]     Checking spin v0.10.1
[INFO] [stderr]     Checking futures-lite v2.6.1
[INFO] [stderr]     Checking der v0.8.1
[INFO] [stderr]    Compiling noq-udp v1.0.1
[INFO] [stderr]    Compiling netdev v0.45.0
[INFO] [stderr]     Checking dirs-sys v0.5.0
[INFO] [stderr]     Checking netlink-packet-route v0.31.0
[INFO] [stderr]     Checking generic-array v0.14.9
[INFO] [stderr]    Compiling netwatch v0.19.1
[INFO] [stderr]     Checking getrandom v0.2.17
[INFO] [stderr]     Checking hex v0.4.3
[INFO] [stderr]     Checking sponge-cursor v0.1.0
[INFO] [stderr]     Checking winnow v1.0.4
[INFO] [stderr]     Checking futures-buffered v0.2.13
[INFO] [stderr]     Checking mac-addr v0.3.0
[INFO] [stderr]     Checking time v0.3.55
[INFO] [stderr]     Checking inotify v0.11.4
[INFO] [stderr]     Checking dirs v6.0.0
[INFO] [stderr]     Checking generic-array v1.4.4
[INFO] [stderr]     Checking num-integer v0.1.46
[INFO] [stderr]     Checking serde_spanned v1.1.1
[INFO] [stderr]     Checking toml_datetime v1.1.1+spec-1.1.0
[INFO] [stderr]    Compiling jobserver v0.1.35
[INFO] [stderr]     Checking notify-types v2.1.0
[INFO] [stderr]     Checking toml_writer v1.1.2+spec-1.1.0
[INFO] [stderr]     Checking hex-literal v1.1.0
[INFO] [stderr]     Checking md5 v0.8.1
[INFO] [stderr]     Checking data-encoding v2.11.0
[INFO] [stderr]     Checking toml_parser v1.1.2+spec-1.1.0
[INFO] [stderr]     Checking num-bigint v0.4.8
[INFO] [stderr]     Checking wildmatch v2.6.1
[INFO] [stderr]     Checking glob v0.3.3
[INFO] [stderr]     Checking http-body v1.1.0
[INFO] [stderr]     Checking regex-automata v0.4.15
[INFO] [stderr]     Checking notify v8.2.0
[INFO] [stderr]    Compiling cc v1.2.67
[INFO] [stderr]     Checking http-body-util v0.1.4
[INFO] [stderr]     Checking serde_json v1.0.151
[INFO] [stderr]     Checking tracing-log v0.2.0
[INFO] [stderr]     Checking toml v1.1.3+spec-1.1.0
[INFO] [stdout] error[E0493]: destructor of `ArrayBuilder<T, N>` cannot be evaluated at compile-time
[INFO] [stdout]    --> /opt/rustwide/cargo-home/registry/src/index.crates.io-1949cf8c6b5b557f/generic-array-1.4.4/src/internal.rs:103:31
[INFO] [stdout]     |
[INFO] [stdout] 103 |     pub unsafe fn assume_init(self) -> GenericArray<T, N> {
[INFO] [stdout]     |                               ^^^^ the destructor for this type cannot be evaluated in constant functions
[INFO] [stdout] ...
[INFO] [stdout] 109 |     }
[INFO] [stdout]     |     - value is dropped here
[INFO] [stdout] 
[INFO] [stdout] 
[INFO] [stdout] error[E0493]: destructor of `GenericArray<core::mem::MaybeUninit<*const T>, N>` cannot be evaluated at compile-time
[INFO] [stdout]    --> /opt/rustwide/cargo-home/registry/src/index.crates.io-1949cf8c6b5b557f/generic-array-1.4.4/src/lib.rs:981:13
[INFO] [stdout]     |
[INFO] [stdout] 981 |         let mut out: GenericArray<MaybeUninit<*const T>, N> = GenericArray::uninit();
[INFO] [stdout]     |             ^^^^^^^ the destructor for this type cannot be evaluated in constant functions
[INFO] [stdout] ...
[INFO] [stdout] 996 |     }
[INFO] [stdout]     |     - value is dropped here
[INFO] [stdout] 
[INFO] [stdout] 
[INFO] [stdout] error[E0493]: destructor of `GenericArray<core::mem::MaybeUninit<*mut T>, N>` cannot be evaluated at compile-time
[INFO] [stdout]     --> /opt/rustwide/cargo-home/registry/src/index.crates.io-1949cf8c6b5b557f/generic-array-1.4.4/src/lib.rs:1016:13
[INFO] [stdout]      |
[INFO] [stdout] 1016 |         let mut out: GenericArray<MaybeUninit<*mut T>, N> = GenericArray::uninit();
[INFO] [stdout]      |             ^^^^^^^ the destructor for this type cannot be evaluated in constant functions
[INFO] [stdout] ...
[INFO] [stdout] 1031 |     }
[INFO] [stdout]      |     - value is dropped here
[INFO] [stdout] 
[INFO] [stdout] 
[INFO] [stdout] For more information about this error, try `rustc --explain E0493`.
[INFO] [stdout] 
[INFO] [stderr] error: could not compile `generic-array` (lib) due to 3 previous errors
[INFO] [stderr] warning: build failed, waiting for other jobs to finish...
[INFO] running `Command { std: "docker" "inspect" "b20664fa01cd95c948b9763b6315f9dfb778e75f79e8a228380d46804d6efacc", kill_on_drop: false }`
[INFO] running `Command { std: "docker" "rm" "-f" "b20664fa01cd95c948b9763b6315f9dfb778e75f79e8a228380d46804d6efacc", kill_on_drop: false }`
[INFO] [stdout] b20664fa01cd95c948b9763b6315f9dfb778e75f79e8a228380d46804d6efacc
