[INFO] cloning repository https://github.com/r-n-o/aws-attestation-doc-parser
[INFO] running `Command { std: "git" "-c" "credential.helper=" "-c" "credential.helper=/workspace/cargo-home/bin/git-credential-null" "clone" "--bare" "https://github.com/r-n-o/aws-attestation-doc-parser" "/workspace/cache/git-repos/https%3A%2F%2Fgithub.com%2Fr-n-o%2Faws-attestation-doc-parser", kill_on_drop: false }`
[INFO] [stderr] Cloning into bare repository '/workspace/cache/git-repos/https%3A%2F%2Fgithub.com%2Fr-n-o%2Faws-attestation-doc-parser'...
[INFO] running `Command { std: "git" "rev-parse" "HEAD", kill_on_drop: false }`
[INFO] [stdout] a2bc6825738779b4623c767967cf247bc2a5092a
[INFO] checking r-n-o/aws-attestation-doc-parser against c60b92c03ca8a3b101eb9d57f51e2232690638c7 for pr-164148-crater-rollup
[INFO] running `Command { std: "git" "clone" "/workspace/cache/git-repos/https%3A%2F%2Fgithub.com%2Fr-n-o%2Faws-attestation-doc-parser" "/workspace/builds/worker-0-tc2/source", kill_on_drop: false }`
[INFO] [stderr] Cloning into '/workspace/builds/worker-0-tc2/source'...
[INFO] [stderr] done.
[INFO] removed /workspace/builds/worker-0-tc2/source/rust-toolchain.toml
[INFO] started tweaking git repo https://github.com/r-n-o/aws-attestation-doc-parser
[INFO] finished tweaking git repo https://github.com/r-n-o/aws-attestation-doc-parser
[INFO] tweaked toml for git repo https://github.com/r-n-o/aws-attestation-doc-parser written to /workspace/builds/worker-0-tc2/source/Cargo.toml
[INFO] validating manifest of git repo https://github.com/r-n-o/aws-attestation-doc-parser on toolchain c60b92c03ca8a3b101eb9d57f51e2232690638c7
[INFO] running `Command { std: CARGO_HOME="/workspace/cargo-home" RUSTUP_HOME="/workspace/rustup-home" "/workspace/cargo-home/bin/cargo" "+c60b92c03ca8a3b101eb9d57f51e2232690638c7" "metadata" "--manifest-path" "Cargo.toml" "--no-deps", kill_on_drop: false }`
[INFO] crate git repo https://github.com/r-n-o/aws-attestation-doc-parser already has a lockfile, it will not be regenerated
[INFO] running `Command { std: CARGO_HOME="/workspace/cargo-home" RUSTUP_HOME="/workspace/rustup-home" "/workspace/cargo-home/bin/cargo" "+c60b92c03ca8a3b101eb9d57f51e2232690638c7" "fetch" "--manifest-path" "Cargo.toml", kill_on_drop: false }`
[INFO] running `Command { std: "docker" "create" "-v" "/var/lib/crater-agent-workspace/builds/worker-0-tc2/source:/opt/rustwide/workdir:ro,Z" "-v" "/var/lib/crater-agent-workspace/builds/worker-0-tc2/target:/opt/rustwide/target:rw,Z" "-v" "/var/lib/crater-agent-workspace/cargo-home:/opt/rustwide/cargo-home:ro,Z" "-v" "/var/lib/crater-agent-workspace/rustup-home:/opt/rustwide/rustup-home:ro,Z" "-m" "1610612736" "--network" "none" "ghcr.io/rust-lang/crates-build-env/linux@sha256:77db811e55d90add9212f6832c23229e3de5f1c1f9905e8cb07319ea15df73ac" "sleep" "infinity", kill_on_drop: false }`
[INFO] [stdout] 7af808c9d53fe7ee49458bc71cfe49728304fdb333c3a34158f2f24fa3d31644
[INFO] running `Command { std: "docker" "start" "7af808c9d53fe7ee49458bc71cfe49728304fdb333c3a34158f2f24fa3d31644", kill_on_drop: false }`
[INFO] running `Command { std: "docker" "inspect" "7af808c9d53fe7ee49458bc71cfe49728304fdb333c3a34158f2f24fa3d31644", kill_on_drop: false }`
[INFO] running `Command { std: "docker" "exec" "-e" "SOURCE_DIR=/opt/rustwide/workdir" "-e" "CARGO_HOME=/opt/rustwide/cargo-home" "-e" "RUSTUP_HOME=/opt/rustwide/rustup-home" "-e" "CARGO_TARGET_DIR=/opt/rustwide/target" "-w" "/opt/rustwide/workdir" "--user" "0:0" "7af808c9d53fe7ee49458bc71cfe49728304fdb333c3a34158f2f24fa3d31644" "/opt/rustwide/cargo-home/bin/cargo" "+c60b92c03ca8a3b101eb9d57f51e2232690638c7" "metadata" "--no-deps" "--format-version=1", kill_on_drop: false }`
[INFO] running `Command { std: "docker" "inspect" "7af808c9d53fe7ee49458bc71cfe49728304fdb333c3a34158f2f24fa3d31644", kill_on_drop: false }`
[INFO] running `Command { std: "docker" "exec" "-e" "SOURCE_DIR=/opt/rustwide/workdir" "-e" "CARGO_HOME=/opt/rustwide/cargo-home" "-e" "RUSTUP_HOME=/opt/rustwide/rustup-home" "-e" "CARGO_TARGET_DIR=/opt/rustwide/target" "-e" "CARGO_INCREMENTAL=0" "-e" "RUST_BACKTRACE=full" "-e" "RUSTFLAGS=--cap-lints=forbid" "-e" "RUSTDOCFLAGS=--cap-lints=forbid" "-w" "/opt/rustwide/workdir" "--user" "0:0" "7af808c9d53fe7ee49458bc71cfe49728304fdb333c3a34158f2f24fa3d31644" "/opt/rustwide/cargo-home/bin/cargo" "+c60b92c03ca8a3b101eb9d57f51e2232690638c7" "check" "--frozen" "--all" "--all-targets" "--message-format=json", kill_on_drop: false }`
[INFO] [stderr]    Compiling libc v0.2.174
[INFO] [stderr]     Checking typenum v1.20.1
[INFO] [stderr]     Checking subtle v2.6.1
[INFO] [stderr]     Checking const-oid v0.9.6
[INFO] [stderr]     Checking base64ct v1.8.3
[INFO] [stderr]     Checking flagset v0.4.7
[INFO] [stderr]    Compiling serde_core v1.0.229
[INFO] [stderr]    Compiling syn v1.0.109
[INFO] [stderr]    Compiling zerocopy v0.8.56
[INFO] [stderr]    Compiling generic-array v0.14.7
[INFO] [stderr]    Compiling num-traits v0.2.19
[INFO] [stderr]    Compiling serde v1.0.229
[INFO] [stderr]     Checking futures-core v0.3.34
[INFO] [stderr]    Compiling syn v2.0.119
[INFO] [stderr]    Compiling syn v3.0.4
[INFO] [stderr]    Compiling find-msvc-tools v0.1.11
[INFO] [stderr]     Checking futures-sink v0.3.34
[INFO] [stderr]     Checking base16ct v0.2.0
[INFO] [stderr]    Compiling proc-macro-error-attr v1.0.4
[INFO] [stderr]    Compiling cc v1.4.4
[INFO] [stderr]     Checking futures-channel v0.3.34
[INFO] [stderr]     Checking futures-task v0.3.34
[INFO] [stderr]     Checking futures-io v0.3.34
[INFO] [stderr]    Compiling cfg_aliases v0.2.2
[INFO] [stderr]     Checking smallvec v1.15.2
[INFO] [stderr]     Checking litemap v0.8.3
[INFO] [stderr]     Checking writeable v0.6.4
[INFO] [stderr]     Checking http v1.5.0
[INFO] [stderr]    Compiling icu_properties_data v2.3.0
[INFO] [stderr]     Checking pem-rfc7468 v0.7.0
[INFO] [stderr]     Checking pem-rfc7468 v0.6.0
[INFO] [stderr]    Compiling icu_normalizer_data v2.3.0
[INFO] [stderr]    Compiling winnow v1.0.4
[INFO] [stderr]    Compiling serde_json v1.0.151
[INFO] [stderr]    Compiling memoffset v0.7.1
[INFO] [stderr]    Compiling unicode-xid v0.2.6
[INFO] [stderr]     Checking base16ct v0.1.1
[INFO] [stderr]     Checking bitflags v2.13.1
[INFO] [stderr]     Checking minimal-lexical v0.2.1
[INFO] [stderr]    Compiling time-macros v0.2.32
[INFO] [stderr]     Checking tracing v0.1.44
[INFO] [stderr]     Checking half v1.8.3
[INFO] [stderr]    Compiling rustls v0.23.43
[INFO] [stderr]     Checking nom v7.1.3
[INFO] [stderr]    Compiling rustversion v1.0.23
[INFO] [stderr]     Checking log v0.4.34
[INFO] [stderr]     Checking opaque-debug v0.3.1
[INFO] [stderr]    Compiling anyhow v1.0.104
[INFO] [stderr]    Compiling thiserror v2.0.20
[INFO] [stderr]    Compiling borsh v1.8.0
[INFO] [stderr]    Compiling nix v0.30.1
[INFO] [stderr]     Checking num-integer v0.1.47
[INFO] [stderr]    Compiling either v1.18.0
[INFO] [stderr]     Checking sync_wrapper v1.0.2
[INFO] [stderr]     Checking num-iter v0.1.46
[INFO] [stderr]    Compiling oid-registry v0.6.1
[INFO] [stderr]    Compiling itertools v0.12.1
[INFO] [stderr]     Checking ipnet v2.12.1
[INFO] [stderr]     Checking keccak v0.1.6
[INFO] [stderr]     Checking hybrid-array v0.4.14
[INFO] [stderr]     Checking http-body v1.1.0
[INFO] [stderr]     Checking getrandom v0.2.17
[INFO] [stderr]     Checking errno v0.3.14
[INFO] [stderr]     Checking mio v1.1.0
[INFO] [stderr]     Checking socket2 v0.6.5
[INFO] [stderr]     Checking time v0.3.55
[INFO] [stderr]     Checking rand_core v0.6.4
[INFO] [stderr]     Checking getrandom v0.3.4
[INFO] [stderr]     Checking signal-hook-registry v1.4.8
[INFO] [stderr]    Compiling toml_parser v1.1.3+spec-1.1.0
[INFO] [stderr]     Checking nix v0.26.4
[INFO] [stderr]     Checking ff v0.13.1
[INFO] [stderr]    Compiling ring v0.17.14
[INFO] [stderr]     Checking ff v0.12.1
[INFO] [stderr]     Checking rand_core v0.9.5
[INFO] [stderr]     Checking generic-array v1.4.5
[INFO] [stderr]     Checking group v0.12.1
[INFO] [stderr]     Checking group v0.13.0
[INFO] [stderr]    Compiling toml_edit v0.25.13+spec-1.1.0
[INFO] [stderr]     Checking ciborium-io v0.2.2
[INFO] [stderr]     Checking chrono v0.4.45
[INFO] [stderr]     Checking http-body-util v0.1.5
[INFO] [stderr]     Checking base64 v0.13.1
[INFO] [stderr]     Checking data-encoding v2.11.1
[INFO] [stderr]    Compiling qos_core v0.12.2
[INFO] [stderr]     Checking serde_bytes v0.11.19
[INFO] [stdout] error[E0493]: destructor of `ArrayBuilder<T, N>` cannot be evaluated at compile-time
[INFO] [stdout]    --> /opt/rustwide/cargo-home/registry/src/index.crates.io-1949cf8c6b5b557f/generic-array-1.4.5/src/internal.rs:103:31
[INFO] [stdout]     |
[INFO] [stdout] 103 |     pub unsafe fn assume_init(self) -> GenericArray<T, N> {
[INFO] [stdout]     |                               ^^^^ the destructor for this type cannot be evaluated in constant functions
[INFO] [stdout] ...
[INFO] [stdout] 109 |     }
[INFO] [stdout]     |     - value is dropped here
[INFO] [stdout] 
[INFO] [stdout] 
[INFO] [stdout] error[E0493]: destructor of `GenericArray<core::mem::MaybeUninit<*const T>, N>` cannot be evaluated at compile-time
[INFO] [stdout]    --> /opt/rustwide/cargo-home/registry/src/index.crates.io-1949cf8c6b5b557f/generic-array-1.4.5/src/lib.rs:983:13
[INFO] [stdout]     |
[INFO] [stdout] 983 |         let mut out: GenericArray<MaybeUninit<*const T>, N> = GenericArray::uninit();
[INFO] [stdout]     |             ^^^^^^^ the destructor for this type cannot be evaluated in constant functions
[INFO] [stdout] ...
[INFO] [stdout] 998 |     }
[INFO] [stdout]     |     - value is dropped here
[INFO] [stdout] 
[INFO] [stdout] 
[INFO] [stdout] error[E0493]: destructor of `GenericArray<core::mem::MaybeUninit<*mut T>, N>` cannot be evaluated at compile-time
[INFO] [stdout]     --> /opt/rustwide/cargo-home/registry/src/index.crates.io-1949cf8c6b5b557f/generic-array-1.4.5/src/lib.rs:1018:13
[INFO] [stdout]      |
[INFO] [stdout] 1018 |         let mut out: GenericArray<MaybeUninit<*mut T>, N> = GenericArray::uninit();
[INFO] [stdout]      |             ^^^^^^^ the destructor for this type cannot be evaluated in constant functions
[INFO] [stdout] ...
[INFO] [stdout] 1033 |     }
[INFO] [stdout]      |     - value is dropped here
[INFO] [stdout] 
[INFO] [stdout] 
[INFO] [stdout] For more information about this error, try `rustc --explain E0493`.
[INFO] [stdout] 
[INFO] [stderr] error: could not compile `generic-array` (lib) due to 3 previous errors
[INFO] [stderr] warning: build failed, waiting for other jobs to finish...
[INFO] running `Command { std: "docker" "inspect" "7af808c9d53fe7ee49458bc71cfe49728304fdb333c3a34158f2f24fa3d31644", kill_on_drop: false }`
[INFO] running `Command { std: "docker" "rm" "-f" "7af808c9d53fe7ee49458bc71cfe49728304fdb333c3a34158f2f24fa3d31644", kill_on_drop: false }`
[INFO] [stdout] 7af808c9d53fe7ee49458bc71cfe49728304fdb333c3a34158f2f24fa3d31644
