[INFO] cloning repository https://github.com/polpub/lottery-dapp
[INFO] running `Command { std: "git" "-c" "credential.helper=" "-c" "credential.helper=/workspace/cargo-home/bin/git-credential-null" "clone" "--bare" "https://github.com/polpub/lottery-dapp" "/workspace/cache/git-repos/https%3A%2F%2Fgithub.com%2Fpolpub%2Flottery-dapp", kill_on_drop: false }`
[INFO] [stderr] Cloning into bare repository '/workspace/cache/git-repos/https%3A%2F%2Fgithub.com%2Fpolpub%2Flottery-dapp'...
[INFO] running `Command { std: "git" "rev-parse" "HEAD", kill_on_drop: false }`
[INFO] [stdout] 3ac5227e265b3688b2914a7cdf38f629b8c5cdeb
[INFO] checking polpub/lottery-dapp against c60b92c03ca8a3b101eb9d57f51e2232690638c7 for pr-164148-crater-rollup
[INFO] running `Command { std: "git" "clone" "/workspace/cache/git-repos/https%3A%2F%2Fgithub.com%2Fpolpub%2Flottery-dapp" "/workspace/builds/worker-4-tc2/source", kill_on_drop: false }`
[INFO] [stderr] Cloning into '/workspace/builds/worker-4-tc2/source'...
[INFO] [stderr] done.
[INFO] [stderr] Updating files:  61% (666/1081)
Updating files:  62% (671/1081)
Updating files:  63% (682/1081)
Updating files:  64% (692/1081)
Updating files:  65% (703/1081)
Updating files:  66% (714/1081)
Updating files:  67% (725/1081)
Updating files:  68% (736/1081)
Updating files:  68% (740/1081)
Updating files:  69% (746/1081)
Updating files:  70% (757/1081)
Updating files:  71% (768/1081)
Updating files:  72% (779/1081)
Updating files:  73% (790/1081)
Updating files:  74% (800/1081)
Updating files:  75% (811/1081)
Updating files:  76% (822/1081)
Updating files:  77% (833/1081)
Updating files:  78% (844/1081)
Updating files:  79% (854/1081)
Updating files:  80% (865/1081)
Updating files:  81% (876/1081)
Updating files:  82% (887/1081)
Updating files:  83% (898/1081)
Updating files:  84% (909/1081)
Updating files:  85% (919/1081)
Updating files:  86% (930/1081)
Updating files:  87% (941/1081)
Updating files:  88% (952/1081)
Updating files:  89% (963/1081)
Updating files:  90% (973/1081)
Updating files:  91% (984/1081)
Updating files:  92% (995/1081)
Updating files:  93% (1006/1081)
Updating files:  94% (1017/1081)
Updating files:  95% (1027/1081)
Updating files:  96% (1038/1081)
Updating files:  97% (1049/1081)
Updating files:  97% (1054/1081)
Updating files:  98% (1060/1081)
Updating files:  99% (1071/1081)
Updating files: 100% (1081/1081)
Updating files: 100% (1081/1081), done.
[INFO] started tweaking git repo https://github.com/polpub/lottery-dapp
[INFO] finished tweaking git repo https://github.com/polpub/lottery-dapp
[INFO] tweaked toml for git repo https://github.com/polpub/lottery-dapp written to /workspace/builds/worker-4-tc2/source/Cargo.toml
[INFO] validating manifest of git repo https://github.com/polpub/lottery-dapp on toolchain c60b92c03ca8a3b101eb9d57f51e2232690638c7
[INFO] running `Command { std: CARGO_HOME="/workspace/cargo-home" RUSTUP_HOME="/workspace/rustup-home" "/workspace/cargo-home/bin/cargo" "+c60b92c03ca8a3b101eb9d57f51e2232690638c7" "metadata" "--manifest-path" "Cargo.toml" "--no-deps", kill_on_drop: false }`
[INFO] crate git repo https://github.com/polpub/lottery-dapp already has a lockfile, it will not be regenerated
[INFO] running `Command { std: CARGO_HOME="/workspace/cargo-home" RUSTUP_HOME="/workspace/rustup-home" "/workspace/cargo-home/bin/cargo" "+c60b92c03ca8a3b101eb9d57f51e2232690638c7" "fetch" "--manifest-path" "Cargo.toml", kill_on_drop: false }`
[INFO] running `Command { std: "docker" "create" "-v" "/var/lib/crater-agent-workspace/builds/worker-4-tc2/source:/opt/rustwide/workdir:ro,Z" "-v" "/var/lib/crater-agent-workspace/builds/worker-4-tc2/target:/opt/rustwide/target:rw,Z" "-v" "/var/lib/crater-agent-workspace/cargo-home:/opt/rustwide/cargo-home:ro,Z" "-v" "/var/lib/crater-agent-workspace/rustup-home:/opt/rustwide/rustup-home:ro,Z" "-m" "1610612736" "--network" "none" "ghcr.io/rust-lang/crates-build-env/linux@sha256:77db811e55d90add9212f6832c23229e3de5f1c1f9905e8cb07319ea15df73ac" "sleep" "infinity", kill_on_drop: false }`
[INFO] [stdout] 667079e31733f4fbf59f9d52171aef277912eaae6298ebe8e14195d4508da1a1
[INFO] running `Command { std: "docker" "start" "667079e31733f4fbf59f9d52171aef277912eaae6298ebe8e14195d4508da1a1", kill_on_drop: false }`
[INFO] running `Command { std: "docker" "inspect" "667079e31733f4fbf59f9d52171aef277912eaae6298ebe8e14195d4508da1a1", kill_on_drop: false }`
[INFO] running `Command { std: "docker" "exec" "-e" "SOURCE_DIR=/opt/rustwide/workdir" "-e" "CARGO_HOME=/opt/rustwide/cargo-home" "-e" "RUSTUP_HOME=/opt/rustwide/rustup-home" "-e" "CARGO_TARGET_DIR=/opt/rustwide/target" "-w" "/opt/rustwide/workdir" "--user" "0:0" "667079e31733f4fbf59f9d52171aef277912eaae6298ebe8e14195d4508da1a1" "/opt/rustwide/cargo-home/bin/cargo" "+c60b92c03ca8a3b101eb9d57f51e2232690638c7" "metadata" "--no-deps" "--format-version=1", kill_on_drop: false }`
[INFO] running `Command { std: "docker" "inspect" "667079e31733f4fbf59f9d52171aef277912eaae6298ebe8e14195d4508da1a1", kill_on_drop: false }`
[INFO] running `Command { std: "docker" "exec" "-e" "SOURCE_DIR=/opt/rustwide/workdir" "-e" "CARGO_HOME=/opt/rustwide/cargo-home" "-e" "RUSTUP_HOME=/opt/rustwide/rustup-home" "-e" "CARGO_TARGET_DIR=/opt/rustwide/target" "-e" "CARGO_INCREMENTAL=0" "-e" "RUST_BACKTRACE=full" "-e" "RUSTFLAGS=--cap-lints=forbid" "-e" "RUSTDOCFLAGS=--cap-lints=forbid" "-w" "/opt/rustwide/workdir" "--user" "0:0" "667079e31733f4fbf59f9d52171aef277912eaae6298ebe8e14195d4508da1a1" "/opt/rustwide/cargo-home/bin/cargo" "+c60b92c03ca8a3b101eb9d57f51e2232690638c7" "check" "--frozen" "--all" "--all-targets" "--message-format=json", kill_on_drop: false }`
[INFO] [stderr]    Compiling quote v1.0.45
[INFO] [stderr]    Compiling unicode-ident v1.0.24
[INFO] [stderr]     Checking typenum v1.20.0
[INFO] [stderr]    Compiling serde_core v1.0.228
[INFO] [stderr]    Compiling autocfg v1.5.1
[INFO] [stderr]    Compiling serde v1.0.228
[INFO] [stderr]     Checking const-oid v0.10.2
[INFO] [stderr]    Compiling hex v0.4.3
[INFO] [stderr]     Checking bitflags v2.11.1
[INFO] [stderr]     Checking cpufeatures v0.3.0
[INFO] [stderr]     Checking sponge-cursor v0.1.0
[INFO] [stderr]     Checking foldhash v0.2.0
[INFO] [stderr]    Compiling generic-array v0.14.7
[INFO] [stderr]     Checking keccak v0.2.0
[INFO] [stderr]     Checking bech32 v0.11.1
[INFO] [stderr]     Checking arrayvec v0.7.6
[INFO] [stderr]     Checking unwrap-infallible v1.0.0
[INFO] [stderr]    Compiling proc-macro2 v1.0.106
[INFO] [stderr]    Compiling rustversion v1.0.22
[INFO] [stderr]    Compiling smallvec v1.15.1
[INFO] [stderr]     Checking memchr v2.8.0
[INFO] [stderr]    Compiling endian-type v0.2.0
[INFO] [stderr]    Compiling zmij v1.0.21
[INFO] [stderr]    Compiling anyhow v1.0.102
[INFO] [stderr]     Checking anstyle-parse v1.0.0
[INFO] [stderr]     Checking leb128fmt v0.1.0
[INFO] [stderr]     Checking winnow v1.0.3
[INFO] [stderr]     Checking colorchoice v1.0.5
[INFO] [stderr]    Compiling serde_json v1.0.150
[INFO] [stderr]    Compiling semver v1.0.28
[INFO] [stderr]    Compiling nibble_vec v0.1.0
[INFO] [stderr]     Checking anstyle v1.0.14
[INFO] [stderr]    Compiling rustc_version v0.4.1
[INFO] [stderr]     Checking wasm-encoder v0.250.0
[INFO] [stderr]    Compiling radix_trie v0.3.0
[INFO] [stderr]     Checking anstream v1.0.0
[INFO] [stderr]    Compiling libc v0.2.186
[INFO] [stderr]     Checking bumpalo v3.20.3
[INFO] [stderr]     Checking rand_core v0.10.1
[INFO] [stderr]    Compiling num-traits v0.2.19
[INFO] [stderr]     Checking clap_lex v1.1.0
[INFO] [stderr]     Checking toml_parser v1.1.2+spec-1.1.0
[INFO] [stderr]     Checking itoa v1.0.18
[INFO] [stderr]     Checking unicode-width v0.2.2
[INFO] [stderr]     Checking toml_writer v1.1.1+spec-1.1.0
[INFO] [stderr]     Checking clap_builder v4.6.0
[INFO] [stderr]    Compiling curve25519-dalek v4.1.3
[INFO] [stderr]    Compiling syn v2.0.117
[INFO] [stderr]     Checking colored v3.1.1
[INFO] [stderr]     Checking cpufeatures v0.2.17
[INFO] [stderr]     Checking unicode-segmentation v1.13.2
[INFO] [stderr]    Compiling getrandom v0.4.2
[INFO] [stderr]     Checking signature v2.2.0
[INFO] [stderr]     Checking zeroize v1.8.2
[INFO] [stderr]     Checking chacha20 v0.10.0
[INFO] [stderr]     Checking either v1.16.0
[INFO] [stderr]     Checking ed25519 v2.2.3
[INFO] [stderr]     Checking rand_seeder v0.5.0
[INFO] [stderr]     Checking log v0.4.30
[INFO] [stderr]     Checking simple-error v0.3.2
[INFO] [stderr]     Checking hex-literal v1.1.0
[INFO] [stderr]     Checking pathdiff v0.2.3
[INFO] [stderr]     Checking num-integer v0.1.46
[INFO] [stderr]     Checking itertools v0.14.0
[INFO] [stderr]     Checking convert_case v0.11.0
[INFO] [stderr]     Checking num-bigint v0.4.6
[INFO] [stderr]     Checking wast v250.0.0
[INFO] [stderr]     Checking hybrid-array v0.4.12
[INFO] [stderr]     Checking generic-array v1.4.1
[INFO] [stderr]     Checking rand v0.10.1
[INFO] [stderr]     Checking hashbrown v0.17.1
[INFO] [stderr]     Checking serde_spanned v1.1.1
[INFO] [stderr]     Checking toml_datetime v1.1.1+spec-1.1.0
[INFO] [stdout] error[E0493]: destructor of `ArrayBuilder<T, N>` cannot be evaluated at compile-time
[INFO] [stdout]    --> /opt/rustwide/cargo-home/registry/src/index.crates.io-1949cf8c6b5b557f/generic-array-1.4.1/src/internal.rs:103:31
[INFO] [stdout]     |
[INFO] [stdout] 103 |     pub unsafe fn assume_init(self) -> GenericArray<T, N> {
[INFO] [stdout]     |                               ^^^^ the destructor for this type cannot be evaluated in constant functions
[INFO] [stdout] ...
[INFO] [stdout] 109 |     }
[INFO] [stdout]     |     - value is dropped here
[INFO] [stdout] 
[INFO] [stdout] 
[INFO] [stdout] error[E0493]: destructor of `GenericArray<core::mem::MaybeUninit<*const T>, N>` cannot be evaluated at compile-time
[INFO] [stdout]    --> /opt/rustwide/cargo-home/registry/src/index.crates.io-1949cf8c6b5b557f/generic-array-1.4.1/src/lib.rs:970:13
[INFO] [stdout]     |
[INFO] [stdout] 970 |         let mut out: GenericArray<MaybeUninit<*const T>, N> = GenericArray::uninit();
[INFO] [stdout]     |             ^^^^^^^ the destructor for this type cannot be evaluated in constant functions
[INFO] [stdout] ...
[INFO] [stdout] 985 |     }
[INFO] [stdout]     |     - value is dropped here
[INFO] [stdout] 
[INFO] [stdout] 
[INFO] [stdout] error[E0493]: destructor of `GenericArray<core::mem::MaybeUninit<*mut T>, N>` cannot be evaluated at compile-time
[INFO] [stdout]     --> /opt/rustwide/cargo-home/registry/src/index.crates.io-1949cf8c6b5b557f/generic-array-1.4.1/src/lib.rs:1005:13
[INFO] [stdout]      |
[INFO] [stdout] 1005 |         let mut out: GenericArray<MaybeUninit<*mut T>, N> = GenericArray::uninit();
[INFO] [stdout]      |             ^^^^^^^ the destructor for this type cannot be evaluated in constant functions
[INFO] [stdout] ...
[INFO] [stdout] 1020 |     }
[INFO] [stdout]      |     - value is dropped here
[INFO] [stdout] 
[INFO] [stdout] 
[INFO] [stdout] For more information about this error, try `rustc --explain E0493`.
[INFO] [stdout] 
[INFO] [stderr] error: could not compile `generic-array` (lib) due to 3 previous errors
[INFO] [stderr] warning: build failed, waiting for other jobs to finish...
[INFO] running `Command { std: "docker" "inspect" "667079e31733f4fbf59f9d52171aef277912eaae6298ebe8e14195d4508da1a1", kill_on_drop: false }`
[INFO] running `Command { std: "docker" "rm" "-f" "667079e31733f4fbf59f9d52171aef277912eaae6298ebe8e14195d4508da1a1", kill_on_drop: false }`
[INFO] [stdout] 667079e31733f4fbf59f9d52171aef277912eaae6298ebe8e14195d4508da1a1
