[INFO] cloning repository https://github.com/ospab/ostp
[INFO] running `Command { std: "git" "-c" "credential.helper=" "-c" "credential.helper=/workspace/cargo-home/bin/git-credential-null" "clone" "--bare" "https://github.com/ospab/ostp" "/workspace/cache/git-repos/https%3A%2F%2Fgithub.com%2Fospab%2Fostp", kill_on_drop: false }`
[INFO] [stderr] Cloning into bare repository '/workspace/cache/git-repos/https%3A%2F%2Fgithub.com%2Fospab%2Fostp'...
[INFO] running `Command { std: "git" "rev-parse" "HEAD", kill_on_drop: false }`
[INFO] [stdout] e742ef7a7c8aac842925d5ce6c63b6e7d25d062b
[INFO] checking ospab/ostp against c60b92c03ca8a3b101eb9d57f51e2232690638c7 for pr-164148-crater-rollup
[INFO] running `Command { std: "git" "clone" "/workspace/cache/git-repos/https%3A%2F%2Fgithub.com%2Fospab%2Fostp" "/workspace/builds/worker-5-tc2/source", kill_on_drop: false }`
[INFO] [stderr] Cloning into '/workspace/builds/worker-5-tc2/source'...
[INFO] [stderr] done.
[INFO] started tweaking git repo https://github.com/ospab/ostp
[INFO] finished tweaking git repo https://github.com/ospab/ostp
[INFO] tweaked toml for git repo https://github.com/ospab/ostp written to /workspace/builds/worker-5-tc2/source/Cargo.toml
[INFO] validating manifest of git repo https://github.com/ospab/ostp on toolchain c60b92c03ca8a3b101eb9d57f51e2232690638c7
[INFO] running `Command { std: CARGO_HOME="/workspace/cargo-home" RUSTUP_HOME="/workspace/rustup-home" "/workspace/cargo-home/bin/cargo" "+c60b92c03ca8a3b101eb9d57f51e2232690638c7" "metadata" "--manifest-path" "Cargo.toml" "--no-deps", kill_on_drop: false }`
[INFO] crate git repo https://github.com/ospab/ostp already has a lockfile, it will not be regenerated
[INFO] running `Command { std: CARGO_HOME="/workspace/cargo-home" RUSTUP_HOME="/workspace/rustup-home" "/workspace/cargo-home/bin/cargo" "+c60b92c03ca8a3b101eb9d57f51e2232690638c7" "fetch" "--manifest-path" "Cargo.toml", kill_on_drop: false }`
[INFO] [stderr] warning: unused field `homepage` in `workspace.package`
[INFO] [stderr]   --> Cargo.toml:27:1
[INFO] [stderr]    |
[INFO] [stderr] 27 | homepage = "https://github.com/ospab/ostp"
[INFO] [stderr]    | ^^^^^^^^
[INFO] [stderr]    |
[INFO] [stderr]    = note: `cargo::unused_workspace_package_fields` is set to `warn` by default
[INFO] [stderr] help: consider removing the field `workspace.package.homepage`
[INFO] [stderr] warning: workspace (manifest) generated 1 warning
[INFO] [stderr]     Blocking waiting for file lock on package cache
[INFO] running `Command { std: "docker" "create" "-v" "/var/lib/crater-agent-workspace/builds/worker-5-tc2/source:/opt/rustwide/workdir:ro,Z" "-v" "/var/lib/crater-agent-workspace/builds/worker-5-tc2/target:/opt/rustwide/target:rw,Z" "-v" "/var/lib/crater-agent-workspace/cargo-home:/opt/rustwide/cargo-home:ro,Z" "-v" "/var/lib/crater-agent-workspace/rustup-home:/opt/rustwide/rustup-home:ro,Z" "-m" "1610612736" "--network" "none" "ghcr.io/rust-lang/crates-build-env/linux@sha256:77db811e55d90add9212f6832c23229e3de5f1c1f9905e8cb07319ea15df73ac" "sleep" "infinity", kill_on_drop: false }`
[INFO] [stdout] fd91750b7f415ce8b75bfdc4545fb09c3c6f91e1e6a62efb83ab17cbb471f91a
[INFO] running `Command { std: "docker" "start" "fd91750b7f415ce8b75bfdc4545fb09c3c6f91e1e6a62efb83ab17cbb471f91a", kill_on_drop: false }`
[INFO] running `Command { std: "docker" "inspect" "fd91750b7f415ce8b75bfdc4545fb09c3c6f91e1e6a62efb83ab17cbb471f91a", kill_on_drop: false }`
[INFO] running `Command { std: "docker" "exec" "-e" "SOURCE_DIR=/opt/rustwide/workdir" "-e" "CARGO_HOME=/opt/rustwide/cargo-home" "-e" "RUSTUP_HOME=/opt/rustwide/rustup-home" "-e" "CARGO_TARGET_DIR=/opt/rustwide/target" "-w" "/opt/rustwide/workdir" "--user" "0:0" "fd91750b7f415ce8b75bfdc4545fb09c3c6f91e1e6a62efb83ab17cbb471f91a" "/opt/rustwide/cargo-home/bin/cargo" "+c60b92c03ca8a3b101eb9d57f51e2232690638c7" "metadata" "--no-deps" "--format-version=1", kill_on_drop: false }`
[INFO] running `Command { std: "docker" "inspect" "fd91750b7f415ce8b75bfdc4545fb09c3c6f91e1e6a62efb83ab17cbb471f91a", kill_on_drop: false }`
[INFO] running `Command { std: "docker" "exec" "-e" "SOURCE_DIR=/opt/rustwide/workdir" "-e" "CARGO_HOME=/opt/rustwide/cargo-home" "-e" "RUSTUP_HOME=/opt/rustwide/rustup-home" "-e" "CARGO_TARGET_DIR=/opt/rustwide/target" "-e" "CARGO_INCREMENTAL=0" "-e" "RUST_BACKTRACE=full" "-e" "RUSTFLAGS=--cap-lints=forbid" "-e" "RUSTDOCFLAGS=--cap-lints=forbid" "-w" "/opt/rustwide/workdir" "--user" "0:0" "fd91750b7f415ce8b75bfdc4545fb09c3c6f91e1e6a62efb83ab17cbb471f91a" "/opt/rustwide/cargo-home/bin/cargo" "+c60b92c03ca8a3b101eb9d57f51e2232690638c7" "check" "--frozen" "--all" "--all-targets" "--message-format=json", kill_on_drop: false }`
[INFO] [stderr] warning: unused field `homepage` in `workspace.package`
[INFO] [stderr]   --> Cargo.toml:27:1
[INFO] [stderr]    |
[INFO] [stderr] 27 | homepage = "https://github.com/ospab/ostp"
[INFO] [stderr]    | ^^^^^^^^
[INFO] [stderr]    |
[INFO] [stderr]    = note: `cargo::unused_workspace_package_fields` is set to `warn` by default
[INFO] [stderr] help: consider removing the field `workspace.package.homepage`
[INFO] [stderr] warning: workspace (manifest) generated 1 warning
[INFO] [stderr]     Checking subtle v2.6.1
[INFO] [stderr]     Checking rand_core v0.10.1
[INFO] [stderr]    Compiling getrandom v0.4.2
[INFO] [stderr]     Checking cmov v0.5.4
[INFO] [stderr]     Checking getrandom v0.2.17
[INFO] [stderr]     Checking mio v1.2.0
[INFO] [stderr]     Checking socket2 v0.6.3
[INFO] [stderr]     Checking cpubits v0.1.1
[INFO] [stderr]    Compiling zeroize_derive v1.5.0
[INFO] [stderr]    Compiling displaydoc v0.2.5
[INFO] [stderr]    Compiling ring v0.17.14
[INFO] [stderr]     Checking futures-util v0.3.32
[INFO] [stderr]     Checking zerofrom v0.1.8
[INFO] [stderr]    Compiling zerocopy v0.8.48
[INFO] [stderr]     Checking pem-rfc7468 v1.0.0
[INFO] [stderr]     Checking inout v0.1.4
[INFO] [stderr]     Checking rand_core v0.6.4
[INFO] [stderr]    Compiling curve25519-dalek-derive v0.1.1
[INFO] [stderr]     Checking serde v1.0.228
[INFO] [stderr]    Compiling time-macros v0.2.27
[INFO] [stderr]     Checking yoke v0.8.2
[INFO] [stderr]    Compiling rustls v0.23.40
[INFO] [stderr]     Checking crypto-common v0.1.7
[INFO] [stderr]    Compiling nix v0.31.3
[INFO] [stderr]     Checking universal-hash v0.5.1
[INFO] [stderr]     Checking ctutils v0.4.2
[INFO] [stderr]     Checking digest v0.10.7
[INFO] [stderr]     Checking aead v0.5.2
[INFO] [stderr]     Checking zerovec v0.11.6
[INFO] [stderr]     Checking tokio v1.52.3
[INFO] [stderr]    Compiling curve25519-dalek v4.1.3
[INFO] [stderr]     Checking poly1305 v0.8.0
[INFO] [stderr]     Checking polyval v0.6.2
[INFO] [stderr]    Compiling snow v0.9.6
[INFO] [stderr]     Checking ghash v0.5.1
[INFO] [stderr]     Checking ff v0.14.0
[INFO] [stderr]     Checking num-integer v0.1.47
[INFO] [stderr]     Checking group v0.14.0
[INFO] [stderr]     Checking sha2 v0.10.9
[INFO] [stderr]     Checking zerotrie v0.2.4
[INFO] [stderr]     Checking hmac v0.12.1
[INFO] [stderr]     Checking blake2 v0.10.6
[INFO] [stderr]     Checking sha1 v0.10.7
[INFO] [stderr]    Compiling smoltcp v0.12.0
[INFO] [stderr]     Checking zeroize v1.9.0
[INFO] [stderr]     Checking hkdf v0.12.4
[INFO] [stderr]     Checking base16ct v1.0.0
[INFO] [stderr]     Checking chrono v0.4.44
[INFO] [stderr]     Checking heapless v0.8.0
[INFO] [stderr]     Checking tracing-log v0.2.0
[INFO] [stderr]     Checking bitflags v1.3.2
[INFO] [stderr]    Compiling typenum v1.20.0
[INFO] [stderr]     Checking managed v0.8.0
[INFO] [stderr]    Compiling winapi v0.3.9
[INFO] [stderr]     Checking hybrid-array v0.4.15
[INFO] [stderr]     Checking rustls-pki-types v1.14.1
[INFO] [stderr]     Checking cipher v0.4.4
[INFO] [stderr]     Checking der v0.8.2
[INFO] [stderr]     Checking webpki-roots v1.0.7
[INFO] [stderr]     Checking chacha20 v0.9.1
[INFO] [stderr]     Checking ctr v0.9.2
[INFO] [stderr]     Checking aes v0.8.4
[INFO] [stderr]     Checking json_comments v0.2.2
[INFO] [stderr]     Checking tracing-subscriber v0.3.23
[INFO] [stderr]     Checking etherparse v0.16.0
[INFO] [stderr]     Checking chacha20poly1305 v0.10.1
[INFO] [stderr]     Checking crossbeam-channel v0.5.15
[INFO] [stderr]     Checking tinystr v0.8.3
[INFO] [stderr]     Checking potential_utf v0.1.5
[INFO] [stderr]     Checking aes-gcm v0.10.3
[INFO] [stderr]     Checking icu_collections v2.2.0
[INFO] [stderr]     Checking spin v0.9.8
[INFO] [stderr]     Checking time v0.3.47
[INFO] [stderr]     Checking icu_locale_core v2.2.0
[INFO] [stderr]     Checking data-encoding v2.11.1
[INFO] [stderr]     Checking symlink v0.1.0
[INFO] [stderr]     Checking rustls-native-certs v0.8.4
[INFO] [stderr]    Compiling curve25519-dalek v5.0.0
[INFO] [stderr]    Compiling generic-array v0.14.7
[INFO] [stderr]     Checking base64 v0.23.1
[INFO] [stderr]     Checking serde_urlencoded v0.7.1
[INFO] [stderr]     Checking x25519-dalek v2.0.1
[INFO] [stderr]     Checking pem v4.0.0
[INFO] [stderr]     Checking rusticata-macros v4.1.0
[INFO] [stderr]    Compiling asn1-rs-derive v0.6.0
[INFO] [stderr]    Compiling block-buffer v0.10.4
[INFO] [stderr]    Compiling asn1-rs-impl v0.2.0
[INFO] [stderr]     Checking keccak v0.2.2
[INFO] [stderr]    Compiling oid-registry v0.8.1
[INFO] [stderr]     Checking num-bigint v0.4.8
[INFO] [stderr]     Checking icu_provider v2.2.0
[INFO] [stderr]     Checking simple-dns v0.11.3
[INFO] [stderr]    Compiling syn v3.0.6
[INFO] [stderr]     Checking sponge-cursor v0.1.0
[INFO] [stderr]    Compiling enum_dispatch v0.3.13
[INFO] [stderr]     Checking spki v0.8.0
[INFO] [stderr]     Checking icu_properties v2.2.0
[INFO] [stderr]     Checking icu_normalizer v2.2.0
[INFO] [stderr]     Checking pkcs1 v0.8.0-rc.4
[INFO] [stderr]    Compiling rust-embed-utils v8.11.0
[INFO] [stderr]     Checking crypto-common v0.2.2
[INFO] [stderr]     Checking block-buffer v0.12.1
[INFO] [stderr]     Checking block-padding v0.4.2
[INFO] [stderr]     Checking crypto-bigint v0.7.5
[INFO] [stderr]     Checking sec1 v0.8.1
[INFO] [stderr]     Checking inout v0.2.2
[INFO] [stderr]     Checking module-lattice v0.2.3
[INFO] [stderr]    Compiling rust-embed-impl v8.11.0
[INFO] [stderr]     Checking flate2 v1.1.10
[INFO] [stderr]     Checking generic-array v1.4.2
[INFO] [stderr]     Checking axum-core v0.5.6
[INFO] [stderr]    Compiling delegate v0.13.5
[INFO] [stderr]     Checking tracing-appender v0.2.5
[INFO] [stderr]     Checking yasna v0.6.0
[INFO] [stderr]     Checking asn1-rs v0.7.2
[INFO] [stderr]     Checking hex-literal v1.1.0
[INFO] [stdout] error[E0493]: destructor of `ArrayBuilder<T, N>` cannot be evaluated at compile-time
[INFO] [stdout]    --> /opt/rustwide/cargo-home/registry/src/index.crates.io-1949cf8c6b5b557f/generic-array-1.4.2/src/internal.rs:103:31
[INFO] [stdout]     |
[INFO] [stdout] 103 |     pub unsafe fn assume_init(self) -> GenericArray<T, N> {
[INFO] [stdout]     |                               ^^^^ the destructor for this type cannot be evaluated in constant functions
[INFO] [stdout] ...
[INFO] [stdout] 109 |     }
[INFO] [stdout]     |     - value is dropped here
[INFO] [stdout] 
[INFO] [stdout] 
[INFO] [stdout] error[E0493]: destructor of `GenericArray<core::mem::MaybeUninit<*const T>, N>` cannot be evaluated at compile-time
[INFO] [stdout]    --> /opt/rustwide/cargo-home/registry/src/index.crates.io-1949cf8c6b5b557f/generic-array-1.4.2/src/lib.rs:970:13
[INFO] [stdout]     |
[INFO] [stdout] 970 |         let mut out: GenericArray<MaybeUninit<*const T>, N> = GenericArray::uninit();
[INFO] [stdout]     |             ^^^^^^^ the destructor for this type cannot be evaluated in constant functions
[INFO] [stdout] ...
[INFO] [stdout] 985 |     }
[INFO] [stdout]     |     - value is dropped here
[INFO] [stdout] 
[INFO] [stdout] 
[INFO] [stdout] error[E0493]: destructor of `GenericArray<core::mem::MaybeUninit<*mut T>, N>` cannot be evaluated at compile-time
[INFO] [stdout]     --> /opt/rustwide/cargo-home/registry/src/index.crates.io-1949cf8c6b5b557f/generic-array-1.4.2/src/lib.rs:1005:13
[INFO] [stdout]      |
[INFO] [stdout] 1005 |         let mut out: GenericArray<MaybeUninit<*mut T>, N> = GenericArray::uninit();
[INFO] [stdout]      |             ^^^^^^^ the destructor for this type cannot be evaluated in constant functions
[INFO] [stdout] ...
[INFO] [stdout] 1020 |     }
[INFO] [stdout]      |     - value is dropped here
[INFO] [stdout] 
[INFO] [stdout] 
[INFO] [stdout] For more information about this error, try `rustc --explain E0493`.
[INFO] [stdout] 
[INFO] [stderr]     Checking md5 v0.8.1
[INFO] [stderr] error: could not compile `generic-array` (lib) due to 3 previous errors
[INFO] [stderr] warning: build failed, waiting for other jobs to finish...
[INFO] running `Command { std: "docker" "inspect" "fd91750b7f415ce8b75bfdc4545fb09c3c6f91e1e6a62efb83ab17cbb471f91a", kill_on_drop: false }`
[INFO] running `Command { std: "docker" "rm" "-f" "fd91750b7f415ce8b75bfdc4545fb09c3c6f91e1e6a62efb83ab17cbb471f91a", kill_on_drop: false }`
[INFO] [stdout] fd91750b7f415ce8b75bfdc4545fb09c3c6f91e1e6a62efb83ab17cbb471f91a
