[INFO] cloning repository https://github.com/o-i-i-o/wftpd-linux
[INFO] running `Command { std: "git" "-c" "credential.helper=" "-c" "credential.helper=/workspace/cargo-home/bin/git-credential-null" "clone" "--bare" "https://github.com/o-i-i-o/wftpd-linux" "/workspace/cache/git-repos/https%3A%2F%2Fgithub.com%2Fo-i-i-o%2Fwftpd-linux", kill_on_drop: false }`
[INFO] [stderr] Cloning into bare repository '/workspace/cache/git-repos/https%3A%2F%2Fgithub.com%2Fo-i-i-o%2Fwftpd-linux'...
[INFO] running `Command { std: "git" "rev-parse" "HEAD", kill_on_drop: false }`
[INFO] [stdout] 9f1f84d17cdb3acc109a6bdfa707d9457c862a93
[INFO] checking o-i-i-o/wftpd-linux against c60b92c03ca8a3b101eb9d57f51e2232690638c7 for pr-164148-crater-rollup
[INFO] running `Command { std: "git" "clone" "/workspace/cache/git-repos/https%3A%2F%2Fgithub.com%2Fo-i-i-o%2Fwftpd-linux" "/workspace/builds/worker-3-tc2/source", kill_on_drop: false }`
[INFO] [stderr] Cloning into '/workspace/builds/worker-3-tc2/source'...
[INFO] [stderr] done.
[INFO] started tweaking git repo https://github.com/o-i-i-o/wftpd-linux
[INFO] finished tweaking git repo https://github.com/o-i-i-o/wftpd-linux
[INFO] tweaked toml for git repo https://github.com/o-i-i-o/wftpd-linux written to /workspace/builds/worker-3-tc2/source/Cargo.toml
[INFO] validating manifest of git repo https://github.com/o-i-i-o/wftpd-linux on toolchain c60b92c03ca8a3b101eb9d57f51e2232690638c7
[INFO] running `Command { std: CARGO_HOME="/workspace/cargo-home" RUSTUP_HOME="/workspace/rustup-home" "/workspace/cargo-home/bin/cargo" "+c60b92c03ca8a3b101eb9d57f51e2232690638c7" "metadata" "--manifest-path" "Cargo.toml" "--no-deps", kill_on_drop: false }`
[INFO] crate git repo https://github.com/o-i-i-o/wftpd-linux already has a lockfile, it will not be regenerated
[INFO] running `Command { std: CARGO_HOME="/workspace/cargo-home" RUSTUP_HOME="/workspace/rustup-home" "/workspace/cargo-home/bin/cargo" "+c60b92c03ca8a3b101eb9d57f51e2232690638c7" "fetch" "--manifest-path" "Cargo.toml", kill_on_drop: false }`
[INFO] [stderr] warning: unused workspace dependency `thiserror`
[INFO] [stderr]   --> Cargo.toml:32:1
[INFO] [stderr]    |
[INFO] [stderr] 32 | thiserror = "2"
[INFO] [stderr]    | ^^^^^^^^^
[INFO] [stderr]    |
[INFO] [stderr]    = note: `cargo::unused_workspace_dependencies` is set to `warn` by default
[INFO] [stderr] help: consider removing the workspace dependency `thiserror`
[INFO] [stderr] warning: workspace (manifest) generated 1 warning
[INFO] running `Command { std: "docker" "create" "-v" "/var/lib/crater-agent-workspace/builds/worker-3-tc2/source:/opt/rustwide/workdir:ro,Z" "-v" "/var/lib/crater-agent-workspace/builds/worker-3-tc2/target:/opt/rustwide/target:rw,Z" "-v" "/var/lib/crater-agent-workspace/cargo-home:/opt/rustwide/cargo-home:ro,Z" "-v" "/var/lib/crater-agent-workspace/rustup-home:/opt/rustwide/rustup-home:ro,Z" "-m" "1610612736" "--network" "none" "ghcr.io/rust-lang/crates-build-env/linux@sha256:77db811e55d90add9212f6832c23229e3de5f1c1f9905e8cb07319ea15df73ac" "sleep" "infinity", kill_on_drop: false }`
[INFO] [stdout] f85d1c2ecccf57f9b937a58d2e2962bbde3c27247f24ff3d7197bf140bad42a4
[INFO] running `Command { std: "docker" "start" "f85d1c2ecccf57f9b937a58d2e2962bbde3c27247f24ff3d7197bf140bad42a4", kill_on_drop: false }`
[INFO] running `Command { std: "docker" "inspect" "f85d1c2ecccf57f9b937a58d2e2962bbde3c27247f24ff3d7197bf140bad42a4", kill_on_drop: false }`
[INFO] running `Command { std: "docker" "exec" "-e" "SOURCE_DIR=/opt/rustwide/workdir" "-e" "CARGO_HOME=/opt/rustwide/cargo-home" "-e" "RUSTUP_HOME=/opt/rustwide/rustup-home" "-e" "CARGO_TARGET_DIR=/opt/rustwide/target" "-w" "/opt/rustwide/workdir" "--user" "0:0" "f85d1c2ecccf57f9b937a58d2e2962bbde3c27247f24ff3d7197bf140bad42a4" "/opt/rustwide/cargo-home/bin/cargo" "+c60b92c03ca8a3b101eb9d57f51e2232690638c7" "metadata" "--no-deps" "--format-version=1", kill_on_drop: false }`
[INFO] running `Command { std: "docker" "inspect" "f85d1c2ecccf57f9b937a58d2e2962bbde3c27247f24ff3d7197bf140bad42a4", kill_on_drop: false }`
[INFO] running `Command { std: "docker" "exec" "-e" "SOURCE_DIR=/opt/rustwide/workdir" "-e" "CARGO_HOME=/opt/rustwide/cargo-home" "-e" "RUSTUP_HOME=/opt/rustwide/rustup-home" "-e" "CARGO_TARGET_DIR=/opt/rustwide/target" "-e" "CARGO_INCREMENTAL=0" "-e" "RUST_BACKTRACE=full" "-e" "RUSTFLAGS=--cap-lints=forbid" "-e" "RUSTDOCFLAGS=--cap-lints=forbid" "-w" "/opt/rustwide/workdir" "--user" "0:0" "f85d1c2ecccf57f9b937a58d2e2962bbde3c27247f24ff3d7197bf140bad42a4" "/opt/rustwide/cargo-home/bin/cargo" "+c60b92c03ca8a3b101eb9d57f51e2232690638c7" "check" "--frozen" "--all" "--all-targets" "--message-format=json", kill_on_drop: false }`
[INFO] [stderr] warning: unused workspace dependency `thiserror`
[INFO] [stderr]   --> Cargo.toml:32:1
[INFO] [stderr]    |
[INFO] [stderr] 32 | thiserror = "2"
[INFO] [stderr]    | ^^^^^^^^^
[INFO] [stderr]    |
[INFO] [stderr]    = note: `cargo::unused_workspace_dependencies` is set to `warn` by default
[INFO] [stderr] help: consider removing the workspace dependency `thiserror`
[INFO] [stderr] warning: workspace (manifest) generated 1 warning
[INFO] [stderr]    Compiling libc v0.2.190
[INFO] [stderr]    Compiling proc-macro2 v1.0.107
[INFO] [stderr]    Compiling quote v1.0.47
[INFO] [stderr]    Compiling unicode-ident v1.0.26
[INFO] [stderr]     Checking cfg-if v1.0.5
[INFO] [stderr]     Checking zeroize v1.9.1
[INFO] [stderr]     Checking typenum v1.20.1
[INFO] [stderr]     Checking subtle v2.6.1
[INFO] [stderr]     Checking cmov v0.5.4
[INFO] [stderr]     Checking rand_core v0.10.1
[INFO] [stderr]    Compiling getrandom v0.4.3
[INFO] [stderr]    Compiling pkg-config v0.3.34
[INFO] [stderr]     Checking ctutils v0.4.3
[INFO] [stderr]    Compiling autocfg v1.5.1
[INFO] [stderr]     Checking const-oid v0.10.2
[INFO] [stderr]    Compiling serde_core v1.0.229
[INFO] [stderr]     Checking memchr v2.8.3
[INFO] [stderr]    Compiling winnow v1.0.4
[INFO] [stderr]    Compiling num-traits v0.2.19
[INFO] [stderr]    Compiling syn v3.0.6
[INFO] [stderr]    Compiling syn v2.0.119
[INFO] [stderr]    Compiling toml_datetime v1.1.2+spec-1.1.0
[INFO] [stderr]    Compiling target-lexicon v0.13.5
[INFO] [stderr]     Checking cpufeatures v0.3.1
[INFO] [stderr]    Compiling serde_spanned v1.1.2
[INFO] [stderr]     Checking bytes v1.12.1
[INFO] [stderr]     Checking hybrid-array v0.4.15
[INFO] [stderr]    Compiling system-deps v9.0.0
[INFO] [stderr]    Compiling smallvec v1.16.2
[INFO] [stderr]    Compiling toml_parser v1.1.4+spec-1.1.0
[INFO] [stderr]    Compiling cfg-expr v0.20.10
[INFO] [stderr]    Compiling version-compare v0.2.1
[INFO] [stderr]     Checking futures-core v0.3.34
[INFO] [stderr]     Checking base64ct v1.8.3
[INFO] [stderr]    Compiling toml v1.1.7+spec-1.1.0
[INFO] [stderr]     Checking futures-sink v0.3.34
[INFO] [stderr]     Checking futures-channel v0.3.34
[INFO] [stderr]     Checking futures-task v0.3.34
[INFO] [stderr]     Checking futures-io v0.3.34
[INFO] [stderr]     Checking slab v0.4.12
[INFO] [stderr]     Checking errno v0.3.14
[INFO] [stderr]     Checking mio v1.2.4
[INFO] [stderr]     Checking signal-hook-registry v1.4.8
[INFO] [stderr]     Checking socket2 v0.6.5
[INFO] [stderr]     Checking crypto-common v0.2.2
[INFO] [stderr]     Checking block-buffer v0.12.1
[INFO] [stderr]    Compiling thiserror v2.0.21
[INFO] [stderr]     Checking block-padding v0.4.2
[INFO] [stderr]     Checking bitflags v2.13.2
[INFO] [stderr]     Checking inout v0.2.2
[INFO] [stderr]    Compiling anyhow v1.0.104
[INFO] [stderr]     Checking tracing-core v0.1.36
[INFO] [stderr]    Compiling serde v1.0.229
[INFO] [stderr]     Checking cpubits v0.1.1
[INFO] [stderr]     Checking log v0.4.34
[INFO] [stderr]    Compiling time-core v0.1.9
[INFO] [stderr]    Compiling num-conv v0.2.2
[INFO] [stderr]     Checking deranged v0.5.8
[INFO] [stderr]    Compiling cfg_aliases v0.2.2
[INFO] [stderr]    Compiling crossbeam-utils v0.8.23
[INFO] [stderr]    Compiling time-macros v0.2.32
[INFO] [stderr]     Checking num_threads v0.1.7
[INFO] [stderr]     Checking powerfmt v0.2.1
[INFO] [stderr]     Checking digest v0.11.3
[INFO] [stderr]     Checking cipher v0.5.2
[INFO] [stderr]     Checking lazy_static v1.5.1
[INFO] [stderr]     Checking pem-rfc7468 v1.0.0
[INFO] [stderr]    Compiling glib-sys v0.22.9
[INFO] [stderr]    Compiling memoffset v0.9.1
[INFO] [stderr]     Checking hmac v0.13.0
[INFO] [stderr]     Checking universal-hash v0.6.1
[INFO] [stderr]    Compiling either v1.19.0
[INFO] [stderr]     Checking iana-time-zone v0.1.65
[INFO] [stderr]    Compiling rustix v1.1.5
[INFO] [stderr]    Compiling aho-corasick v1.1.5
[INFO] [stderr]    Compiling itertools v0.14.0
[INFO] [stderr]    Compiling gobject-sys v0.22.9
[INFO] [stderr]    Compiling zmij v1.0.23
[INFO] [stderr]     Checking time v0.3.55
[INFO] [stderr]    Compiling regex-syntax v0.8.11
[INFO] [stderr]    Compiling futures-macro v0.3.34
[INFO] [stderr]    Compiling tokio-macros v2.7.2
[INFO] [stderr]    Compiling thiserror-impl v2.0.21
[INFO] [stderr]     Checking tokio v1.53.2
[INFO] [stderr]     Checking futures-util v0.3.34
[INFO] [stderr]    Compiling tracing-attributes v0.1.31
[INFO] [stderr]    Compiling serde_derive v1.0.229
[INFO] [stderr]     Checking polyval v0.7.3
[INFO] [stderr]     Checking der v0.8.2
[INFO] [stderr]    Compiling prost-derive v0.14.4
[INFO] [stderr]    Compiling regex-automata v0.4.18
[INFO] [stderr]     Checking tracing v0.1.44
[INFO] [stderr]    Compiling nix v0.31.3
[INFO] [stderr]     Checking crypto-bigint v0.7.5
[INFO] [stderr]     Checking phc v0.6.1
[INFO] [stderr]    Compiling serde_json v1.0.151
[INFO] [stderr]    Compiling semver v1.0.28
[INFO] [stderr]    Compiling rustc_version v0.4.1
[INFO] [stderr]     Checking password-hash v0.6.1
[INFO] [stderr]     Checking ghash v0.6.0
[INFO] [stderr]    Compiling jobserver v0.1.35
[INFO] [stderr]     Checking crossbeam-channel v0.5.17
[INFO] [stderr]     Checking pbkdf2 v0.13.0
[INFO] [stderr]     Checking aes v0.9.3
[INFO] [stderr]     Checking ctr v0.10.1
[INFO] [stderr]     Checking sha2 v0.11.0
[INFO] [stderr]     Checking blake2 v0.11.0
[INFO] [stderr]     Checking aead v0.6.1
[INFO] [stderr]     Checking http v1.5.0
[INFO] [stderr]     Checking futures-executor v0.3.34
[INFO] [stderr]     Checking fnv v1.0.7
[INFO] [stderr]    Compiling hashbrown v0.17.1
[INFO] [stderr]    Compiling find-msvc-tools v0.1.14
[INFO] [stderr]    Compiling equivalent v1.0.2
[INFO] [stderr]    Compiling shlex v2.0.1
[INFO] [stderr]     Checking chrono v0.4.45
[INFO] [stderr]    Compiling cc v1.6.0
[INFO] [stderr]     Checking tracing-serde v0.2.0
[INFO] [stderr]     Checking aes-gcm v0.11.1
[INFO] [stderr]     Checking argon2 v0.6.0
[INFO] [stderr]    Compiling indexmap v2.14.2
[INFO] [stderr]     Checking matchers v0.2.0
[INFO] [stderr]     Checking spki v0.8.1
[INFO] [stderr]     Checking salsa20 v0.11.0
[INFO] [stderr]     Checking sharded-slab v0.1.7
[INFO] [stderr]     Checking tracing-log v0.2.0
[INFO] [stderr]    Compiling gio-sys v0.22.9
[INFO] [stderr]     Checking thread_local v1.1.10
[INFO] [stderr]    Compiling once_cell v1.21.4
[INFO] [stderr]     Checking nu-ansi-term v0.50.3
[INFO] [stderr]     Checking tracing-subscriber v0.3.23
[INFO] [stderr]     Checking scrypt v0.12.0
[INFO] [stderr]    Compiling cmake v0.1.58
[INFO] [stderr]    Compiling prost v0.14.4
[INFO] [stderr]     Checking http-body v1.1.0
[INFO] [stderr]     Checking cbc v0.2.1
[INFO] [stderr]    Compiling fs_extra v1.3.0
[INFO] [stderr]     Checking toml_writer v1.1.3+spec-1.1.0
[INFO] [stderr]     Checking symlink v0.1.0
[INFO] [stderr]    Compiling dunce v1.0.5
[INFO] [stderr]    Compiling version_check v0.9.5
[INFO] [stderr]    Compiling rustversion v1.0.23
[INFO] [stderr]    Compiling logos-codegen v0.16.1
[INFO] [stderr]    Compiling aws-lc-sys v0.45.0
[INFO] [stderr]    Compiling prost-types v0.14.4
[INFO] [stderr]    Compiling generic-array v0.14.7
[INFO] [stderr]     Checking tokio-util v0.7.19
[INFO] [stderr]     Checking pkcs5 v0.8.1
[INFO] [stderr]     Checking tracing-appender v0.2.5
[INFO] [stderr]     Checking ipnet v2.12.2
[INFO] [stderr]    Compiling prettyplease v0.2.37
[INFO] [stderr]    Compiling pulldown-cmark v0.13.4
[INFO] [stderr]     Checking pkcs8 v0.11.0
[INFO] [stderr]    Compiling miette-derive v7.6.0
[INFO] [stderr]    Compiling async-trait v0.1.92
[INFO] [stderr]     Checking ff v0.14.0
[INFO] [stderr]    Compiling linux-raw-sys v0.12.1
[INFO] [stderr]    Compiling unicase v2.10.0
[INFO] [stderr]    Compiling foldhash v0.1.5
[INFO] [stderr]     Checking try-lock v0.2.5
[INFO] [stderr]    Compiling unicode-width v0.1.14
[INFO] [stderr]     Checking want v0.3.2
[INFO] [stderr]    Compiling hashbrown v0.15.5
[INFO] [stderr]     Checking h2 v0.4.20
[INFO] [stderr]    Compiling logos-derive v0.16.1
[INFO] [stderr]     Checking wftpd-common v3.0.8 (/opt/rustwide/workdir/common)
[INFO] [stderr]    Compiling logos v0.16.1
[INFO] [stderr]    Compiling miette v7.6.0
[INFO] [stderr]    Compiling parking_lot_core v0.9.12
[INFO] [stderr]    Compiling fixedbitset v0.5.7
[INFO] [stderr]    Compiling fastrand v2.5.0
[INFO] [stderr]    Compiling aws-lc-rs v1.18.1
[INFO] [stderr]    Compiling petgraph v0.8.3
[INFO] [stderr]     Checking group v0.14.0
[INFO] [stderr]     Checking http-body-util v0.1.5
[INFO] [stderr]    Compiling pulldown-cmark-to-cmark v22.0.3
[INFO] [stderr]    Compiling regex v1.13.1
[INFO] [stderr]    Compiling glib-macros v0.22.9
[INFO] [stderr]     Checking signature v3.0.0
[INFO] [stderr]     Checking num-integer v0.1.47
[INFO] [stderr]     Checking base16ct v1.0.0
[INFO] [stderr]    Compiling multimap v0.10.1
[INFO] [stderr]     Checking scopeguard v1.2.0
[INFO] [stderr]     Checking lock_api v0.4.14
[INFO] [stderr]     Checking sec1 v0.8.1
[INFO] [stderr]     Checking axum-core v0.5.6
[INFO] [stderr]    Compiling protox-parse v0.10.0
[INFO] [stderr]    Compiling tonic-build v0.14.6
[INFO] [stderr]    Compiling tempfile v3.27.0
[INFO] [stderr]    Compiling prost-build v0.14.4
[INFO] [stderr]     Checking tower v0.5.3
[INFO] [stderr]     Checking hyper v1.12.0
[INFO] [stderr]    Compiling prost-reflect v0.16.5
[INFO] [stderr]    Compiling pin-project-internal v1.1.13
[INFO] [stderr]     Checking hkdf v0.13.0
[INFO] [stderr]    Compiling atk-sys v0.19.0
[INFO] [stderr]    Compiling gdk-pixbuf-sys v0.22.9
[INFO] [stderr]    Compiling cairo-sys-rs v0.22.9
[INFO] [stderr]    Compiling pango-sys v0.22.9
[INFO] [stderr]    Compiling gdk-sys v0.19.0
[INFO] [stderr]     Checking untrusted v0.7.1
[INFO] [stderr]     Checking minimal-lexical v0.2.1
[INFO] [stderr]     Checking axum v0.8.9
[INFO] [stderr]     Checking nom v7.1.3
[INFO] [stderr]    Compiling tonic-prost-build v0.14.6
[INFO] [stderr]     Checking hyper-util v0.1.21
[INFO] [stderr]     Checking pin-project v1.1.13
[INFO] [stderr]     Checking elliptic-curve v0.14.1
[INFO] [stderr]     Checking primefield v0.14.0
[INFO] [stderr]     Checking tokio-stream v0.1.19
[INFO] [stderr]    Compiling synstructure v0.13.2
[INFO] [stderr]     Checking glib v0.22.10
[INFO] [stderr]     Checking base64 v0.22.1
[INFO] [stderr]     Checking wnaf v0.14.1
[INFO] [stderr]    Compiling asn1-rs-derive v0.6.0
[INFO] [stderr]     Checking hyper-timeout v0.5.2
[INFO] [stderr]     Checking rfc6979 v0.6.0
[INFO] [stderr]    Compiling asn1-rs-impl v0.2.0
[INFO] [stderr]     Checking rusticata-macros v4.1.0
[INFO] [stderr]    Compiling displaydoc v0.2.7
[INFO] [stderr]    Compiling syn v1.0.109
[INFO] [stderr]     Checking data-encoding v2.11.1
[INFO] [stderr]     Checking ecdsa v0.17.0
[INFO] [stderr]     Checking primeorder v0.14.0
[INFO] [stderr]    Compiling protox v0.10.0
[INFO] [stderr]     Checking asn1-rs v0.7.2
[INFO] [stderr]    Compiling slog v2.8.2
[INFO] [stderr]    Compiling curve25519-dalek v5.0.0
[INFO] [stderr]     Checking chacha20 v0.10.2
[INFO] [stderr]    Compiling gtk-sys v0.19.0
[INFO] [stderr]    Compiling unicode-segmentation v1.13.3
[INFO] [stderr]     Checking hashbrown v0.14.5
[INFO] [stderr]    Compiling doc-comment v0.3.4
[INFO] [stderr]    Compiling oid-registry v0.8.1
[INFO] [stderr]    Compiling convert_case v0.10.0
[INFO] [stderr]     Checking dashmap v6.2.1
[INFO] [stderr]     Checking num-bigint v0.4.8
[INFO] [stderr]     Checking crypto-common v0.1.7
[INFO] [stderr]     Checking block-buffer v0.10.4
[INFO] [stderr]    Compiling toml_edit v0.25.16+spec-1.1.0
[INFO] [stderr]     Checking ssh-encoding v0.3.0
[INFO] [stderr]     Checking erased-serde v0.3.31
[INFO] [stderr]    Compiling wftpd-proto v3.0.8 (/opt/rustwide/workdir/proto)
[INFO] [stderr]     Checking tonic v0.14.6
[INFO] [stderr]    Compiling field-offset v0.3.6
[INFO] [stderr]    Compiling curve25519-dalek-derive v0.1.1
[INFO] [stderr]     Checking rustls-pki-types v1.15.1
[INFO] [stderr]     Checking keccak v0.2.2
[INFO] [stderr]    Compiling unicode-xid v0.2.6
[INFO] [stderr]    Compiling rustls v0.23.45
[INFO] [stderr]    Compiling portable-atomic v1.15.0
[INFO] [stderr]    Compiling crc32fast v1.5.2
[INFO] [stderr]     Checking untrusted v0.9.0
[INFO] [stderr]    Compiling crossbeam-epoch v0.9.21
[INFO] [stderr]    Compiling derive_more-impl v2.1.1
[INFO] [stderr]     Checking der-parser v10.0.0
[INFO] [stderr]     Checking blowfish v0.10.0
[INFO] [stderr]    Compiling proc-macro-crate v3.5.0
[INFO] [stderr]     Checking digest v0.10.7
[INFO] [stderr]     Checking tonic-prost v0.14.6
[INFO] [stderr]     Checking parking_lot v0.12.5
[INFO] [stderr]     Checking ed25519 v3.0.0
[INFO] [stderr]     Checking arc-swap v1.9.2
[INFO] [stderr]     Checking pkcs1 v0.8.0-rc.4
[INFO] [stderr]     Checking crypto-primes v0.7.2
[INFO] [stderr]     Checking poly1305 v0.9.1
[INFO] [stderr]    Compiling nix v0.30.1
[INFO] [stderr]    Compiling gtk v0.19.0
[INFO] [stderr]    Compiling prometheus v0.14.0
[INFO] [stderr]     Checking simd-adler32 v0.3.10
[INFO] [stderr]     Checking miniz_oxide v0.9.1
[INFO] [stderr]     Checking ssh-cipher v0.3.0
[INFO] [stderr]     Checking derive_more v2.1.1
[INFO] [stderr]     Checking ed25519-dalek v3.0.0
[INFO] [stderr]     Checking slog-scope v4.4.1
[INFO] [stderr]     Checking x509-parser v0.18.1
[INFO] [stderr]     Checking md-5 v0.10.6
[INFO] [stderr]    Compiling gtk3-macros v0.19.0
[INFO] [stderr]    Compiling snafu-derive v0.6.10
[INFO] [stderr]     Checking bcrypt-pbkdf v0.11.0
[INFO] [stderr]     Checking gio v0.22.10
[INFO] [stderr]     Checking cairo-rs v0.22.9
[INFO] [stderr]     Checking atk v0.19.0
[INFO] [stderr]     Checking rsa v0.10.0-rc.18
[INFO] [stderr]     Checking snafu v0.6.10
[INFO] [stderr]     Checking sha3 v0.11.0
[INFO] [stderr]     Checking rand v0.10.3
[INFO] [stderr]     Checking p256 v0.14.0
[INFO] [stderr]     Checking p521 v0.14.0
[INFO] [stderr]     Checking p384 v0.14.0
[INFO] [stderr]     Checking sha1 v0.11.0
[INFO] [stderr]     Checking kem v0.3.0
[INFO] [stderr]     Checking module-lattice v0.2.3
[INFO] [stderr]     Checking uuid v1.27.0
[INFO] [stderr]     Checking tagptr v0.2.0
[INFO] [stderr]     Checking sponge-cursor v0.1.0
[INFO] [stderr]     Checking hex v0.4.3
[INFO] [stderr]     Checking sha3 v0.12.0
[INFO] [stderr]     Checking moka v0.12.16
[INFO] [stderr]     Checking ml-kem v0.3.2
[INFO] [stderr]     Checking num-bigint v0.5.1
[INFO] [stderr]     Checking proxy-protocol v0.5.0
[INFO] [stderr]     Checking flate2 v1.1.10
[INFO] [stderr]     Checking unftp-core v0.1.0
[INFO] [stderr]     Checking slog-stdlog v4.1.1
[INFO] [stderr]     Checking russh-cryptovec v0.62.0
[INFO] [stderr]     Checking generic-array v1.4.5
[INFO] [stdout] error[E0493]: destructor of `ArrayBuilder<T, N>` cannot be evaluated at compile-time
[INFO] [stdout]    --> /opt/rustwide/cargo-home/registry/src/index.crates.io-1949cf8c6b5b557f/generic-array-1.4.5/src/internal.rs:103:31
[INFO] [stdout]     |
[INFO] [stdout] 103 |     pub unsafe fn assume_init(self) -> GenericArray<T, N> {
[INFO] [stdout]     |                               ^^^^ the destructor for this type cannot be evaluated in constant functions
[INFO] [stdout] ...
[INFO] [stdout] 109 |     }
[INFO] [stdout]     |     - value is dropped here
[INFO] [stdout] 
[INFO] [stdout] 
[INFO] [stdout] error[E0493]: destructor of `GenericArray<core::mem::MaybeUninit<*const T>, N>` cannot be evaluated at compile-time
[INFO] [stdout]    --> /opt/rustwide/cargo-home/registry/src/index.crates.io-1949cf8c6b5b557f/generic-array-1.4.5/src/lib.rs:983:13
[INFO] [stdout]     |
[INFO] [stdout] 983 |         let mut out: GenericArray<MaybeUninit<*const T>, N> = GenericArray::uninit();
[INFO] [stdout]     |             ^^^^^^^ the destructor for this type cannot be evaluated in constant functions
[INFO] [stdout] ...
[INFO] [stdout] 998 |     }
[INFO] [stdout]     |     - value is dropped here
[INFO] [stdout] 
[INFO] [stdout] 
[INFO] [stdout] error[E0493]: destructor of `GenericArray<core::mem::MaybeUninit<*mut T>, N>` cannot be evaluated at compile-time
[INFO] [stdout]     --> /opt/rustwide/cargo-home/registry/src/index.crates.io-1949cf8c6b5b557f/generic-array-1.4.5/src/lib.rs:1018:13
[INFO] [stdout]      |
[INFO] [stdout] 1018 |         let mut out: GenericArray<MaybeUninit<*mut T>, N> = GenericArray::uninit();
[INFO] [stdout]      |             ^^^^^^^ the destructor for this type cannot be evaluated in constant functions
[INFO] [stdout] ...
[INFO] [stdout] 1033 |     }
[INFO] [stdout]      |     - value is dropped here
[INFO] [stdout] 
[INFO] [stdout] 
[INFO] [stdout] For more information about this error, try `rustc --explain E0493`.
[INFO] [stdout] 
[INFO] [stderr] error: could not compile `generic-array` (lib) due to 3 previous errors
[INFO] [stderr] warning: build failed, waiting for other jobs to finish...
[INFO] running `Command { std: "docker" "inspect" "f85d1c2ecccf57f9b937a58d2e2962bbde3c27247f24ff3d7197bf140bad42a4", kill_on_drop: false }`
[INFO] running `Command { std: "docker" "rm" "-f" "f85d1c2ecccf57f9b937a58d2e2962bbde3c27247f24ff3d7197bf140bad42a4", kill_on_drop: false }`
[INFO] [stdout] f85d1c2ecccf57f9b937a58d2e2962bbde3c27247f24ff3d7197bf140bad42a4
