[INFO] cloning repository https://github.com/naoto256/ssh-mcp
[INFO] running `Command { std: "git" "-c" "credential.helper=" "-c" "credential.helper=/workspace/cargo-home/bin/git-credential-null" "clone" "--bare" "https://github.com/naoto256/ssh-mcp" "/workspace/cache/git-repos/https%3A%2F%2Fgithub.com%2Fnaoto256%2Fssh-mcp", kill_on_drop: false }`
[INFO] [stderr] Cloning into bare repository '/workspace/cache/git-repos/https%3A%2F%2Fgithub.com%2Fnaoto256%2Fssh-mcp'...
[INFO] running `Command { std: "git" "rev-parse" "HEAD", kill_on_drop: false }`
[INFO] [stdout] 1600e25cc202bb3dd0180949db108f962b613b44
[INFO] checking naoto256/ssh-mcp against c60b92c03ca8a3b101eb9d57f51e2232690638c7 for pr-164148-crater-rollup
[INFO] running `Command { std: "git" "clone" "/workspace/cache/git-repos/https%3A%2F%2Fgithub.com%2Fnaoto256%2Fssh-mcp" "/workspace/builds/worker-1-tc2/source", kill_on_drop: false }`
[INFO] [stderr] Cloning into '/workspace/builds/worker-1-tc2/source'...
[INFO] [stderr] done.
[INFO] started tweaking git repo https://github.com/naoto256/ssh-mcp
[INFO] finished tweaking git repo https://github.com/naoto256/ssh-mcp
[INFO] tweaked toml for git repo https://github.com/naoto256/ssh-mcp written to /workspace/builds/worker-1-tc2/source/Cargo.toml
[INFO] validating manifest of git repo https://github.com/naoto256/ssh-mcp on toolchain c60b92c03ca8a3b101eb9d57f51e2232690638c7
[INFO] running `Command { std: CARGO_HOME="/workspace/cargo-home" RUSTUP_HOME="/workspace/rustup-home" "/workspace/cargo-home/bin/cargo" "+c60b92c03ca8a3b101eb9d57f51e2232690638c7" "metadata" "--manifest-path" "Cargo.toml" "--no-deps", kill_on_drop: false }`
[INFO] crate git repo https://github.com/naoto256/ssh-mcp already has a lockfile, it will not be regenerated
[INFO] running `Command { std: CARGO_HOME="/workspace/cargo-home" RUSTUP_HOME="/workspace/rustup-home" "/workspace/cargo-home/bin/cargo" "+c60b92c03ca8a3b101eb9d57f51e2232690638c7" "fetch" "--manifest-path" "Cargo.toml", kill_on_drop: false }`
[INFO] [stderr] warning: `package.homepage` is redundant with `package.repository`
[INFO] [stderr]   --> Cargo.toml:45:12
[INFO] [stderr]    |
[INFO] [stderr] 45 | homepage = "https://github.com/naoto256/ssh-mcp"
[INFO] [stderr]    |            ^^^^^^^^^^^^^^^^^^^^^^^^^^^^^^^^^^^^^
[INFO] [stderr] ...
[INFO] [stderr] 50 | repository = "https://github.com/naoto256/ssh-mcp"
[INFO] [stderr]    |              -------------------------------------
[INFO] [stderr]    |
[INFO] [stderr]    = note: `cargo::redundant_homepage` is set to `warn` by default
[INFO] [stderr] help: consider removing `package.homepage`
[INFO] [stderr] warning: `ssh-mcp` (manifest) generated 1 warning
[INFO] running `Command { std: "docker" "create" "-v" "/var/lib/crater-agent-workspace/builds/worker-1-tc2/source:/opt/rustwide/workdir:ro,Z" "-v" "/var/lib/crater-agent-workspace/builds/worker-1-tc2/target:/opt/rustwide/target:rw,Z" "-v" "/var/lib/crater-agent-workspace/cargo-home:/opt/rustwide/cargo-home:ro,Z" "-v" "/var/lib/crater-agent-workspace/rustup-home:/opt/rustwide/rustup-home:ro,Z" "-m" "1610612736" "--network" "none" "ghcr.io/rust-lang/crates-build-env/linux@sha256:77db811e55d90add9212f6832c23229e3de5f1c1f9905e8cb07319ea15df73ac" "sleep" "infinity", kill_on_drop: false }`
[INFO] [stdout] 897c63ddc3b576a2e9a3dda219c7610f2176627e5ea54dd0d4080e802d87006e
[INFO] running `Command { std: "docker" "start" "897c63ddc3b576a2e9a3dda219c7610f2176627e5ea54dd0d4080e802d87006e", kill_on_drop: false }`
[INFO] running `Command { std: "docker" "inspect" "897c63ddc3b576a2e9a3dda219c7610f2176627e5ea54dd0d4080e802d87006e", kill_on_drop: false }`
[INFO] running `Command { std: "docker" "exec" "-e" "SOURCE_DIR=/opt/rustwide/workdir" "-e" "CARGO_HOME=/opt/rustwide/cargo-home" "-e" "RUSTUP_HOME=/opt/rustwide/rustup-home" "-e" "CARGO_TARGET_DIR=/opt/rustwide/target" "-w" "/opt/rustwide/workdir" "--user" "0:0" "897c63ddc3b576a2e9a3dda219c7610f2176627e5ea54dd0d4080e802d87006e" "/opt/rustwide/cargo-home/bin/cargo" "+c60b92c03ca8a3b101eb9d57f51e2232690638c7" "metadata" "--no-deps" "--format-version=1", kill_on_drop: false }`
[INFO] running `Command { std: "docker" "inspect" "897c63ddc3b576a2e9a3dda219c7610f2176627e5ea54dd0d4080e802d87006e", kill_on_drop: false }`
[INFO] running `Command { std: "docker" "exec" "-e" "SOURCE_DIR=/opt/rustwide/workdir" "-e" "CARGO_HOME=/opt/rustwide/cargo-home" "-e" "RUSTUP_HOME=/opt/rustwide/rustup-home" "-e" "CARGO_TARGET_DIR=/opt/rustwide/target" "-e" "CARGO_INCREMENTAL=0" "-e" "RUST_BACKTRACE=full" "-e" "RUSTFLAGS=--cap-lints=forbid" "-e" "RUSTDOCFLAGS=--cap-lints=forbid" "-w" "/opt/rustwide/workdir" "--user" "0:0" "897c63ddc3b576a2e9a3dda219c7610f2176627e5ea54dd0d4080e802d87006e" "/opt/rustwide/cargo-home/bin/cargo" "+c60b92c03ca8a3b101eb9d57f51e2232690638c7" "check" "--frozen" "--all" "--all-targets" "--message-format=json", kill_on_drop: false }`
[INFO] [stderr] warning: `package.homepage` is redundant with `package.repository`
[INFO] [stderr]   --> Cargo.toml:45:12
[INFO] [stderr]    |
[INFO] [stderr] 45 | homepage = "https://github.com/naoto256/ssh-mcp"
[INFO] [stderr]    |            ^^^^^^^^^^^^^^^^^^^^^^^^^^^^^^^^^^^^^
[INFO] [stderr] ...
[INFO] [stderr] 50 | repository = "https://github.com/naoto256/ssh-mcp"
[INFO] [stderr]    |              -------------------------------------
[INFO] [stderr]    |
[INFO] [stderr]    = note: `cargo::redundant_homepage` is set to `warn` by default
[INFO] [stderr] help: consider removing `package.homepage`
[INFO] [stderr] warning: `ssh-mcp` (manifest) generated 1 warning
[INFO] [stderr]     Checking typenum v1.20.0
[INFO] [stderr]     Checking zeroize v1.8.2
[INFO] [stderr]     Checking subtle v2.6.1
[INFO] [stderr]     Checking cmov v0.5.3
[INFO] [stderr]     Checking cpubits v0.1.1
[INFO] [stderr]     Checking pem-rfc7468 v1.0.0
[INFO] [stderr]    Compiling libc v0.2.186
[INFO] [stderr]     Checking base16ct v1.0.0
[INFO] [stderr]     Checking getrandom v0.4.2
[INFO] [stderr]    Compiling num-traits v0.2.19
[INFO] [stderr]    Compiling syn v2.0.117
[INFO] [stderr]     Checking errno v0.3.14
[INFO] [stderr]    Compiling libm v0.2.16
[INFO] [stderr]    Compiling curve25519-dalek v5.0.0-pre.6
[INFO] [stderr]    Compiling serde_core v1.0.228
[INFO] [stderr]    Compiling nix v0.31.3
[INFO] [stderr]    Compiling ref-cast v1.0.25
[INFO] [stderr]    Compiling serde_json v1.0.150
[INFO] [stderr]     Checking signal-hook-registry v1.4.8
[INFO] [stderr]     Checking getrandom v0.3.4
[INFO] [stderr]     Checking rustcrypto-ff v0.14.0-rc.1
[INFO] [stderr]     Checking keccak v0.2.0
[INFO] [stderr]     Checking der v0.8.0
[INFO] [stderr]     Checking fiat-crypto v0.3.0
[INFO] [stderr]    Compiling aws-lc-rs v1.17.0
[INFO] [stderr]     Checking winnow v1.0.3
[INFO] [stderr]     Checking ctutils v0.4.2
[INFO] [stderr]     Checking rand_core v0.9.5
[INFO] [stderr]     Checking rustcrypto-group v0.14.0-rc.1
[INFO] [stderr]     Checking regex-automata v0.4.14
[INFO] [stderr]     Checking toml_writer v1.1.1+spec-1.1.0
[INFO] [stderr]    Compiling rmcp v1.7.0
[INFO] [stderr]     Checking hex v0.4.3
[INFO] [stderr]     Checking rand_chacha v0.9.0
[INFO] [stderr]     Checking toml_parser v1.1.2+spec-1.1.0
[INFO] [stderr]     Checking xattr v1.6.1
[INFO] [stderr]     Checking serde_spanned v1.1.1
[INFO] [stderr]     Checking toml_datetime v1.1.1+spec-1.1.0
[INFO] [stderr]     Checking bstr v1.12.1
[INFO] [stderr]     Checking filetime v0.2.29
[INFO] [stderr]     Checking getrandom v0.2.17
[INFO] [stderr]     Checking toml_datetime v0.7.5+spec-1.1.0
[INFO] [stderr]     Checking hex-literal v1.1.0
[INFO] [stderr]     Checking data-encoding v2.11.0
[INFO] [stderr]     Checking md5 v0.7.0
[INFO] [stderr]    Compiling pastey v0.2.3
[INFO] [stderr]     Checking tar v0.4.46
[INFO] [stderr]     Checking toml v1.1.2+spec-1.1.0
[INFO] [stderr]     Checking toml_edit v0.23.10+spec-1.0.0
[INFO] [stderr]     Checking tempfile v3.27.0
[INFO] [stderr]     Checking num-integer v0.1.46
[INFO] [stderr]     Checking rand v0.9.4
[INFO] [stderr]     Checking jiff v0.2.24
[INFO] [stderr]     Checking num-bigint v0.4.6
[INFO] [stderr]    Compiling jobserver v0.1.34
[INFO] [stderr]     Checking spki v0.8.0
[INFO] [stderr]     Checking pkcs1 v0.8.0-rc.4
[INFO] [stderr]    Compiling cc v1.2.62
[INFO] [stderr]     Checking hybrid-array v0.4.12
[INFO] [stderr]     Checking generic-array v0.14.7
[INFO] [stderr]     Checking crypto-common v0.1.7
[INFO] [stderr]     Checking block-buffer v0.10.4
[INFO] [stderr]     Checking block-padding v0.3.3
[INFO] [stderr]     Checking generic-array v1.4.1
[INFO] [stderr]     Checking inout v0.1.4
[INFO] [stderr]     Checking digest v0.10.7
[INFO] [stderr]    Compiling cmake v0.1.58
[INFO] [stderr]     Checking sha2 v0.10.9
[INFO] [stdout] error[E0493]: destructor of `ArrayBuilder<T, N>` cannot be evaluated at compile-time
[INFO] [stdout]    --> /opt/rustwide/cargo-home/registry/src/index.crates.io-1949cf8c6b5b557f/generic-array-1.4.1/src/internal.rs:103:31
[INFO] [stdout]     |
[INFO] [stdout] 103 |     pub unsafe fn assume_init(self) -> GenericArray<T, N> {
[INFO] [stdout]     |                               ^^^^ the destructor for this type cannot be evaluated in constant functions
[INFO] [stdout] ...
[INFO] [stdout] 109 |     }
[INFO] [stdout]     |     - value is dropped here
[INFO] [stdout] 
[INFO] [stdout] 
[INFO] [stdout] error[E0493]: destructor of `GenericArray<core::mem::MaybeUninit<*const T>, N>` cannot be evaluated at compile-time
[INFO] [stdout]    --> /opt/rustwide/cargo-home/registry/src/index.crates.io-1949cf8c6b5b557f/generic-array-1.4.1/src/lib.rs:970:13
[INFO] [stdout]     |
[INFO] [stdout] 970 |         let mut out: GenericArray<MaybeUninit<*const T>, N> = GenericArray::uninit();
[INFO] [stdout]     |             ^^^^^^^ the destructor for this type cannot be evaluated in constant functions
[INFO] [stdout] ...
[INFO] [stdout] 985 |     }
[INFO] [stdout]     |     - value is dropped here
[INFO] [stdout] 
[INFO] [stdout] 
[INFO] [stdout] error[E0493]: destructor of `GenericArray<core::mem::MaybeUninit<*mut T>, N>` cannot be evaluated at compile-time
[INFO] [stdout]     --> /opt/rustwide/cargo-home/registry/src/index.crates.io-1949cf8c6b5b557f/generic-array-1.4.1/src/lib.rs:1005:13
[INFO] [stdout]      |
[INFO] [stdout] 1005 |         let mut out: GenericArray<MaybeUninit<*mut T>, N> = GenericArray::uninit();
[INFO] [stdout]      |             ^^^^^^^ the destructor for this type cannot be evaluated in constant functions
[INFO] [stdout] ...
[INFO] [stdout] 1020 |     }
[INFO] [stdout]      |     - value is dropped here
[INFO] [stdout] 
[INFO] [stdout] 
[INFO] [stdout] For more information about this error, try `rustc --explain E0493`.
[INFO] [stdout] 
[INFO] [stderr] error: could not compile `generic-array` (lib) due to 3 previous errors
[INFO] [stderr] warning: build failed, waiting for other jobs to finish...
[INFO] running `Command { std: "docker" "inspect" "897c63ddc3b576a2e9a3dda219c7610f2176627e5ea54dd0d4080e802d87006e", kill_on_drop: false }`
[INFO] running `Command { std: "docker" "rm" "-f" "897c63ddc3b576a2e9a3dda219c7610f2176627e5ea54dd0d4080e802d87006e", kill_on_drop: false }`
[INFO] [stdout] 897c63ddc3b576a2e9a3dda219c7610f2176627e5ea54dd0d4080e802d87006e
