[INFO] cloning repository https://github.com/nadimrafi/zyguor-ai-soc-assistant
[INFO] running `Command { std: "git" "-c" "credential.helper=" "-c" "credential.helper=/workspace/cargo-home/bin/git-credential-null" "clone" "--bare" "https://github.com/nadimrafi/zyguor-ai-soc-assistant" "/workspace/cache/git-repos/https%3A%2F%2Fgithub.com%2Fnadimrafi%2Fzyguor-ai-soc-assistant", kill_on_drop: false }`
[INFO] [stderr] Cloning into bare repository '/workspace/cache/git-repos/https%3A%2F%2Fgithub.com%2Fnadimrafi%2Fzyguor-ai-soc-assistant'...
[INFO] running `Command { std: "git" "rev-parse" "HEAD", kill_on_drop: false }`
[INFO] [stdout] 43c7655210a4f16f3e82b080d4cdf3e9d8be36f6
[INFO] checking nadimrafi/zyguor-ai-soc-assistant against c60b92c03ca8a3b101eb9d57f51e2232690638c7 for pr-164148-crater-rollup
[INFO] running `Command { std: "git" "clone" "/workspace/cache/git-repos/https%3A%2F%2Fgithub.com%2Fnadimrafi%2Fzyguor-ai-soc-assistant" "/workspace/builds/worker-4-tc2/source", kill_on_drop: false }`
[INFO] [stderr] Cloning into '/workspace/builds/worker-4-tc2/source'...
[INFO] [stderr] done.
[INFO] started tweaking git repo https://github.com/nadimrafi/zyguor-ai-soc-assistant
[INFO] finished tweaking git repo https://github.com/nadimrafi/zyguor-ai-soc-assistant
[INFO] tweaked toml for git repo https://github.com/nadimrafi/zyguor-ai-soc-assistant written to /workspace/builds/worker-4-tc2/source/Cargo.toml
[INFO] validating manifest of git repo https://github.com/nadimrafi/zyguor-ai-soc-assistant on toolchain c60b92c03ca8a3b101eb9d57f51e2232690638c7
[INFO] running `Command { std: CARGO_HOME="/workspace/cargo-home" RUSTUP_HOME="/workspace/rustup-home" "/workspace/cargo-home/bin/cargo" "+c60b92c03ca8a3b101eb9d57f51e2232690638c7" "metadata" "--manifest-path" "Cargo.toml" "--no-deps", kill_on_drop: false }`
[INFO] crate git repo https://github.com/nadimrafi/zyguor-ai-soc-assistant already has a lockfile, it will not be regenerated
[INFO] running `Command { std: CARGO_HOME="/workspace/cargo-home" RUSTUP_HOME="/workspace/rustup-home" "/workspace/cargo-home/bin/cargo" "+c60b92c03ca8a3b101eb9d57f51e2232690638c7" "fetch" "--manifest-path" "Cargo.toml", kill_on_drop: false }`
[INFO] running `Command { std: "docker" "create" "-v" "/var/lib/crater-agent-workspace/builds/worker-4-tc2/source:/opt/rustwide/workdir:ro,Z" "-v" "/var/lib/crater-agent-workspace/builds/worker-4-tc2/target:/opt/rustwide/target:rw,Z" "-v" "/var/lib/crater-agent-workspace/cargo-home:/opt/rustwide/cargo-home:ro,Z" "-v" "/var/lib/crater-agent-workspace/rustup-home:/opt/rustwide/rustup-home:ro,Z" "-m" "1610612736" "--network" "none" "ghcr.io/rust-lang/crates-build-env/linux@sha256:77db811e55d90add9212f6832c23229e3de5f1c1f9905e8cb07319ea15df73ac" "sleep" "infinity", kill_on_drop: false }`
[INFO] [stdout] 8744625738c43a623a22b45079ddc9b71bd62dd4b94e075c61d6f82f0f376c53
[INFO] running `Command { std: "docker" "start" "8744625738c43a623a22b45079ddc9b71bd62dd4b94e075c61d6f82f0f376c53", kill_on_drop: false }`
[INFO] running `Command { std: "docker" "inspect" "8744625738c43a623a22b45079ddc9b71bd62dd4b94e075c61d6f82f0f376c53", kill_on_drop: false }`
[INFO] running `Command { std: "docker" "exec" "-e" "SOURCE_DIR=/opt/rustwide/workdir" "-e" "CARGO_HOME=/opt/rustwide/cargo-home" "-e" "RUSTUP_HOME=/opt/rustwide/rustup-home" "-e" "CARGO_TARGET_DIR=/opt/rustwide/target" "-w" "/opt/rustwide/workdir" "--user" "0:0" "8744625738c43a623a22b45079ddc9b71bd62dd4b94e075c61d6f82f0f376c53" "/opt/rustwide/cargo-home/bin/cargo" "+c60b92c03ca8a3b101eb9d57f51e2232690638c7" "metadata" "--no-deps" "--format-version=1", kill_on_drop: false }`
[INFO] running `Command { std: "docker" "inspect" "8744625738c43a623a22b45079ddc9b71bd62dd4b94e075c61d6f82f0f376c53", kill_on_drop: false }`
[INFO] running `Command { std: "docker" "exec" "-e" "SOURCE_DIR=/opt/rustwide/workdir" "-e" "CARGO_HOME=/opt/rustwide/cargo-home" "-e" "RUSTUP_HOME=/opt/rustwide/rustup-home" "-e" "CARGO_TARGET_DIR=/opt/rustwide/target" "-e" "CARGO_INCREMENTAL=0" "-e" "RUST_BACKTRACE=full" "-e" "RUSTFLAGS=--cap-lints=forbid" "-e" "RUSTDOCFLAGS=--cap-lints=forbid" "-w" "/opt/rustwide/workdir" "--user" "0:0" "8744625738c43a623a22b45079ddc9b71bd62dd4b94e075c61d6f82f0f376c53" "/opt/rustwide/cargo-home/bin/cargo" "+c60b92c03ca8a3b101eb9d57f51e2232690638c7" "check" "--frozen" "--all" "--all-targets" "--message-format=json", kill_on_drop: false }`
[INFO] [stderr]    Compiling find-msvc-tools v0.1.10
[INFO] [stderr]     Checking futures-core v0.3.33
[INFO] [stderr]    Compiling zerovec-derive v0.11.3
[INFO] [stderr]     Checking hybrid-array v0.4.14
[INFO] [stderr]     Checking serde v1.0.229
[INFO] [stderr]    Compiling displaydoc v0.2.7
[INFO] [stderr]    Compiling tokio-macros v2.7.2
[INFO] [stderr]    Compiling fst v0.4.7
[INFO] [stderr]    Compiling cc v1.4.2
[INFO] [stderr]    Compiling serde_core v1.0.229
[INFO] [stderr]    Compiling proc-macro2-diagnostics v0.10.1
[INFO] [stderr]    Compiling aws-lc-rs v1.18.0
[INFO] [stderr]     Checking tinyvec v1.12.0
[INFO] [stderr]    Compiling pathfinder_simd v0.5.6
[INFO] [stderr]     Checking futures-sink v0.3.33
[INFO] [stderr]     Checking zerotrie v0.2.4
[INFO] [stderr]     Checking smallvec v1.15.2
[INFO] [stderr]    Compiling unicode-joining-type v1.0.0
[INFO] [stderr]     Checking futures-task v0.3.33
[INFO] [stderr]     Checking crypto-common v0.2.2
[INFO] [stderr]     Checking parking_lot_core v0.9.12
[INFO] [stderr]     Checking block-padding v0.4.2
[INFO] [stderr]    Compiling unicode-canonical-combining-class v1.0.0
[INFO] [stderr]     Checking inout v0.2.2
[INFO] [stderr]     Checking futures-util v0.3.33
[INFO] [stderr]     Checking parking_lot v0.12.5
[INFO] [stderr]    Compiling ouroboros_macro v0.18.5
[INFO] [stderr]     Checking zerovec v0.11.6
[INFO] [stderr]     Checking tokio v1.53.1
[INFO] [stderr]    Compiling cmake v0.1.58
[INFO] [stderr]     Checking alloc-stdlib v0.2.4
[INFO] [stderr]     Checking flate2 v1.1.9
[INFO] [stderr]     Checking tinystr v0.8.3
[INFO] [stderr]     Checking icu_locale_core v2.2.0
[INFO] [stderr]     Checking potential_utf v0.1.5
[INFO] [stderr]     Checking icu_collections v2.2.0
[INFO] [stderr]    Compiling aws-lc-sys v0.44.0
[INFO] [stderr]    Compiling enumflags2_derive v0.7.12
[INFO] [stderr]    Compiling rustls v0.23.43
[INFO] [stderr]    Compiling libm v0.2.16
[INFO] [stderr]     Checking ouroboros v0.18.5
[INFO] [stderr]     Checking icu_provider v2.2.0
[INFO] [stderr]     Checking pathfinder_geometry v0.5.1
[INFO] [stderr]     Checking enumflags2 v0.7.12
[INFO] [stderr]     Checking brotli-decompressor v5.0.3
[INFO] [stderr]     Checking icu_properties v2.2.0
[INFO] [stderr]     Checking icu_normalizer v2.2.0
[INFO] [stderr]     Checking cipher v0.5.2
[INFO] [stderr]     Checking block-buffer v0.12.1
[INFO] [stderr]     Checking sync_wrapper v1.0.2
[INFO] [stderr]     Checking futures-channel v0.3.33
[INFO] [stderr]    Compiling slotmap v1.1.1
[INFO] [stderr]    Compiling pocket-resources v0.3.2
[INFO] [stderr]     Checking ucd-trie v0.1.7
[INFO] [stderr]     Checking glyph-names v0.2.0
[INFO] [stderr]    Compiling mime_guess v2.0.5
[INFO] [stderr]     Checking digest v0.11.3
[INFO] [stderr]     Checking allsorts-azul v0.17.2
[INFO] [stderr]     Checking unicode-normalization v0.1.25
[INFO] [stderr]     Checking http-body-util v0.1.4
[INFO] [stderr]    Compiling bincode v1.3.3
[INFO] [stderr]    Compiling hyphenation_commons v0.8.4
[INFO] [stderr]     Checking idna_adapter v1.2.2
[INFO] [stderr]    Compiling thiserror-impl v2.0.20
[INFO] [stderr]     Checking mmapio v0.9.1
[INFO] [stderr]     Checking xmlparser v0.13.6
[INFO] [stderr]     Checking azul-simplecss v0.2.0
[INFO] [stderr]     Checking idna v1.1.0
[INFO] [stderr]    Compiling hyphenation v0.8.4
[INFO] [stderr]     Checking azul-css v0.0.13
[INFO] [stderr]     Checking gl-context-loader v0.1.10
[INFO] [stderr]     Checking zune-core v0.5.3
[INFO] [stderr]     Checking grid v1.0.1
[INFO] [stderr]     Checking thiserror v2.0.20
[INFO] [stderr]     Checking pxfm v0.1.30
[INFO] [stderr]     Checking aes v0.9.2
[INFO] [stderr]     Checking zune-jpeg v0.5.15
[INFO] [stderr]     Checking taffy v0.10.1
[INFO] [stderr]     Checking rustls-native-certs v0.8.4
[INFO] [stderr]     Checking stringprep v0.1.5
[INFO] [stderr]     Checking rand v0.10.2
[INFO] [stderr]     Checking url v2.5.8
[INFO] [stderr]     Checking sha2 v0.11.0
[INFO] [stderr]     Checking md-5 v0.11.0
[INFO] [stderr]     Checking ecb v0.2.0
[INFO] [stderr]     Checking cbc v0.2.1
[INFO] [stderr]     Checking roxmltree v0.21.1
[INFO] [stderr]     Checking nom v8.0.0
[INFO] [stderr]     Checking xmlwriter v0.1.0
[INFO] [stderr]     Checking bytemuck v1.25.2
[INFO] [stderr]     Checking lru v0.16.4
[INFO] [stderr]     Checking weezl v0.2.1
[INFO] [stderr]     Checking byteorder-lite v0.1.0
[INFO] [stderr]     Checking time v0.3.55
[INFO] [stderr]     Checking serde_urlencoded v0.7.1
[INFO] [stderr]     Checking axum-core v0.5.6
[INFO] [stderr]     Checking tracing-subscriber v0.3.23
[INFO] [stderr]     Checking tokio-util v0.7.19
[INFO] [stderr]     Checking tower v0.5.3
[INFO] [stderr]     Checking moxcms v0.8.1
[INFO] [stderr]     Checking h2 v0.4.15
[INFO] [stderr]     Checking tower-http v0.6.11
[INFO] [stderr]     Checking rust-fontconfig v4.4.11
[INFO] [stderr]     Checking lopdf v0.44.0
[INFO] [stderr]     Checking image v0.25.10
[INFO] [stderr]     Checking azul-core v0.0.13
[INFO] [stderr]     Checking hyper v1.11.0
[INFO] [stderr]     Checking hyper-util v0.1.20
[INFO] [stderr]     Checking axum v0.8.9
[INFO] [stdout] error[E0493]: destructor of `NodeData` cannot be evaluated at compile-time
[INFO] [stdout]     --> /opt/rustwide/cargo-home/registry/src/index.crates.io-1949cf8c6b5b557f/azul-core-0.0.13/src/dom.rs:2946:45
[INFO] [stdout]      |
[INFO] [stdout] 2946 |     #[must_use] pub const fn with_tab_index(mut self, tab_index: TabIndex) -> Self {
[INFO] [stdout]      |                                             ^^^^^^^^ the destructor for this type cannot be evaluated in constant functions
[INFO] [stdout] ...
[INFO] [stdout] 2949 |     }
[INFO] [stdout]      |     - value is dropped here
[INFO] [stdout] 
[INFO] [stdout] 
[INFO] [stdout] error[E0493]: destructor of `NodeData` cannot be evaluated at compile-time
[INFO] [stdout]     --> /opt/rustwide/cargo-home/registry/src/index.crates.io-1949cf8c6b5b557f/azul-core-0.0.13/src/dom.rs:2951:51
[INFO] [stdout]      |
[INFO] [stdout] 2951 |     #[must_use] pub const fn with_contenteditable(mut self, contenteditable: bool) -> Self {
[INFO] [stdout]      |                                                   ^^^^^^^^ the destructor for this type cannot be evaluated in constant functions
[INFO] [stdout] ...
[INFO] [stdout] 2954 |     }
[INFO] [stdout]      |     - value is dropped here
[INFO] [stdout] 
[INFO] [stdout] 
[INFO] [stdout] error[E0493]: destructor of `NodeData` cannot be evaluated at compile-time
[INFO] [stdout]     --> /opt/rustwide/cargo-home/registry/src/index.crates.io-1949cf8c6b5b557f/azul-core-0.0.13/src/dom.rs:3095:13
[INFO] [stdout]      |
[INFO] [stdout] 3095 |         let mut s = Self::create_div();
[INFO] [stdout]      |             ^^^^^ the destructor for this type cannot be evaluated in constant functions
[INFO] [stdout] ...
[INFO] [stdout] 3098 |     }
[INFO] [stdout]      |     - value is dropped here
[INFO] [stdout] 
[INFO] [stdout] 
[INFO] [stdout] error[E0493]: destructor of `Dom` cannot be evaluated at compile-time
[INFO] [stdout]     --> /opt/rustwide/cargo-home/registry/src/index.crates.io-1949cf8c6b5b557f/azul-core-0.0.13/src/dom.rs:5801:13
[INFO] [stdout]      |
[INFO] [stdout] 5801 |         let mut s = Self {
[INFO] [stdout]      |             ^^^^^ the destructor for this type cannot be evaluated in constant functions
[INFO] [stdout] ...
[INFO] [stdout] 5809 |     }
[INFO] [stdout]      |     - value is dropped here
[INFO] [stdout] 
[INFO] [stdout] 
[INFO] [stdout] error[E0493]: destructor of `Dom` cannot be evaluated at compile-time
[INFO] [stdout]     --> /opt/rustwide/cargo-home/registry/src/index.crates.io-1949cf8c6b5b557f/azul-core-0.0.13/src/dom.rs:5982:45
[INFO] [stdout]      |
[INFO] [stdout] 5982 |     #[must_use] pub const fn with_tab_index(mut self, tab_index: TabIndex) -> Self {
[INFO] [stdout]      |                                             ^^^^^^^^ the destructor for this type cannot be evaluated in constant functions
[INFO] [stdout] ...
[INFO] [stdout] 5985 |     }
[INFO] [stdout]      |     - value is dropped here
[INFO] [stdout] 
[INFO] [stdout] 
[INFO] [stdout] error[E0493]: destructor of `Dom` cannot be evaluated at compile-time
[INFO] [stdout]     --> /opt/rustwide/cargo-home/registry/src/index.crates.io-1949cf8c6b5b557f/azul-core-0.0.13/src/dom.rs:5987:51
[INFO] [stdout]      |
[INFO] [stdout] 5987 |     #[must_use] pub const fn with_contenteditable(mut self, contenteditable: bool) -> Self {
[INFO] [stdout]      |                                                   ^^^^^^^^ the destructor for this type cannot be evaluated in constant functions
[INFO] [stdout] ...
[INFO] [stdout] 5990 |     }
[INFO] [stdout]      |     - value is dropped here
[INFO] [stdout] 
[INFO] [stdout] 
[INFO] [stdout] For more information about this error, try `rustc --explain E0493`.
[INFO] [stdout] 
[INFO] [stderr] error: could not compile `azul-core` (lib) due to 6 previous errors
[INFO] [stderr] warning: build failed, waiting for other jobs to finish...
[INFO] running `Command { std: "docker" "inspect" "8744625738c43a623a22b45079ddc9b71bd62dd4b94e075c61d6f82f0f376c53", kill_on_drop: false }`
[INFO] running `Command { std: "docker" "rm" "-f" "8744625738c43a623a22b45079ddc9b71bd62dd4b94e075c61d6f82f0f376c53", kill_on_drop: false }`
[INFO] [stdout] 8744625738c43a623a22b45079ddc9b71bd62dd4b94e075c61d6f82f0f376c53
