[INFO] cloning repository https://github.com/mkxl/prism
[INFO] running `Command { std: "git" "-c" "credential.helper=" "-c" "credential.helper=/workspace/cargo-home/bin/git-credential-null" "clone" "--bare" "https://github.com/mkxl/prism" "/workspace/cache/git-repos/https%3A%2F%2Fgithub.com%2Fmkxl%2Fprism", kill_on_drop: false }`
[INFO] [stderr] Cloning into bare repository '/workspace/cache/git-repos/https%3A%2F%2Fgithub.com%2Fmkxl%2Fprism'...
[INFO] running `Command { std: "git" "rev-parse" "HEAD", kill_on_drop: false }`
[INFO] [stdout] 26f1b74651d6a199dee79948a8ff436be75f92e6
[INFO] checking mkxl/prism against c60b92c03ca8a3b101eb9d57f51e2232690638c7 for pr-164148-crater-rollup
[INFO] running `Command { std: "git" "clone" "/workspace/cache/git-repos/https%3A%2F%2Fgithub.com%2Fmkxl%2Fprism" "/workspace/builds/worker-1-tc2/source", kill_on_drop: false }`
[INFO] [stderr] Cloning into '/workspace/builds/worker-1-tc2/source'...
[INFO] [stderr] done.
[INFO] removed /workspace/builds/worker-1-tc2/source/rust-toolchain.toml
[INFO] started tweaking git repo https://github.com/mkxl/prism
[INFO] finished tweaking git repo https://github.com/mkxl/prism
[INFO] tweaked toml for git repo https://github.com/mkxl/prism written to /workspace/builds/worker-1-tc2/source/Cargo.toml
[INFO] validating manifest of git repo https://github.com/mkxl/prism on toolchain c60b92c03ca8a3b101eb9d57f51e2232690638c7
[INFO] running `Command { std: CARGO_HOME="/workspace/cargo-home" RUSTUP_HOME="/workspace/rustup-home" "/workspace/cargo-home/bin/cargo" "+c60b92c03ca8a3b101eb9d57f51e2232690638c7" "metadata" "--manifest-path" "Cargo.toml" "--no-deps", kill_on_drop: false }`
[INFO] crate git repo https://github.com/mkxl/prism already has a lockfile, it will not be regenerated
[INFO] running `Command { std: CARGO_HOME="/workspace/cargo-home" RUSTUP_HOME="/workspace/rustup-home" "/workspace/cargo-home/bin/cargo" "+c60b92c03ca8a3b101eb9d57f51e2232690638c7" "fetch" "--manifest-path" "Cargo.toml", kill_on_drop: false }`
[INFO] [stderr]     Blocking waiting for file lock on package cache
[INFO] running `Command { std: "docker" "create" "-v" "/var/lib/crater-agent-workspace/builds/worker-1-tc2/source:/opt/rustwide/workdir:ro,Z" "-v" "/var/lib/crater-agent-workspace/builds/worker-1-tc2/target:/opt/rustwide/target:rw,Z" "-v" "/var/lib/crater-agent-workspace/cargo-home:/opt/rustwide/cargo-home:ro,Z" "-v" "/var/lib/crater-agent-workspace/rustup-home:/opt/rustwide/rustup-home:ro,Z" "-m" "1610612736" "--network" "none" "ghcr.io/rust-lang/crates-build-env/linux@sha256:77db811e55d90add9212f6832c23229e3de5f1c1f9905e8cb07319ea15df73ac" "sleep" "infinity", kill_on_drop: false }`
[INFO] [stdout] cf14ff87fffbe5062440b40f501a98615b24561b401a08c1c1c07457a258fa5e
[INFO] running `Command { std: "docker" "start" "cf14ff87fffbe5062440b40f501a98615b24561b401a08c1c1c07457a258fa5e", kill_on_drop: false }`
[INFO] running `Command { std: "docker" "inspect" "cf14ff87fffbe5062440b40f501a98615b24561b401a08c1c1c07457a258fa5e", kill_on_drop: false }`
[INFO] running `Command { std: "docker" "exec" "-e" "SOURCE_DIR=/opt/rustwide/workdir" "-e" "CARGO_HOME=/opt/rustwide/cargo-home" "-e" "RUSTUP_HOME=/opt/rustwide/rustup-home" "-e" "CARGO_TARGET_DIR=/opt/rustwide/target" "-w" "/opt/rustwide/workdir" "--user" "0:0" "cf14ff87fffbe5062440b40f501a98615b24561b401a08c1c1c07457a258fa5e" "/opt/rustwide/cargo-home/bin/cargo" "+c60b92c03ca8a3b101eb9d57f51e2232690638c7" "metadata" "--no-deps" "--format-version=1", kill_on_drop: false }`
[INFO] running `Command { std: "docker" "inspect" "cf14ff87fffbe5062440b40f501a98615b24561b401a08c1c1c07457a258fa5e", kill_on_drop: false }`
[INFO] running `Command { std: "docker" "exec" "-e" "SOURCE_DIR=/opt/rustwide/workdir" "-e" "CARGO_HOME=/opt/rustwide/cargo-home" "-e" "RUSTUP_HOME=/opt/rustwide/rustup-home" "-e" "CARGO_TARGET_DIR=/opt/rustwide/target" "-e" "CARGO_INCREMENTAL=0" "-e" "RUST_BACKTRACE=full" "-e" "RUSTFLAGS=--cap-lints=forbid" "-e" "RUSTDOCFLAGS=--cap-lints=forbid" "-w" "/opt/rustwide/workdir" "--user" "0:0" "cf14ff87fffbe5062440b40f501a98615b24561b401a08c1c1c07457a258fa5e" "/opt/rustwide/cargo-home/bin/cargo" "+c60b92c03ca8a3b101eb9d57f51e2232690638c7" "check" "--frozen" "--all" "--all-targets" "--message-format=json", kill_on_drop: false }`
[INFO] [stderr]    Compiling syn v2.0.119
[INFO] [stderr]    Compiling libc v0.2.189
[INFO] [stderr]    Compiling serde_core v1.0.229
[INFO] [stderr]    Compiling typeid v1.0.3
[INFO] [stderr]    Compiling erased-serde v0.4.10
[INFO] [stderr]     Checking either v1.17.0
[INFO] [stderr]     Checking memchr v2.8.3
[INFO] [stderr]    Compiling rustversion v1.0.23
[INFO] [stderr]    Compiling num-traits v0.2.19
[INFO] [stderr]     Checking futures-core v0.3.33
[INFO] [stderr]    Compiling thiserror-impl v2.0.19
[INFO] [stderr]     Checking hashbrown v0.17.1
[INFO] [stderr]    Compiling siphasher v1.0.3
[INFO] [stderr]    Compiling zmij v1.0.23
[INFO] [stderr]     Checking futures-sink v0.3.33
[INFO] [stderr]    Compiling signal-hook v0.3.18
[INFO] [stderr]    Compiling rustix v1.1.4
[INFO] [stderr]    Compiling zerocopy v0.8.55
[INFO] [stderr]    Compiling serde_json v1.0.151
[INFO] [stderr]     Checking itertools v0.14.0
[INFO] [stderr]     Checking unicode-segmentation v1.13.3
[INFO] [stderr]    Compiling instability v0.3.12
[INFO] [stderr]    Compiling serde_derive v1.0.229
[INFO] [stderr]    Compiling itoa v1.0.18
[INFO] [stderr]    Compiling rand_core v0.6.4
[INFO] [stderr]     Checking critical-section v1.2.0
[INFO] [stderr]    Compiling indoc v2.0.7
[INFO] [stderr]    Compiling tree-sitter-language v0.1.8 (https://github.com/mkxl/tree-sitter?rev=2f01405#2f01405b)
[INFO] [stderr]     Checking linux-raw-sys v0.12.1
[INFO] [stderr]    Compiling cc v1.4.0
[INFO] [stderr]     Checking num-integer v0.1.46
[INFO] [stderr]     Checking castaway v0.2.4
[INFO] [stderr]     Checking lru v0.18.1
[INFO] [stderr]    Compiling rand v0.8.7
[INFO] [stderr]     Checking compact_str v0.9.1
[INFO] [stderr]    Compiling convert_case v0.10.0
[INFO] [stderr]     Checking rayon v1.12.0
[INFO] [stderr]     Checking aho-corasick v1.1.4
[INFO] [stderr]    Compiling phf_shared v0.11.3
[INFO] [stderr]     Checking deranged v0.5.8
[INFO] [stderr]     Checking num-conv v0.2.2
[INFO] [stderr]     Checking num_threads v0.1.7
[INFO] [stderr]    Compiling indexmap v2.14.0
[INFO] [stderr]     Checking time-core v0.1.9
[INFO] [stderr]     Checking regex-syntax v0.8.11
[INFO] [stderr]     Checking thiserror v2.0.19
[INFO] [stderr]     Checking kasuari v0.4.12
[INFO] [stderr]    Compiling phf_generator v0.11.3
[INFO] [stderr]     Checking futures-channel v0.3.33
[INFO] [stderr]    Compiling tokio-macros v2.7.2
[INFO] [stderr]     Checking slab v0.4.12
[INFO] [stderr]     Checking futures-io v0.3.33
[INFO] [stderr]     Checking bytes v1.12.1
[INFO] [stderr]     Checking futures-task v0.3.33
[INFO] [stderr]     Checking num-bigint v0.4.8
[INFO] [stderr]    Compiling cfg_aliases v0.2.2
[INFO] [stderr]    Compiling typenum v1.20.1
[INFO] [stderr]     Checking unicode-truncate v2.0.1
[INFO] [stderr]     Checking streaming-iterator v0.1.9
[INFO] [stderr]    Compiling camino v1.2.5
[INFO] [stderr]    Compiling by_address v1.2.1
[INFO] [stderr]    Compiling palette v0.7.6
[INFO] [stderr]    Compiling nix v0.30.1
[INFO] [stderr]     Checking tracing-core v0.1.36
[INFO] [stderr]     Checking num-iter v0.1.46
[INFO] [stderr]     Checking approx v0.5.1
[INFO] [stderr]     Checking num-complex v0.4.6
[INFO] [stderr]     Checking errno v0.3.14
[INFO] [stderr]     Checking signal-hook-registry v1.4.8
[INFO] [stderr]     Checking getrandom v0.3.4
[INFO] [stderr]     Checking parking_lot_core v0.9.12
[INFO] [stderr]     Checking socket2 v0.6.5
[INFO] [stderr]     Checking regex-automata v0.4.16
[INFO] [stderr]     Checking rand_core v0.9.5
[INFO] [stderr]     Checking dirs-sys v0.5.0
[INFO] [stderr]     Checking time v0.3.55
[INFO] [stderr]     Checking workspace-hack v0.1.0
[INFO] [stderr]     Checking parking_lot v0.12.5
[INFO] [stderr]     Checking fast-srgb8 v1.0.0
[INFO] [stderr]     Checking dirs v6.0.0
[INFO] [stderr]     Checking getrandom v0.4.3
[INFO] [stderr]     Checking shellexpand v3.1.2
[INFO] [stderr]     Checking num-rational v0.4.2
[INFO] [stderr]     Checking vte v0.15.0
[INFO] [stderr]     Checking home v0.5.12
[INFO] [stderr]     Checking shell-words v1.1.1
[INFO] [stderr]     Checking vt100 v0.16.2
[INFO] [stderr]     Checking num v0.4.3
[INFO] [stderr]     Checking serde_fmt v1.1.0
[INFO] [stderr]     Checking bitflags v2.13.1
[INFO] [stderr]     Checking serde v1.0.229
[INFO] [stderr]     Checking line-clipping v0.3.7
[INFO] [stderr]     Checking value-bag-serde1 v1.13.2
[INFO] [stderr]     Checking value-bag v1.13.2
[INFO] [stderr]     Checking log v0.4.33
[INFO] [stderr]     Checking serde_yaml_ng v0.10.0
[INFO] [stderr]     Checking fid-rs v0.2.0
[INFO] [stderr]     Checking mio v1.2.2
[INFO] [stderr]     Checking zed-sum-tree v0.2.0
[INFO] [stderr]     Checking louds-rs v0.7.0
[INFO] [stdout] error[E0277]: `<<T as Item>::Summary as Summary>::Context<'_>` cannot be sent between threads safely
[INFO] [stdout]    --> /opt/rustwide/cargo-home/registry/src/index.crates.io-1949cf8c6b5b557f/zed-sum-tree-0.2.0/src/sum_tree.rs:307:18
[INFO] [stdout]     |
[INFO] [stdout] 307 |               .map(|items| {
[INFO] [stdout]     |                --- ^------
[INFO] [stdout]     |                |   |
[INFO] [stdout]     |  ______________|___within this `{closure@sum_tree.rs:307:18}`
[INFO] [stdout]     | |              |
[INFO] [stdout]     | |              required by a bound introduced by this call
[INFO] [stdout] 308 | |                 let items: ArrayVec<T, { 2 * TREE_BASE }> = items.into_iter().collect();
[INFO] [stdout] 309 | |                 let item_summaries: ArrayVec<T::Summary, { 2 * TREE_BASE }> =
[INFO] [stdout] 310 | |                     items.iter().map(|item| item.summary(cx)).collect();
[INFO] [stdout] ...   |
[INFO] [stdout] 319 | |                 }))
[INFO] [stdout] 320 | |             })
[INFO] [stdout]     | |_____________^ `<<T as Item>::Summary as Summary>::Context<'_>` cannot be sent between threads safely
[INFO] [stdout]     |
[INFO] [stdout]     = help: within `{closure@sum_tree.rs:307:18}`, the trait `Send` is not implemented for `<<T as Item>::Summary as Summary>::Context<'_>`
[INFO] [stdout] note: required because `cx` is used within this closure
[INFO] [stdout]    --> /opt/rustwide/cargo-home/registry/src/index.crates.io-1949cf8c6b5b557f/zed-sum-tree-0.2.0/src/sum_tree.rs:310:58
[INFO] [stdout]     |
[INFO] [stdout] 310 |                     items.iter().map(|item| item.summary(cx)).collect();
[INFO] [stdout]     |                                                          ^^
[INFO] [stdout] note: required by a bound in `rayon::iter::ParallelIterator::map`
[INFO] [stdout]    --> /opt/rustwide/cargo-home/registry/src/index.crates.io-1949cf8c6b5b557f/rayon-1.12.0/src/iter/mod.rs:595:41
[INFO] [stdout]     |
[INFO] [stdout] 357 | pub trait ParallelIterator: Sized + Send {
[INFO] [stdout] ...
[INFO] [stdout] 593 |     fn map<F, R>(self, map_op: F) -> Map<Self, F>
[INFO] [stdout] 594 |     where
[INFO] [stdout] 595 |         F: Fn(Self::Item) -> R + Sync + Send,
[INFO] [stdout]     |                                         ^^^^ required by this bound in `ParallelIterator::map`
[INFO] [stdout]     = note: the full name for the type has been written to '/opt/rustwide/target/debug/build/zed-sum-tree/5323b9a386bbc655/out/zed_sum_tree-5323b9a386bbc655.long-type-8842833500410984775.txt'
[INFO] [stdout]     = note: consider using `--verbose` to print the full type name to the console
[INFO] [stdout] help: consider further restricting the associated type
[INFO] [stdout]     |
[INFO] [stdout] 302 |         for<'a> <T::Summary as Summary>::Context<'a>: Sync, <<T as Item>::Summary as Summary>::Context<'_>: Send
[INFO] [stdout]     |                                                             ++++++++++++++++++++++++++++++++++++++++++++++++++++
[INFO] [stdout] 
[INFO] [stdout] 
[INFO] [stdout] error[E0277]: `<<T as Item>::Summary as Summary>::Context<'_>` cannot be sent between threads safely
[INFO] [stdout]    --> /opt/rustwide/cargo-home/registry/src/index.crates.io-1949cf8c6b5b557f/zed-sum-tree-0.2.0/src/sum_tree.rs:304:25
[INFO] [stdout]     |
[INFO] [stdout] 304 |           let mut nodes = iter
[INFO] [stdout]     |  _________________________^
[INFO] [stdout] 305 | |             .into_par_iter()
[INFO] [stdout] 306 | |             .chunks(2 * TREE_BASE)
[INFO] [stdout] 307 | |             .map(|items| {
[INFO] [stdout]     | |                  ------- within this `{closure@sum_tree.rs:307:18}`
[INFO] [stdout] ...   |
[INFO] [stdout] 320 | |             })
[INFO] [stdout] 321 | |             .collect::<Vec<_>>();
[INFO] [stdout]     | |________________________________^ `<<T as Item>::Summary as Summary>::Context<'_>` cannot be sent between threads safely
[INFO] [stdout]     |
[INFO] [stdout]     = help: within `{closure@sum_tree.rs:307:18}`, the trait `Send` is not implemented for `<<T as Item>::Summary as Summary>::Context<'_>`
[INFO] [stdout] note: required because `cx` is used within this closure
[INFO] [stdout]    --> /opt/rustwide/cargo-home/registry/src/index.crates.io-1949cf8c6b5b557f/zed-sum-tree-0.2.0/src/sum_tree.rs:310:58
[INFO] [stdout]     |
[INFO] [stdout] 310 |                     items.iter().map(|item| item.summary(cx)).collect();
[INFO] [stdout]     |                                                          ^^
[INFO] [stdout]     = note: required for `Map<Chunks<Iter>, {closure@sum_tree.rs:307:18}>` to implement `rayon::iter::ParallelIterator`
[INFO] [stdout]     = note: the full name for the type has been written to '/opt/rustwide/target/debug/build/zed-sum-tree/5323b9a386bbc655/out/zed_sum_tree-5323b9a386bbc655.long-type-8842833500410984775.txt'
[INFO] [stdout]     = note: consider using `--verbose` to print the full type name to the console
[INFO] [stdout] help: consider further restricting the associated type
[INFO] [stdout]     |
[INFO] [stdout] 302 |         for<'a> <T::Summary as Summary>::Context<'a>: Sync, <<T as Item>::Summary as Summary>::Context<'_>: Send
[INFO] [stdout]     |                                                             ++++++++++++++++++++++++++++++++++++++++++++++++++++
[INFO] [stdout] 
[INFO] [stdout] 
[INFO] [stdout] error[E0277]: `<<T as Item>::Summary as Summary>::Context<'_>` cannot be sent between threads safely
[INFO] [stdout]    --> /opt/rustwide/cargo-home/registry/src/index.crates.io-1949cf8c6b5b557f/zed-sum-tree-0.2.0/src/sum_tree.rs:329:22
[INFO] [stdout]     |
[INFO] [stdout] 329 |                   .map(|child_nodes| {
[INFO] [stdout]     |                    --- ^------------
[INFO] [stdout]     |                    |   |
[INFO] [stdout]     |  __________________|___within this `{closure@sum_tree.rs:329:22}`
[INFO] [stdout]     | |                  |
[INFO] [stdout]     | |                  required by a bound introduced by this call
[INFO] [stdout] 330 | |                     let child_trees: ArrayVec<SumTree<T>, { 2 * TREE_BASE }> =
[INFO] [stdout] 331 | |                         child_nodes.into_iter().collect();
[INFO] [stdout] 332 | |                     let child_summaries: ArrayVec<T::Summary, { 2 * TREE_BASE }> = child_trees
[INFO] [stdout] ...   |
[INFO] [stdout] 345 | |                     }))
[INFO] [stdout] 346 | |                 })
[INFO] [stdout]     | |_________________^ `<<T as Item>::Summary as Summary>::Context<'_>` cannot be sent between threads safely
[INFO] [stdout]     |
[INFO] [stdout]     = help: within `{closure@sum_tree.rs:329:22}`, the trait `Send` is not implemented for `<<T as Item>::Summary as Summary>::Context<'_>`
[INFO] [stdout] note: required because `cx` is used within this closure
[INFO] [stdout]    --> /opt/rustwide/cargo-home/registry/src/index.crates.io-1949cf8c6b5b557f/zed-sum-tree-0.2.0/src/sum_tree.rs:338:91
[INFO] [stdout]     |
[INFO] [stdout] 338 |                         <T::Summary as Summary>::add_summary(&mut summary, child_summary, cx);
[INFO] [stdout]     |                                                                                           ^^
[INFO] [stdout] note: required by a bound in `rayon::iter::ParallelIterator::map`
[INFO] [stdout]    --> /opt/rustwide/cargo-home/registry/src/index.crates.io-1949cf8c6b5b557f/rayon-1.12.0/src/iter/mod.rs:595:41
[INFO] [stdout]     |
[INFO] [stdout] 357 | pub trait ParallelIterator: Sized + Send {
[INFO] [stdout] ...
[INFO] [stdout] 593 |     fn map<F, R>(self, map_op: F) -> Map<Self, F>
[INFO] [stdout] 594 |     where
[INFO] [stdout] 595 |         F: Fn(Self::Item) -> R + Sync + Send,
[INFO] [stdout]     |                                         ^^^^ required by this bound in `ParallelIterator::map`
[INFO] [stdout]     = note: the full name for the type has been written to '/opt/rustwide/target/debug/build/zed-sum-tree/5323b9a386bbc655/out/zed_sum_tree-5323b9a386bbc655.long-type-8269342717640242037.txt'
[INFO] [stdout]     = note: consider using `--verbose` to print the full type name to the console
[INFO] [stdout] help: consider further restricting the associated type
[INFO] [stdout]     |
[INFO] [stdout] 302 |         for<'a> <T::Summary as Summary>::Context<'a>: Sync, <<T as Item>::Summary as Summary>::Context<'_>: Send
[INFO] [stdout]     |                                                             ++++++++++++++++++++++++++++++++++++++++++++++++++++
[INFO] [stdout] 
[INFO] [stdout] 
[INFO] [stdout] error[E0277]: `<<T as Item>::Summary as Summary>::Context<'_>` cannot be sent between threads safely
[INFO] [stdout]    --> /opt/rustwide/cargo-home/registry/src/index.crates.io-1949cf8c6b5b557f/zed-sum-tree-0.2.0/src/sum_tree.rs:326:21
[INFO] [stdout]     |
[INFO] [stdout] 326 |               nodes = nodes
[INFO] [stdout]     |  _____________________^
[INFO] [stdout] 327 | |                 .into_par_iter()
[INFO] [stdout] 328 | |                 .chunks(2 * TREE_BASE)
[INFO] [stdout] 329 | |                 .map(|child_nodes| {
[INFO] [stdout]     | |                      ------------- within this `{closure@sum_tree.rs:329:22}`
[INFO] [stdout] ...   |
[INFO] [stdout] 346 | |                 })
[INFO] [stdout] 347 | |                 .collect::<Vec<_>>();
[INFO] [stdout]     | |____________________________________^ `<<T as Item>::Summary as Summary>::Context<'_>` cannot be sent between threads safely
[INFO] [stdout]     |
[INFO] [stdout]     = help: within `{closure@sum_tree.rs:329:22}`, the trait `Send` is not implemented for `<<T as Item>::Summary as Summary>::Context<'_>`
[INFO] [stdout] note: required because `cx` is used within this closure
[INFO] [stdout]    --> /opt/rustwide/cargo-home/registry/src/index.crates.io-1949cf8c6b5b557f/zed-sum-tree-0.2.0/src/sum_tree.rs:338:91
[INFO] [stdout]     |
[INFO] [stdout] 338 |                         <T::Summary as Summary>::add_summary(&mut summary, child_summary, cx);
[INFO] [stdout]     |                                                                                           ^^
[INFO] [stdout]     = note: required for `Map<Chunks<IntoIter<SumTree<T>>>, {closure@sum_tree.rs:329:22}>` to implement `rayon::iter::ParallelIterator`
[INFO] [stdout]     = note: the full name for the type has been written to '/opt/rustwide/target/debug/build/zed-sum-tree/5323b9a386bbc655/out/zed_sum_tree-5323b9a386bbc655.long-type-8269342717640242037.txt'
[INFO] [stdout]     = note: consider using `--verbose` to print the full type name to the console
[INFO] [stdout] help: consider further restricting the associated type
[INFO] [stdout]     |
[INFO] [stdout] 302 |         for<'a> <T::Summary as Summary>::Context<'a>: Sync, <<T as Item>::Summary as Summary>::Context<'_>: Send
[INFO] [stdout]     |                                                             ++++++++++++++++++++++++++++++++++++++++++++++++++++
[INFO] [stdout] 
[INFO] [stdout] 
[INFO] [stderr]     Checking trie-rs v0.4.2
[INFO] [stderr]    Compiling tree-sitter v0.26.9 (https://github.com/mkxl/tree-sitter?rev=2f01405#2f01405b)
[INFO] [stdout] For more information about this error, try `rustc --explain E0277`.
[INFO] [stdout] 
[INFO] [stderr] error: could not compile `zed-sum-tree` (lib) due to 4 previous errors
[INFO] [stderr] warning: build failed, waiting for other jobs to finish...
[INFO] running `Command { std: "docker" "inspect" "cf14ff87fffbe5062440b40f501a98615b24561b401a08c1c1c07457a258fa5e", kill_on_drop: false }`
[INFO] running `Command { std: "docker" "rm" "-f" "cf14ff87fffbe5062440b40f501a98615b24561b401a08c1c1c07457a258fa5e", kill_on_drop: false }`
[INFO] [stdout] cf14ff87fffbe5062440b40f501a98615b24561b401a08c1c1c07457a258fa5e
