[INFO] cloning repository https://github.com/mckeenicholas/scorecard-cli
[INFO] running `Command { std: "git" "-c" "credential.helper=" "-c" "credential.helper=/workspace/cargo-home/bin/git-credential-null" "clone" "--bare" "https://github.com/mckeenicholas/scorecard-cli" "/workspace/cache/git-repos/https%3A%2F%2Fgithub.com%2Fmckeenicholas%2Fscorecard-cli", kill_on_drop: false }`
[INFO] [stderr] Cloning into bare repository '/workspace/cache/git-repos/https%3A%2F%2Fgithub.com%2Fmckeenicholas%2Fscorecard-cli'...
[INFO] running `Command { std: "git" "rev-parse" "HEAD", kill_on_drop: false }`
[INFO] [stdout] 14e664b2ed03877f24a6c365283e5dcdee1d20b2
[INFO] checking mckeenicholas/scorecard-cli against c60b92c03ca8a3b101eb9d57f51e2232690638c7 for pr-164148-crater-rollup
[INFO] running `Command { std: "git" "clone" "/workspace/cache/git-repos/https%3A%2F%2Fgithub.com%2Fmckeenicholas%2Fscorecard-cli" "/workspace/builds/worker-4-tc2/source", kill_on_drop: false }`
[INFO] [stderr] Cloning into '/workspace/builds/worker-4-tc2/source'...
[INFO] [stderr] done.
[INFO] started tweaking git repo https://github.com/mckeenicholas/scorecard-cli
[INFO] finished tweaking git repo https://github.com/mckeenicholas/scorecard-cli
[INFO] tweaked toml for git repo https://github.com/mckeenicholas/scorecard-cli written to /workspace/builds/worker-4-tc2/source/Cargo.toml
[INFO] validating manifest of git repo https://github.com/mckeenicholas/scorecard-cli on toolchain c60b92c03ca8a3b101eb9d57f51e2232690638c7
[INFO] running `Command { std: CARGO_HOME="/workspace/cargo-home" RUSTUP_HOME="/workspace/rustup-home" "/workspace/cargo-home/bin/cargo" "+c60b92c03ca8a3b101eb9d57f51e2232690638c7" "metadata" "--manifest-path" "Cargo.toml" "--no-deps", kill_on_drop: false }`
[INFO] crate git repo https://github.com/mckeenicholas/scorecard-cli already has a lockfile, it will not be regenerated
[INFO] running `Command { std: CARGO_HOME="/workspace/cargo-home" RUSTUP_HOME="/workspace/rustup-home" "/workspace/cargo-home/bin/cargo" "+c60b92c03ca8a3b101eb9d57f51e2232690638c7" "fetch" "--manifest-path" "Cargo.toml", kill_on_drop: false }`
[INFO] running `Command { std: "docker" "create" "-v" "/var/lib/crater-agent-workspace/builds/worker-4-tc2/source:/opt/rustwide/workdir:ro,Z" "-v" "/var/lib/crater-agent-workspace/builds/worker-4-tc2/target:/opt/rustwide/target:rw,Z" "-v" "/var/lib/crater-agent-workspace/cargo-home:/opt/rustwide/cargo-home:ro,Z" "-v" "/var/lib/crater-agent-workspace/rustup-home:/opt/rustwide/rustup-home:ro,Z" "-m" "1610612736" "--network" "none" "ghcr.io/rust-lang/crates-build-env/linux@sha256:77db811e55d90add9212f6832c23229e3de5f1c1f9905e8cb07319ea15df73ac" "sleep" "infinity", kill_on_drop: false }`
[INFO] [stdout] 0dc2447ae8bb47f8f1dda061a95b2f8edbe91af24b2e4da61b710466746b5440
[INFO] running `Command { std: "docker" "start" "0dc2447ae8bb47f8f1dda061a95b2f8edbe91af24b2e4da61b710466746b5440", kill_on_drop: false }`
[INFO] running `Command { std: "docker" "inspect" "0dc2447ae8bb47f8f1dda061a95b2f8edbe91af24b2e4da61b710466746b5440", kill_on_drop: false }`
[INFO] running `Command { std: "docker" "exec" "-e" "SOURCE_DIR=/opt/rustwide/workdir" "-e" "CARGO_HOME=/opt/rustwide/cargo-home" "-e" "RUSTUP_HOME=/opt/rustwide/rustup-home" "-e" "CARGO_TARGET_DIR=/opt/rustwide/target" "-w" "/opt/rustwide/workdir" "--user" "0:0" "0dc2447ae8bb47f8f1dda061a95b2f8edbe91af24b2e4da61b710466746b5440" "/opt/rustwide/cargo-home/bin/cargo" "+c60b92c03ca8a3b101eb9d57f51e2232690638c7" "metadata" "--no-deps" "--format-version=1", kill_on_drop: false }`
[INFO] running `Command { std: "docker" "inspect" "0dc2447ae8bb47f8f1dda061a95b2f8edbe91af24b2e4da61b710466746b5440", kill_on_drop: false }`
[INFO] running `Command { std: "docker" "exec" "-e" "SOURCE_DIR=/opt/rustwide/workdir" "-e" "CARGO_HOME=/opt/rustwide/cargo-home" "-e" "RUSTUP_HOME=/opt/rustwide/rustup-home" "-e" "CARGO_TARGET_DIR=/opt/rustwide/target" "-e" "CARGO_INCREMENTAL=0" "-e" "RUST_BACKTRACE=full" "-e" "RUSTFLAGS=--cap-lints=forbid" "-e" "RUSTDOCFLAGS=--cap-lints=forbid" "-w" "/opt/rustwide/workdir" "--user" "0:0" "0dc2447ae8bb47f8f1dda061a95b2f8edbe91af24b2e4da61b710466746b5440" "/opt/rustwide/cargo-home/bin/cargo" "+c60b92c03ca8a3b101eb9d57f51e2232690638c7" "check" "--frozen" "--all" "--all-targets" "--message-format=json", kill_on_drop: false }`
[INFO] [stderr]     Checking log v0.4.34
[INFO] [stderr]     Checking typenum v1.20.1
[INFO] [stderr]    Compiling find-msvc-tools v0.1.12
[INFO] [stderr]    Compiling target-features v0.1.6
[INFO] [stderr]    Compiling rustversion v1.0.23
[INFO] [stderr]    Compiling semver v1.0.28
[INFO] [stderr]    Compiling fst v0.4.7
[INFO] [stderr]    Compiling crc32fast v1.5.1
[INFO] [stderr]    Compiling proc-macro2-diagnostics v0.10.1
[INFO] [stderr]     Checking miniz_oxide v0.9.1
[INFO] [stderr]    Compiling serde_core v1.0.229
[INFO] [stderr]     Checking tinyvec v1.13.2
[INFO] [stderr]    Compiling syn v3.0.5
[INFO] [stderr]    Compiling syn v2.0.119
[INFO] [stderr]    Compiling yansi v1.0.1
[INFO] [stderr]     Checking zlib-rs v0.6.7
[INFO] [stderr]    Compiling cc v1.4.5
[INFO] [stderr]    Compiling rustc_version v0.4.1
[INFO] [stderr]     Checking core_detect v1.0.0
[INFO] [stderr]    Compiling unicode-joining-type v1.0.0
[INFO] [stderr]     Checking simdutf8 v0.1.5
[INFO] [stderr]    Compiling multiversion_no_op v1.0.0
[INFO] [stderr]    Compiling unicode-canonical-combining-class v1.0.0
[INFO] [stderr]     Checking alloc-no-stdlib v2.0.4
[INFO] [stderr]    Compiling unicode-general-category v1.1.0
[INFO] [stderr]    Compiling pathfinder_simd v0.5.6
[INFO] [stderr]     Checking alloc-stdlib v0.2.4
[INFO] [stderr]     Checking cpufeatures v0.3.1
[INFO] [stderr]     Checking aliasable v0.1.3
[INFO] [stderr]    Compiling libm v0.2.16
[INFO] [stderr]    Compiling crossbeam-utils v0.8.23
[INFO] [stderr]    Compiling encoding_rs v0.8.40
[INFO] [stderr]     Checking brotli-decompressor v5.0.3
[INFO] [stderr]    Compiling slotmap v1.1.1
[INFO] [stderr]     Checking zeroize v1.9.0
[INFO] [stderr]    Compiling crossbeam-epoch v0.9.21
[INFO] [stderr]     Checking ucd-trie v0.1.7
[INFO] [stderr]     Checking pathfinder_geometry v0.5.1
[INFO] [stderr]     Checking rustc-hash v2.1.3
[INFO] [stderr]    Compiling pocket-resources v0.3.2
[INFO] [stderr]     Checking const-oid v0.10.2
[INFO] [stderr]    Compiling unicode-segmentation v1.13.3
[INFO] [stderr]    Compiling thiserror v2.0.20
[INFO] [stderr]     Checking glyph-names v0.2.0
[INFO] [stderr]     Checking unicode-normalization v0.1.25
[INFO] [stderr]     Checking rustls-pki-types v1.15.1
[INFO] [stderr]    Compiling convert_case v0.10.0
[INFO] [stderr]     Checking getrandom v0.2.17
[INFO] [stderr]     Checking mmapio v0.9.1
[INFO] [stderr]    Compiling httparse v1.10.1
[INFO] [stderr]     Checking xmlparser v0.13.6
[INFO] [stderr]     Checking flate2 v1.1.10
[INFO] [stderr]     Checking azul-simplecss v0.2.1
[INFO] [stderr]    Compiling crossbeam-deque v0.8.8
[INFO] [stderr]    Compiling rustix v1.1.4
[INFO] [stderr]     Checking getrandom v0.4.3
[INFO] [stderr]     Checking chacha20 v0.10.2
[INFO] [stderr]     Checking mio v1.2.3
[INFO] [stderr]     Checking cpubits v0.1.1
[INFO] [stderr]     Checking gl-context-loader v0.1.10
[INFO] [stderr]     Checking unicode-properties v0.1.4
[INFO] [stderr]     Checking arrayvec v0.7.8
[INFO] [stderr]     Checking bytes v1.12.1
[INFO] [stderr]    Compiling rayon-core v1.13.0
[INFO] [stderr]     Checking grid v1.0.1
[INFO] [stderr]    Compiling portable-atomic v1.15.0
[INFO] [stderr]    Compiling rustls v0.23.44
[INFO] [stderr]     Checking stringprep v0.1.5
[INFO] [stderr]     Checking rand v0.10.2
[INFO] [stderr]     Checking indexmap v2.14.2
[INFO] [stderr]     Checking nom v8.0.0
[INFO] [stderr]     Checking roxmltree v0.21.1
[INFO] [stderr]     Checking hybrid-array v0.4.14
[INFO] [stderr]     Checking thread_local v1.1.10
[INFO] [stderr]     Checking signal-hook-mio v0.2.5
[INFO] [stderr]     Checking http v1.5.0
[INFO] [stderr]     Checking azul-css v0.0.16
[INFO] [stderr]     Checking num-conv v0.2.2
[INFO] [stderr]     Checking base64 v0.23.1
[INFO] [stderr]     Checking time-core v0.1.9
[INFO] [stderr]    Compiling ring v0.17.14
[INFO] [stderr]    Compiling libmimalloc-sys v0.1.49
[INFO] [stderr]     Checking rangemap v1.8.0
[INFO] [stderr]     Checking taffy v0.10.1
[INFO] [stderr]     Checking deranged v0.5.8
[INFO] [stderr]     Checking xmlwriter v0.1.0
[INFO] [stderr]     Checking lru v0.18.4
[INFO] [stderr]     Checking weezl v0.2.1
[INFO] [stderr]     Checking regex-lite v0.1.9
[INFO] [stderr]     Checking clap_builder v4.6.6
[INFO] [stderr]     Checking fuzzy-matcher v0.3.7
[INFO] [stderr]     Checking console v0.16.4
[INFO] [stderr]     Checking crypto-common v0.2.2
[INFO] [stderr]     Checking block-padding v0.4.2
[INFO] [stderr]     Checking inout v0.2.2
[INFO] [stderr]     Checking block-buffer v0.12.1
[INFO] [stderr]     Checking ureq-proto v0.6.2
[INFO] [stderr]     Checking webpki-roots v1.0.9
[INFO] [stderr]     Checking utf8-zero v0.8.1
[INFO] [stderr]     Checking dyn-clone v1.0.20
[INFO] [stderr]     Checking either v1.18.0
[INFO] [stderr]     Checking unit-prefix v0.5.2
[INFO] [stderr]     Checking mimalloc v0.1.52
[INFO] [stderr]     Checking rayon v1.12.0
[INFO] [stderr]     Checking indicatif v0.18.6
[INFO] [stderr]     Checking cipher v0.5.2
[INFO] [stderr]     Checking digest v0.11.3
[INFO] [stderr]     Checking sha2 v0.11.0
[INFO] [stderr]     Checking md-5 v0.11.0
[INFO] [stderr]    Compiling serde_derive v1.0.229
[INFO] [stderr]    Compiling thiserror-impl v2.0.20
[INFO] [stderr]    Compiling clap_derive v4.6.4
[INFO] [stderr]     Checking aes v0.9.3
[INFO] [stderr]     Checking ecb v0.2.1
[INFO] [stderr]     Checking cbc v0.2.1
[INFO] [stderr]     Checking time v0.3.55
[INFO] [stderr]    Compiling multiversion-macros v0.8.0
[INFO] [stderr]    Compiling enumflags2_derive v0.7.12
[INFO] [stderr]    Compiling ouroboros_macro v0.18.5
[INFO] [stderr]    Compiling derive_more-impl v2.1.1
[INFO] [stderr]     Checking enumflags2 v0.7.12
[INFO] [stderr]     Checking derive_more v2.1.1
[INFO] [stderr]     Checking clap v4.6.6
[INFO] [stderr]     Checking multiversion v0.8.0
[INFO] [stderr]     Checking ouroboros v0.18.5
[INFO] [stderr]     Checking rustls-webpki v0.103.15
[INFO] [stderr]     Checking serde v1.0.229
[INFO] [stderr]     Checking allsorts-azul v0.17.2
[INFO] [stderr]     Checking lopdf v0.44.0
[INFO] [stderr]    Compiling bincode v1.3.3
[INFO] [stderr]    Compiling hyphenation_commons v0.8.4
[INFO] [stderr]     Checking smallvec v1.16.0
[INFO] [stderr]    Compiling hyphenation v0.8.4
[INFO] [stderr]     Checking parking_lot_core v0.9.12
[INFO] [stderr]     Checking parking_lot v0.12.5
[INFO] [stderr]     Checking crossterm v0.29.0
[INFO] [stderr]     Checking inquire v0.9.4
[INFO] [stderr]     Checking ureq v3.4.1
[INFO] [stderr]     Checking rust-fontconfig v5.0.0
[INFO] [stderr]     Checking azul-core v0.0.16
[INFO] [stdout] error[E0493]: destructor of `NodeData` cannot be evaluated at compile-time
[INFO] [stdout]     --> /opt/rustwide/cargo-home/registry/src/index.crates.io-1949cf8c6b5b557f/azul-core-0.0.16/src/dom.rs:3625:33
[INFO] [stdout]      |
[INFO] [stdout] 3625 |     pub const fn with_tab_index(mut self, tab_index: TabIndex) -> Self {
[INFO] [stdout]      |                                 ^^^^^^^^ the destructor for this type cannot be evaluated in constant functions
[INFO] [stdout] ...
[INFO] [stdout] 3628 |     }
[INFO] [stdout]      |     - value is dropped here
[INFO] [stdout] 
[INFO] [stdout] 
[INFO] [stdout] error[E0493]: destructor of `NodeData` cannot be evaluated at compile-time
[INFO] [stdout]     --> /opt/rustwide/cargo-home/registry/src/index.crates.io-1949cf8c6b5b557f/azul-core-0.0.16/src/dom.rs:3631:39
[INFO] [stdout]      |
[INFO] [stdout] 3631 |     pub const fn with_contenteditable(mut self, contenteditable: bool) -> Self {
[INFO] [stdout]      |                                       ^^^^^^^^ the destructor for this type cannot be evaluated in constant functions
[INFO] [stdout] ...
[INFO] [stdout] 3634 |     }
[INFO] [stdout]      |     - value is dropped here
[INFO] [stdout] 
[INFO] [stdout] 
[INFO] [stdout] error[E0493]: destructor of `NodeData` cannot be evaluated at compile-time
[INFO] [stdout]     --> /opt/rustwide/cargo-home/registry/src/index.crates.io-1949cf8c6b5b557f/azul-core-0.0.16/src/dom.rs:3782:13
[INFO] [stdout]      |
[INFO] [stdout] 3782 |         let mut s = Self::create_div();
[INFO] [stdout]      |             ^^^^^ the destructor for this type cannot be evaluated in constant functions
[INFO] [stdout] ...
[INFO] [stdout] 3785 |     }
[INFO] [stdout]      |     - value is dropped here
[INFO] [stdout] 
[INFO] [stdout] 
[INFO] [stdout] error[E0493]: destructor of `Dom` cannot be evaluated at compile-time
[INFO] [stdout]     --> /opt/rustwide/cargo-home/registry/src/index.crates.io-1949cf8c6b5b557f/azul-core-0.0.16/src/dom.rs:6901:13
[INFO] [stdout]      |
[INFO] [stdout] 6901 |         let mut s = Self {
[INFO] [stdout]      |             ^^^^^ the destructor for this type cannot be evaluated in constant functions
[INFO] [stdout] ...
[INFO] [stdout] 6909 |     }
[INFO] [stdout]      |     - value is dropped here
[INFO] [stdout] 
[INFO] [stdout] 
[INFO] [stdout] error[E0493]: destructor of `Dom` cannot be evaluated at compile-time
[INFO] [stdout]     --> /opt/rustwide/cargo-home/registry/src/index.crates.io-1949cf8c6b5b557f/azul-core-0.0.16/src/dom.rs:7099:33
[INFO] [stdout]      |
[INFO] [stdout] 7099 |     pub const fn with_tab_index(mut self, tab_index: TabIndex) -> Self {
[INFO] [stdout]      |                                 ^^^^^^^^ the destructor for this type cannot be evaluated in constant functions
[INFO] [stdout] ...
[INFO] [stdout] 7102 |     }
[INFO] [stdout]      |     - value is dropped here
[INFO] [stdout] 
[INFO] [stdout] 
[INFO] [stdout] error[E0493]: destructor of `Dom` cannot be evaluated at compile-time
[INFO] [stdout]     --> /opt/rustwide/cargo-home/registry/src/index.crates.io-1949cf8c6b5b557f/azul-core-0.0.16/src/dom.rs:7105:39
[INFO] [stdout]      |
[INFO] [stdout] 7105 |     pub const fn with_contenteditable(mut self, contenteditable: bool) -> Self {
[INFO] [stdout]      |                                       ^^^^^^^^ the destructor for this type cannot be evaluated in constant functions
[INFO] [stdout] ...
[INFO] [stdout] 7108 |     }
[INFO] [stdout]      |     - value is dropped here
[INFO] [stdout] 
[INFO] [stdout] 
[INFO] [stdout] For more information about this error, try `rustc --explain E0493`.
[INFO] [stdout] 
[INFO] [stderr] error: could not compile `azul-core` (lib) due to 6 previous errors
[INFO] running `Command { std: "docker" "inspect" "0dc2447ae8bb47f8f1dda061a95b2f8edbe91af24b2e4da61b710466746b5440", kill_on_drop: false }`
[INFO] running `Command { std: "docker" "rm" "-f" "0dc2447ae8bb47f8f1dda061a95b2f8edbe91af24b2e4da61b710466746b5440", kill_on_drop: false }`
[INFO] [stdout] 0dc2447ae8bb47f8f1dda061a95b2f8edbe91af24b2e4da61b710466746b5440
