[INFO] cloning repository https://github.com/mcembalest/sys1
[INFO] running `Command { std: "git" "-c" "credential.helper=" "-c" "credential.helper=/workspace/cargo-home/bin/git-credential-null" "clone" "--bare" "https://github.com/mcembalest/sys1" "/workspace/cache/git-repos/https%3A%2F%2Fgithub.com%2Fmcembalest%2Fsys1", kill_on_drop: false }`
[INFO] [stderr] Cloning into bare repository '/workspace/cache/git-repos/https%3A%2F%2Fgithub.com%2Fmcembalest%2Fsys1'...
[INFO] running `Command { std: "git" "rev-parse" "HEAD", kill_on_drop: false }`
[INFO] [stdout] bfb3575751a8c06cd03941d8a55f24f925814e83
[INFO] checking mcembalest/sys1 against c60b92c03ca8a3b101eb9d57f51e2232690638c7 for pr-164148-crater-rollup
[INFO] running `Command { std: "git" "clone" "/workspace/cache/git-repos/https%3A%2F%2Fgithub.com%2Fmcembalest%2Fsys1" "/workspace/builds/worker-6-tc2/source", kill_on_drop: false }`
[INFO] [stderr] Cloning into '/workspace/builds/worker-6-tc2/source'...
[INFO] [stderr] done.
[INFO] removed /workspace/builds/worker-6-tc2/source/.cargo/config.toml
[INFO] removed /workspace/builds/worker-6-tc2/source/rust-toolchain.toml
[INFO] started tweaking git repo https://github.com/mcembalest/sys1
[INFO] finished tweaking git repo https://github.com/mcembalest/sys1
[INFO] tweaked toml for git repo https://github.com/mcembalest/sys1 written to /workspace/builds/worker-6-tc2/source/Cargo.toml
[INFO] validating manifest of git repo https://github.com/mcembalest/sys1 on toolchain c60b92c03ca8a3b101eb9d57f51e2232690638c7
[INFO] running `Command { std: CARGO_HOME="/workspace/cargo-home" RUSTUP_HOME="/workspace/rustup-home" "/workspace/cargo-home/bin/cargo" "+c60b92c03ca8a3b101eb9d57f51e2232690638c7" "metadata" "--manifest-path" "Cargo.toml" "--no-deps", kill_on_drop: false }`
[INFO] crate git repo https://github.com/mcembalest/sys1 already has a lockfile, it will not be regenerated
[INFO] running `Command { std: CARGO_HOME="/workspace/cargo-home" RUSTUP_HOME="/workspace/rustup-home" "/workspace/cargo-home/bin/cargo" "+c60b92c03ca8a3b101eb9d57f51e2232690638c7" "fetch" "--manifest-path" "Cargo.toml", kill_on_drop: false }`
[INFO] running `Command { std: "docker" "create" "-v" "/var/lib/crater-agent-workspace/builds/worker-6-tc2/source:/opt/rustwide/workdir:ro,Z" "-v" "/var/lib/crater-agent-workspace/builds/worker-6-tc2/target:/opt/rustwide/target:rw,Z" "-v" "/var/lib/crater-agent-workspace/cargo-home:/opt/rustwide/cargo-home:ro,Z" "-v" "/var/lib/crater-agent-workspace/rustup-home:/opt/rustwide/rustup-home:ro,Z" "-m" "1610612736" "--network" "none" "ghcr.io/rust-lang/crates-build-env/linux@sha256:77db811e55d90add9212f6832c23229e3de5f1c1f9905e8cb07319ea15df73ac" "sleep" "infinity", kill_on_drop: false }`
[INFO] [stdout] dd9d753c6d392f5b31737365b7620f2f9ccd638ca0d020ff53a43e91c364b168
[INFO] running `Command { std: "docker" "start" "dd9d753c6d392f5b31737365b7620f2f9ccd638ca0d020ff53a43e91c364b168", kill_on_drop: false }`
[INFO] running `Command { std: "docker" "inspect" "dd9d753c6d392f5b31737365b7620f2f9ccd638ca0d020ff53a43e91c364b168", kill_on_drop: false }`
[INFO] running `Command { std: "docker" "exec" "-e" "SOURCE_DIR=/opt/rustwide/workdir" "-e" "CARGO_HOME=/opt/rustwide/cargo-home" "-e" "RUSTUP_HOME=/opt/rustwide/rustup-home" "-e" "CARGO_TARGET_DIR=/opt/rustwide/target" "-w" "/opt/rustwide/workdir" "--user" "0:0" "dd9d753c6d392f5b31737365b7620f2f9ccd638ca0d020ff53a43e91c364b168" "/opt/rustwide/cargo-home/bin/cargo" "+c60b92c03ca8a3b101eb9d57f51e2232690638c7" "metadata" "--no-deps" "--format-version=1", kill_on_drop: false }`
[INFO] running `Command { std: "docker" "inspect" "dd9d753c6d392f5b31737365b7620f2f9ccd638ca0d020ff53a43e91c364b168", kill_on_drop: false }`
[INFO] running `Command { std: "docker" "exec" "-e" "SOURCE_DIR=/opt/rustwide/workdir" "-e" "CARGO_HOME=/opt/rustwide/cargo-home" "-e" "RUSTUP_HOME=/opt/rustwide/rustup-home" "-e" "CARGO_TARGET_DIR=/opt/rustwide/target" "-e" "CARGO_INCREMENTAL=0" "-e" "RUST_BACKTRACE=full" "-e" "RUSTFLAGS=--cap-lints=forbid" "-e" "RUSTDOCFLAGS=--cap-lints=forbid" "-w" "/opt/rustwide/workdir" "--user" "0:0" "dd9d753c6d392f5b31737365b7620f2f9ccd638ca0d020ff53a43e91c364b168" "/opt/rustwide/cargo-home/bin/cargo" "+c60b92c03ca8a3b101eb9d57f51e2232690638c7" "check" "--frozen" "--all" "--all-targets" "--message-format=json", kill_on_drop: false }`
[INFO] [stderr]    Compiling serde_core v1.0.229
[INFO] [stderr]    Compiling find-msvc-tools v0.1.13
[INFO] [stderr]    Compiling libc v0.2.189
[INFO] [stderr]    Compiling syn v3.0.6
[INFO] [stderr]    Compiling syn v2.0.119
[INFO] [stderr]     Checking smallvec v1.16.1
[INFO] [stderr]     Checking stable_deref_trait v1.2.1
[INFO] [stderr]     Checking getrandom v0.3.4
[INFO] [stderr]    Compiling serde_json v1.0.151
[INFO] [stderr]     Checking rand_core v0.10.1
[INFO] [stderr]    Compiling getrandom v0.4.3
[INFO] [stderr]     Checking http v1.5.0
[INFO] [stderr]     Checking futures-io v0.3.34
[INFO] [stderr]     Checking aho-corasick v1.1.5
[INFO] [stderr]     Checking writeable v0.6.4
[INFO] [stderr]    Compiling aws-lc-rs v1.18.1
[INFO] [stderr]     Checking litemap v0.8.3
[INFO] [stderr]     Checking rand_core v0.9.5
[INFO] [stderr]    Compiling rustix v1.1.5
[INFO] [stderr]    Compiling mime_guess v2.0.5
[INFO] [stderr]     Checking sync_wrapper v1.0.2
[INFO] [stderr]    Compiling rustls v0.23.45
[INFO] [stderr]     Checking chacha20 v0.10.2
[INFO] [stderr]     Checking regex-automata v0.4.18
[INFO] [stderr]     Checking itertools v0.14.0
[INFO] [stderr]     Checking http-body v1.1.0
[INFO] [stderr]     Checking ipnet v2.12.2
[INFO] [stderr]    Compiling jobserver v0.1.35
[INFO] [stderr]     Checking http-body-util v0.1.5
[INFO] [stderr]    Compiling cc v1.4.7
[INFO] [stderr]     Checking rand v0.10.2
[INFO] [stderr]    Compiling pulp v0.22.3
[INFO] [stderr]    Compiling encoding_rs v0.8.41
[INFO] [stderr]    Compiling ahash v0.8.12
[INFO] [stderr]    Compiling cmake v0.1.58
[INFO] [stderr]     Checking raw-cpuid v11.6.0
[INFO] [stderr]     Checking indexmap v2.14.2
[INFO] [stderr]     Checking tempfile v3.27.0
[INFO] [stderr]     Checking pulp-wasm-simd-flag v0.1.1
[INFO] [stderr]    Compiling dyn-stack-macros v0.1.3
[INFO] [stderr]    Compiling aws-lc-sys v0.45.0
[INFO] [stderr]    Compiling cfg-if v1.0.5
[INFO] [stderr]     Checking rustls-native-certs v0.8.4
[INFO] [stderr]    Compiling multiversion_no_op v1.0.0
[INFO] [stderr]    Compiling typenum v1.20.1
[INFO] [stderr]     Checking simdutf8 v0.1.5
[INFO] [stderr]     Checking foldhash v0.2.0
[INFO] [stderr]     Checking core_detect v1.0.0
[INFO] [stderr]     Checking hashbrown v0.16.1
[INFO] [stderr]    Compiling synstructure v0.14.0
[INFO] [stderr]    Compiling zerocopy-derive v0.8.57
[INFO] [stderr]    Compiling tracing-attributes v0.1.31
[INFO] [stderr]     Checking regex v1.13.1
[INFO] [stderr]     Checking matchers v0.2.0
[INFO] [stderr]     Checking bstr v1.13.1
[INFO] [stderr]    Compiling darling_core v0.20.11
[INFO] [stderr]    Compiling hybrid-array v0.4.15
[INFO] [stderr]     Checking dirs-sys v0.5.0
[INFO] [stderr]     Checking tracing-log v0.2.0
[INFO] [stderr]     Checking thread_local v1.1.10
[INFO] [stderr]     Checking deranged v0.5.8
[INFO] [stderr]     Checking typewit v1.15.2
[INFO] [stderr]     Checking num-conv v0.2.2
[INFO] [stderr]    Compiling zerofrom-derive v0.1.8
[INFO] [stderr]    Compiling yoke-derive v0.8.3
[INFO] [stderr]    Compiling zerovec-derive v0.11.6
[INFO] [stderr]    Compiling displaydoc v0.2.7
[INFO] [stderr]    Compiling serde_derive v1.0.229
[INFO] [stderr]    Compiling bytemuck_derive v1.12.1
[INFO] [stderr]     Checking zerocopy v0.8.57
[INFO] [stderr]    Compiling tokio-macros v2.7.2
[INFO] [stderr]     Checking tracing v0.1.44
[INFO] [stderr]     Checking zerofrom v0.1.8
[INFO] [stderr]    Compiling futures-macro v0.3.34
[INFO] [stderr]     Checking yoke v0.8.3
[INFO] [stderr]     Checking tokio v1.53.1
[INFO] [stderr]     Checking zerovec v0.11.8
[INFO] [stderr]     Checking bytemuck v1.25.2
[INFO] [stderr]     Checking futures-util v0.3.34
[INFO] [stderr]    Compiling thiserror-impl v2.0.20
[INFO] [stderr]     Checking tinystr v0.8.4
[INFO] [stderr]     Checking potential_utf v0.1.6
[INFO] [stderr]     Checking zerotrie v0.2.5
[INFO] [stderr]     Checking icu_locale_core v2.3.0
[INFO] [stderr]     Checking icu_collections v2.3.0
[INFO] [stderr]     Checking thiserror v2.0.20
[INFO] [stderr]     Checking num-complex v0.4.6
[INFO] [stderr]     Checking icu_provider v2.3.1
[INFO] [stderr]     Checking icu_normalizer v2.3.0
[INFO] [stderr]     Checking icu_properties v2.3.0
[INFO] [stderr]    Compiling multiversion-macros v0.9.0
[INFO] [stderr]     Checking serde v1.0.229
[INFO] [stderr]     Checking serde_urlencoded v0.7.1
[INFO] [stderr]     Checking multiversion v0.9.0
[INFO] [stderr]     Checking idna_adapter v1.2.2
[INFO] [stderr]     Checking idna v1.1.0
[INFO] [stderr]     Checking url v2.5.8
[INFO] [stderr]     Checking dyn-stack v0.13.2
[INFO] [stderr]     Checking tracing-serde v0.2.0
[INFO] [stderr]     Checking time-core v0.1.9
[INFO] [stderr]     Checking tracing-subscriber v0.3.23
[INFO] [stderr]     Checking time v0.3.55
[INFO] [stderr]     Checking futures-executor v0.3.34
[INFO] [stderr]     Checking ppv-lite86 v0.2.21
[INFO] [stderr]    Compiling darling_macro v0.20.11
[INFO] [stderr]     Checking rand_chacha v0.9.0
[INFO] [stderr]     Checking rand v0.9.5
[INFO] [stderr]     Checking const_panic v0.2.17
[INFO] [stderr]    Compiling async-trait v0.1.92
[INFO] [stderr]     Checking nom v7.1.3
[INFO] [stderr]     Checking rand_distr v0.5.1
[INFO] [stderr]     Checking dirs v6.0.0
[INFO] [stderr]    Compiling pin-project-internal v1.1.13
[INFO] [stderr]    Compiling git-version-macro v0.3.9
[INFO] [stderr]     Checking half v2.7.1
[INFO] [stderr]    Compiling blake3 v1.8.7
[INFO] [stderr]     Checking gemm-common v0.19.0
[INFO] [stderr]    Compiling icu_normalizer_data v2.3.0
[INFO] [stderr]    Compiling icu_properties_data v2.3.0
[INFO] [stderr]     Checking crossbeam-channel v0.5.17
[INFO] [stderr]     Checking os_str_bytes v6.6.1
[INFO] [stderr]    Compiling linktime-proc-macro v0.2.3
[INFO] [stderr]    Compiling konst_proc_macros v0.4.1
[INFO] [stderr]     Checking link-section v0.19.3
[INFO] [stderr]     Checking base64 v0.13.1
[INFO] [stderr]     Checking symlink v0.1.0
[INFO] [stderr]     Checking chrono v0.4.45
[INFO] [stderr]     Checking tokio-util v0.7.19
[INFO] [stderr]     Checking tower v0.5.3
[INFO] [stderr]     Checking ctor v1.0.13
[INFO] [stderr]     Checking tracing-appender v0.2.5
[INFO] [stderr]     Checking spm_precompiled v0.1.4
[INFO] [stderr]     Checking konst v0.4.3
[INFO] [stderr]     Checking h2 v0.4.19
[INFO] [stderr]     Checking tower-http v0.6.11
[INFO] [stderr]     Checking shellexpand v3.1.2
[INFO] [stderr]     Checking pin-project v1.1.13
[INFO] [stderr]     Checking git-version v0.3.9
[INFO] [stderr]     Checking sha2 v0.11.0
[INFO] [stdout] error[E0493]: destructor of `ArrayBuilder<T, N, D>` cannot be evaluated at compile-time
[INFO] [stdout]    --> /opt/rustwide/cargo-home/registry/src/index.crates.io-1949cf8c6b5b557f/konst-0.4.3/src/array/array_builder.rs:421:24
[INFO] [stdout]     |
[INFO] [stdout] 421 |     pub const fn build(self) -> [T; N] {
[INFO] [stdout]     |                        ^^^^ the destructor for this type cannot be evaluated in constant functions
[INFO] [stdout] ...
[INFO] [stdout] 437 |     }
[INFO] [stdout]     |     - value is dropped here
[INFO] [stdout] 
[INFO] [stdout] 
[INFO] [stdout] error[E0493]: destructor of `array_into_iter::IntoIter<T, N, D>` cannot be evaluated at compile-time
[INFO] [stdout]    --> /opt/rustwide/cargo-home/registry/src/index.crates.io-1949cf8c6b5b557f/konst-0.4.3/src/array/array_into_iter.rs:324:34
[INFO] [stdout]     |
[INFO] [stdout] 324 |     pub const fn assert_is_empty(self) {
[INFO] [stdout]     |                                  ^^^^ the destructor for this type cannot be evaluated in constant functions
[INFO] [stdout] ...
[INFO] [stdout] 327 |     }
[INFO] [stdout]     |     - value is dropped here
[INFO] [stdout] 
[INFO] [stdout] 
[INFO] [stdout] error[E0493]: destructor of `Option<(T, U)>` cannot be evaluated at compile-time
[INFO] [stdout]    --> /opt/rustwide/cargo-home/registry/src/index.crates.io-1949cf8c6b5b557f/konst-0.4.3/src/macros/control_flow.rs:83:42
[INFO] [stdout]     |
[INFO] [stdout]  81 |   macro_rules! if_let_Some {
[INFO] [stdout]  82 |       ($some:pat = $e:expr => $then:block $(else $else:block)?) => {
[INFO] [stdout]  83 |           match $crate::option::__opt($e) {opt =>
[INFO] [stdout]     |                                            ^^^ the destructor for this type cannot be evaluated in constant functions
[INFO] [stdout] ...
[INFO] [stdout]  90 |               }
[INFO] [stdout]     |               - value is dropped here
[INFO] [stdout]     |
[INFO] [stdout]    ::: /opt/rustwide/cargo-home/registry/src/index.crates.io-1949cf8c6b5b557f/konst-0.4.3/src/option.rs:635:5
[INFO] [stdout]     |
[INFO] [stdout] 635 | /     crate::if_let_Some! {tuple = opt => {
[INFO] [stdout] 636 | |         crate::destructure!{(l, r) = tuple}
[INFO] [stdout] 637 | |
[INFO] [stdout] 638 | |         (Some(l), Some(r))
[INFO] [stdout] 639 | |     } else {
[INFO] [stdout] 640 | |         (None, None)
[INFO] [stdout] 641 | |     }}
[INFO] [stdout]     | |______- in this macro invocation
[INFO] [stdout] 
[INFO] [stdout] 
[INFO] [stderr]    Compiling darling v0.20.11
[INFO] [stderr]     Checking futures v0.3.34
[INFO] [stderr]     Checking dary_heap v0.3.9
[INFO] [stderr]    Compiling block-buffer v0.12.1
[INFO] [stdout] For more information about this error, try `rustc --explain E0493`.
[INFO] [stdout] 
[INFO] [stderr]    Compiling crypto-common v0.2.2
[INFO] [stderr]    Compiling onig_sys v69.9.3
[INFO] [stderr] error: could not compile `konst` (lib) due to 3 previous errors
[INFO] [stderr] warning: build failed, waiting for other jobs to finish...
[INFO] running `Command { std: "docker" "inspect" "dd9d753c6d392f5b31737365b7620f2f9ccd638ca0d020ff53a43e91c364b168", kill_on_drop: false }`
[INFO] running `Command { std: "docker" "rm" "-f" "dd9d753c6d392f5b31737365b7620f2f9ccd638ca0d020ff53a43e91c364b168", kill_on_drop: false }`
[INFO] [stdout] dd9d753c6d392f5b31737365b7620f2f9ccd638ca0d020ff53a43e91c364b168
