[INFO] cloning repository https://github.com/logic-wei/ssh_mcp
[INFO] running `Command { std: "git" "-c" "credential.helper=" "-c" "credential.helper=/workspace/cargo-home/bin/git-credential-null" "clone" "--bare" "https://github.com/logic-wei/ssh_mcp" "/workspace/cache/git-repos/https%3A%2F%2Fgithub.com%2Flogic-wei%2Fssh_mcp", kill_on_drop: false }`
[INFO] [stderr] Cloning into bare repository '/workspace/cache/git-repos/https%3A%2F%2Fgithub.com%2Flogic-wei%2Fssh_mcp'...
[INFO] running `Command { std: "git" "rev-parse" "HEAD", kill_on_drop: false }`
[INFO] [stdout] e9274e22e300c1894e2a7a83be49472461f3a7f0
[INFO] checking logic-wei/ssh_mcp against c60b92c03ca8a3b101eb9d57f51e2232690638c7 for pr-164148-crater-rollup
[INFO] running `Command { std: "git" "clone" "/workspace/cache/git-repos/https%3A%2F%2Fgithub.com%2Flogic-wei%2Fssh_mcp" "/workspace/builds/worker-1-tc2/source", kill_on_drop: false }`
[INFO] [stderr] Cloning into '/workspace/builds/worker-1-tc2/source'...
[INFO] [stderr] done.
[INFO] started tweaking git repo https://github.com/logic-wei/ssh_mcp
[INFO] finished tweaking git repo https://github.com/logic-wei/ssh_mcp
[INFO] tweaked toml for git repo https://github.com/logic-wei/ssh_mcp written to /workspace/builds/worker-1-tc2/source/Cargo.toml
[INFO] validating manifest of git repo https://github.com/logic-wei/ssh_mcp on toolchain c60b92c03ca8a3b101eb9d57f51e2232690638c7
[INFO] running `Command { std: CARGO_HOME="/workspace/cargo-home" RUSTUP_HOME="/workspace/rustup-home" "/workspace/cargo-home/bin/cargo" "+c60b92c03ca8a3b101eb9d57f51e2232690638c7" "metadata" "--manifest-path" "Cargo.toml" "--no-deps", kill_on_drop: false }`
[INFO] crate git repo https://github.com/logic-wei/ssh_mcp already has a lockfile, it will not be regenerated
[INFO] running `Command { std: CARGO_HOME="/workspace/cargo-home" RUSTUP_HOME="/workspace/rustup-home" "/workspace/cargo-home/bin/cargo" "+c60b92c03ca8a3b101eb9d57f51e2232690638c7" "fetch" "--manifest-path" "Cargo.toml", kill_on_drop: false }`
[INFO] running `Command { std: "docker" "create" "-v" "/var/lib/crater-agent-workspace/builds/worker-1-tc2/source:/opt/rustwide/workdir:ro,Z" "-v" "/var/lib/crater-agent-workspace/builds/worker-1-tc2/target:/opt/rustwide/target:rw,Z" "-v" "/var/lib/crater-agent-workspace/cargo-home:/opt/rustwide/cargo-home:ro,Z" "-v" "/var/lib/crater-agent-workspace/rustup-home:/opt/rustwide/rustup-home:ro,Z" "-m" "1610612736" "--network" "none" "ghcr.io/rust-lang/crates-build-env/linux@sha256:77db811e55d90add9212f6832c23229e3de5f1c1f9905e8cb07319ea15df73ac" "sleep" "infinity", kill_on_drop: false }`
[INFO] [stdout] 23d0327264dd97d26bbb20aed4a922e61c299653b72ba2cfb5eddc4c848929c8
[INFO] running `Command { std: "docker" "start" "23d0327264dd97d26bbb20aed4a922e61c299653b72ba2cfb5eddc4c848929c8", kill_on_drop: false }`
[INFO] running `Command { std: "docker" "inspect" "23d0327264dd97d26bbb20aed4a922e61c299653b72ba2cfb5eddc4c848929c8", kill_on_drop: false }`
[INFO] running `Command { std: "docker" "exec" "-e" "SOURCE_DIR=/opt/rustwide/workdir" "-e" "CARGO_HOME=/opt/rustwide/cargo-home" "-e" "RUSTUP_HOME=/opt/rustwide/rustup-home" "-e" "CARGO_TARGET_DIR=/opt/rustwide/target" "-w" "/opt/rustwide/workdir" "--user" "0:0" "23d0327264dd97d26bbb20aed4a922e61c299653b72ba2cfb5eddc4c848929c8" "/opt/rustwide/cargo-home/bin/cargo" "+c60b92c03ca8a3b101eb9d57f51e2232690638c7" "metadata" "--no-deps" "--format-version=1", kill_on_drop: false }`
[INFO] running `Command { std: "docker" "inspect" "23d0327264dd97d26bbb20aed4a922e61c299653b72ba2cfb5eddc4c848929c8", kill_on_drop: false }`
[INFO] running `Command { std: "docker" "exec" "-e" "SOURCE_DIR=/opt/rustwide/workdir" "-e" "CARGO_HOME=/opt/rustwide/cargo-home" "-e" "RUSTUP_HOME=/opt/rustwide/rustup-home" "-e" "CARGO_TARGET_DIR=/opt/rustwide/target" "-e" "CARGO_INCREMENTAL=0" "-e" "RUST_BACKTRACE=full" "-e" "RUSTFLAGS=--cap-lints=forbid" "-e" "RUSTDOCFLAGS=--cap-lints=forbid" "-w" "/opt/rustwide/workdir" "--user" "0:0" "23d0327264dd97d26bbb20aed4a922e61c299653b72ba2cfb5eddc4c848929c8" "/opt/rustwide/cargo-home/bin/cargo" "+c60b92c03ca8a3b101eb9d57f51e2232690638c7" "check" "--frozen" "--all" "--all-targets" "--message-format=json", kill_on_drop: false }`
[INFO] [stderr]     Checking zeroize v1.9.0
[INFO] [stderr]     Checking subtle v2.6.1
[INFO] [stderr]    Compiling getrandom v0.4.3
[INFO] [stderr]     Checking cpubits v0.1.1
[INFO] [stderr]     Checking base16ct v1.0.0
[INFO] [stderr]     Checking parking_lot_core v0.9.12
[INFO] [stderr]     Checking futures-channel v0.3.32
[INFO] [stderr]     Checking errno v0.3.14
[INFO] [stderr]    Compiling syn v2.0.118
[INFO] [stderr]    Compiling jobserver v0.1.35
[INFO] [stderr]     Checking socket2 v0.6.4
[INFO] [stderr]     Checking mio v1.2.1
[INFO] [stderr]    Compiling curve25519-dalek v5.0.0-rc.1
[INFO] [stderr]    Compiling serde_core v1.0.228
[INFO] [stderr]    Compiling generic-array v0.14.9
[INFO] [stderr]    Compiling nix v0.31.3
[INFO] [stderr]     Checking bitflags v2.13.0
[INFO] [stderr]     Checking aho-corasick v1.1.4
[INFO] [stderr]     Checking signal-hook-registry v1.4.8
[INFO] [stderr]     Checking ctutils v0.4.2
[INFO] [stderr]     Checking ff v0.14.0
[INFO] [stderr]    Compiling serde_json v1.0.150
[INFO] [stderr]     Checking der v0.8.1
[INFO] [stderr]    Compiling cc v1.2.67
[INFO] [stderr]     Checking parking_lot v0.12.5
[INFO] [stderr]     Checking group v0.14.0
[INFO] [stderr]     Checking keccak v0.2.0
[INFO] [stderr]    Compiling aws-lc-rs v1.17.1
[INFO] [stderr]    Compiling memchr v2.8.3
[INFO] [stderr]     Checking winnow v1.0.3
[INFO] [stderr]    Compiling rmcp v2.2.0
[INFO] [stderr]     Checking hybrid-array v0.4.13
[INFO] [stderr]     Checking hex v0.4.3
[INFO] [stderr]     Checking dyn-clone v1.0.20
[INFO] [stderr]     Checking dashmap v6.2.1
[INFO] [stderr]     Checking dirs-sys v0.5.0
[INFO] [stderr]     Checking num-bigint v0.4.8
[INFO] [stderr]     Checking tracing-log v0.2.0
[INFO] [stderr]     Checking toml_parser v1.1.2+spec-1.1.0
[INFO] [stderr]     Checking serde_bytes v0.11.19
[INFO] [stderr]     Checking md5 v0.8.1
[INFO] [stderr]     Checking hex-literal v1.1.0
[INFO] [stderr]     Checking dirs v6.0.0
[INFO] [stderr]     Checking generic-array v1.4.3
[INFO] [stderr]     Checking toml v1.1.2+spec-1.1.0
[INFO] [stderr]     Checking spki v0.8.0
[INFO] [stderr]     Checking pkcs1 v0.8.0-rc.4
[INFO] [stderr]    Compiling cmake v0.1.58
[INFO] [stdout] error[E0493]: destructor of `ArrayBuilder<T, N>` cannot be evaluated at compile-time
[INFO] [stdout]    --> /opt/rustwide/cargo-home/registry/src/index.crates.io-1949cf8c6b5b557f/generic-array-1.4.3/src/internal.rs:103:31
[INFO] [stdout]     |
[INFO] [stdout] 103 |     pub unsafe fn assume_init(self) -> GenericArray<T, N> {
[INFO] [stdout]     |                               ^^^^ the destructor for this type cannot be evaluated in constant functions
[INFO] [stdout] ...
[INFO] [stdout] 109 |     }
[INFO] [stdout]     |     - value is dropped here
[INFO] [stdout] 
[INFO] [stdout] 
[INFO] [stdout] error[E0493]: destructor of `GenericArray<core::mem::MaybeUninit<*const T>, N>` cannot be evaluated at compile-time
[INFO] [stdout]    --> /opt/rustwide/cargo-home/registry/src/index.crates.io-1949cf8c6b5b557f/generic-array-1.4.3/src/lib.rs:970:13
[INFO] [stdout]     |
[INFO] [stdout] 970 |         let mut out: GenericArray<MaybeUninit<*const T>, N> = GenericArray::uninit();
[INFO] [stdout]     |             ^^^^^^^ the destructor for this type cannot be evaluated in constant functions
[INFO] [stdout] ...
[INFO] [stdout] 985 |     }
[INFO] [stdout]     |     - value is dropped here
[INFO] [stdout] 
[INFO] [stdout] 
[INFO] [stdout] error[E0493]: destructor of `GenericArray<core::mem::MaybeUninit<*mut T>, N>` cannot be evaluated at compile-time
[INFO] [stdout]     --> /opt/rustwide/cargo-home/registry/src/index.crates.io-1949cf8c6b5b557f/generic-array-1.4.3/src/lib.rs:1005:13
[INFO] [stdout]      |
[INFO] [stdout] 1005 |         let mut out: GenericArray<MaybeUninit<*mut T>, N> = GenericArray::uninit();
[INFO] [stdout]      |             ^^^^^^^ the destructor for this type cannot be evaluated in constant functions
[INFO] [stdout] ...
[INFO] [stdout] 1020 |     }
[INFO] [stdout]      |     - value is dropped here
[INFO] [stdout] 
[INFO] [stdout] 
[INFO] [stdout] For more information about this error, try `rustc --explain E0493`.
[INFO] [stdout] 
[INFO] [stderr] error: could not compile `generic-array` (lib) due to 3 previous errors
[INFO] [stderr] warning: build failed, waiting for other jobs to finish...
[INFO] running `Command { std: "docker" "inspect" "23d0327264dd97d26bbb20aed4a922e61c299653b72ba2cfb5eddc4c848929c8", kill_on_drop: false }`
[INFO] running `Command { std: "docker" "rm" "-f" "23d0327264dd97d26bbb20aed4a922e61c299653b72ba2cfb5eddc4c848929c8", kill_on_drop: false }`
[INFO] [stdout] 23d0327264dd97d26bbb20aed4a922e61c299653b72ba2cfb5eddc4c848929c8
