[INFO] cloning repository https://github.com/lepton-cybersecurity/lepton-lib
[INFO] running `Command { std: "git" "-c" "credential.helper=" "-c" "credential.helper=/workspace/cargo-home/bin/git-credential-null" "clone" "--bare" "https://github.com/lepton-cybersecurity/lepton-lib" "/workspace/cache/git-repos/https%3A%2F%2Fgithub.com%2Flepton-cybersecurity%2Flepton-lib", kill_on_drop: false }`
[INFO] [stderr] Cloning into bare repository '/workspace/cache/git-repos/https%3A%2F%2Fgithub.com%2Flepton-cybersecurity%2Flepton-lib'...
[INFO] running `Command { std: "git" "rev-parse" "HEAD", kill_on_drop: false }`
[INFO] [stdout] 4b601028aeed7974b16c21c0db2b4df1b53ffc53
[INFO] checking lepton-cybersecurity/lepton-lib against c60b92c03ca8a3b101eb9d57f51e2232690638c7 for pr-164148-crater-rollup
[INFO] running `Command { std: "git" "clone" "/workspace/cache/git-repos/https%3A%2F%2Fgithub.com%2Flepton-cybersecurity%2Flepton-lib" "/workspace/builds/worker-6-tc2/source", kill_on_drop: false }`
[INFO] [stderr] Cloning into '/workspace/builds/worker-6-tc2/source'...
[INFO] [stderr] done.
[INFO] removed /workspace/builds/worker-6-tc2/source/rust-toolchain.toml
[INFO] started tweaking git repo https://github.com/lepton-cybersecurity/lepton-lib
[INFO] finished tweaking git repo https://github.com/lepton-cybersecurity/lepton-lib
[INFO] tweaked toml for git repo https://github.com/lepton-cybersecurity/lepton-lib written to /workspace/builds/worker-6-tc2/source/Cargo.toml
[INFO] validating manifest of git repo https://github.com/lepton-cybersecurity/lepton-lib on toolchain c60b92c03ca8a3b101eb9d57f51e2232690638c7
[INFO] running `Command { std: CARGO_HOME="/workspace/cargo-home" RUSTUP_HOME="/workspace/rustup-home" "/workspace/cargo-home/bin/cargo" "+c60b92c03ca8a3b101eb9d57f51e2232690638c7" "metadata" "--manifest-path" "Cargo.toml" "--no-deps", kill_on_drop: false }`
[INFO] crate git repo https://github.com/lepton-cybersecurity/lepton-lib already has a lockfile, it will not be regenerated
[INFO] running `Command { std: CARGO_HOME="/workspace/cargo-home" RUSTUP_HOME="/workspace/rustup-home" "/workspace/cargo-home/bin/cargo" "+c60b92c03ca8a3b101eb9d57f51e2232690638c7" "fetch" "--manifest-path" "Cargo.toml", kill_on_drop: false }`
[INFO] [stderr] warning: `package.homepage` is redundant with `package.repository`
[INFO] [stderr]   --> Cargo.toml:39:12
[INFO] [stderr]    |
[INFO] [stderr] 39 | homepage = "https://github.com/lepton-cybersecurity/lepton-lib"
[INFO] [stderr]    |            ^^^^^^^^^^^^^^^^^^^^^^^^^^^^^^^^^^^^^^^^^^^^^^^^^^^^
[INFO] [stderr] ...
[INFO] [stderr] 44 | repository = "https://github.com/lepton-cybersecurity/lepton-lib"
[INFO] [stderr]    |              ----------------------------------------------------
[INFO] [stderr]    |
[INFO] [stderr]    = note: `cargo::redundant_homepage` is set to `warn` by default
[INFO] [stderr] help: consider removing `package.homepage`
[INFO] [stderr] warning: `lepton-lib` (manifest) generated 1 warning
[INFO] running `Command { std: "docker" "create" "-v" "/var/lib/crater-agent-workspace/builds/worker-6-tc2/source:/opt/rustwide/workdir:ro,Z" "-v" "/var/lib/crater-agent-workspace/builds/worker-6-tc2/target:/opt/rustwide/target:rw,Z" "-v" "/var/lib/crater-agent-workspace/cargo-home:/opt/rustwide/cargo-home:ro,Z" "-v" "/var/lib/crater-agent-workspace/rustup-home:/opt/rustwide/rustup-home:ro,Z" "-m" "1610612736" "--network" "none" "ghcr.io/rust-lang/crates-build-env/linux@sha256:77db811e55d90add9212f6832c23229e3de5f1c1f9905e8cb07319ea15df73ac" "sleep" "infinity", kill_on_drop: false }`
[INFO] [stdout] 2e606f46296167d2ed96e09955c84fa8fb26f91c02249db09778ecff424c5de6
[INFO] running `Command { std: "docker" "start" "2e606f46296167d2ed96e09955c84fa8fb26f91c02249db09778ecff424c5de6", kill_on_drop: false }`
[INFO] running `Command { std: "docker" "inspect" "2e606f46296167d2ed96e09955c84fa8fb26f91c02249db09778ecff424c5de6", kill_on_drop: false }`
[INFO] running `Command { std: "docker" "exec" "-e" "SOURCE_DIR=/opt/rustwide/workdir" "-e" "CARGO_HOME=/opt/rustwide/cargo-home" "-e" "RUSTUP_HOME=/opt/rustwide/rustup-home" "-e" "CARGO_TARGET_DIR=/opt/rustwide/target" "-w" "/opt/rustwide/workdir" "--user" "0:0" "2e606f46296167d2ed96e09955c84fa8fb26f91c02249db09778ecff424c5de6" "/opt/rustwide/cargo-home/bin/cargo" "+c60b92c03ca8a3b101eb9d57f51e2232690638c7" "metadata" "--no-deps" "--format-version=1", kill_on_drop: false }`
[INFO] running `Command { std: "docker" "inspect" "2e606f46296167d2ed96e09955c84fa8fb26f91c02249db09778ecff424c5de6", kill_on_drop: false }`
[INFO] running `Command { std: "docker" "exec" "-e" "SOURCE_DIR=/opt/rustwide/workdir" "-e" "CARGO_HOME=/opt/rustwide/cargo-home" "-e" "RUSTUP_HOME=/opt/rustwide/rustup-home" "-e" "CARGO_TARGET_DIR=/opt/rustwide/target" "-e" "CARGO_INCREMENTAL=0" "-e" "RUST_BACKTRACE=full" "-e" "RUSTFLAGS=--cap-lints=forbid" "-e" "RUSTDOCFLAGS=--cap-lints=forbid" "-w" "/opt/rustwide/workdir" "--user" "0:0" "2e606f46296167d2ed96e09955c84fa8fb26f91c02249db09778ecff424c5de6" "/opt/rustwide/cargo-home/bin/cargo" "+c60b92c03ca8a3b101eb9d57f51e2232690638c7" "check" "--frozen" "--all" "--all-targets" "--message-format=json", kill_on_drop: false }`
[INFO] [stderr] warning: `package.homepage` is redundant with `package.repository`
[INFO] [stderr]   --> Cargo.toml:39:12
[INFO] [stderr]    |
[INFO] [stderr] 39 | homepage = "https://github.com/lepton-cybersecurity/lepton-lib"
[INFO] [stderr]    |            ^^^^^^^^^^^^^^^^^^^^^^^^^^^^^^^^^^^^^^^^^^^^^^^^^^^^
[INFO] [stderr] ...
[INFO] [stderr] 44 | repository = "https://github.com/lepton-cybersecurity/lepton-lib"
[INFO] [stderr]    |              ----------------------------------------------------
[INFO] [stderr]    |
[INFO] [stderr]    = note: `cargo::redundant_homepage` is set to `warn` by default
[INFO] [stderr] help: consider removing `package.homepage`
[INFO] [stderr] warning: `lepton-lib` (manifest) generated 1 warning
[INFO] [stderr]     Checking typenum v1.20.0
[INFO] [stderr]    Compiling glob v0.3.3
[INFO] [stderr]     Checking pqcrypto-traits v0.3.5
[INFO] [stderr]     Checking keccak v0.2.0
[INFO] [stderr]    Compiling jobserver v0.1.34
[INFO] [stderr]     Checking getrandom v0.3.4
[INFO] [stderr]    Compiling cargo-husky v1.5.0
[INFO] [stderr]     Checking rand_core v0.6.4
[INFO] [stderr]     Checking sponge-cursor v0.1.0
[INFO] [stderr]     Checking getrandom v0.4.2
[INFO] [stderr]    Compiling thiserror-impl v2.0.18
[INFO] [stderr]     Checking password-hash v0.5.0
[INFO] [stderr]    Compiling cc v1.2.62
[INFO] [stderr]     Checking thiserror v2.0.18
[INFO] [stderr]     Checking generic-array v0.14.7
[INFO] [stderr]     Checking hybrid-array v0.4.12
[INFO] [stderr]     Checking generic-array v1.4.1
[INFO] [stderr]    Compiling pqcrypto-internals v0.2.11
[INFO] [stderr]    Compiling pqcrypto-mldsa v0.1.2
[INFO] [stderr]    Compiling pqcrypto-mlkem v0.1.1
[INFO] [stdout] error[E0493]: destructor of `ArrayBuilder<T, N>` cannot be evaluated at compile-time
[INFO] [stdout]    --> /opt/rustwide/cargo-home/registry/src/index.crates.io-1949cf8c6b5b557f/generic-array-1.4.1/src/internal.rs:103:31
[INFO] [stdout]     |
[INFO] [stdout] 103 |     pub unsafe fn assume_init(self) -> GenericArray<T, N> {
[INFO] [stdout]     |                               ^^^^ the destructor for this type cannot be evaluated in constant functions
[INFO] [stdout] ...
[INFO] [stdout] 109 |     }
[INFO] [stdout]     |     - value is dropped here
[INFO] [stdout] 
[INFO] [stdout] 
[INFO] [stdout] error[E0493]: destructor of `GenericArray<core::mem::MaybeUninit<*const T>, N>` cannot be evaluated at compile-time
[INFO] [stdout]    --> /opt/rustwide/cargo-home/registry/src/index.crates.io-1949cf8c6b5b557f/generic-array-1.4.1/src/lib.rs:970:13
[INFO] [stdout]     |
[INFO] [stdout] 970 |         let mut out: GenericArray<MaybeUninit<*const T>, N> = GenericArray::uninit();
[INFO] [stdout]     |             ^^^^^^^ the destructor for this type cannot be evaluated in constant functions
[INFO] [stdout] ...
[INFO] [stdout] 985 |     }
[INFO] [stdout]     |     - value is dropped here
[INFO] [stdout] 
[INFO] [stdout] 
[INFO] [stdout] error[E0493]: destructor of `GenericArray<core::mem::MaybeUninit<*mut T>, N>` cannot be evaluated at compile-time
[INFO] [stdout]     --> /opt/rustwide/cargo-home/registry/src/index.crates.io-1949cf8c6b5b557f/generic-array-1.4.1/src/lib.rs:1005:13
[INFO] [stdout]      |
[INFO] [stdout] 1005 |         let mut out: GenericArray<MaybeUninit<*mut T>, N> = GenericArray::uninit();
[INFO] [stdout]      |             ^^^^^^^ the destructor for this type cannot be evaluated in constant functions
[INFO] [stdout] ...
[INFO] [stdout] 1020 |     }
[INFO] [stdout]      |     - value is dropped here
[INFO] [stdout] 
[INFO] [stdout] 
[INFO] [stdout] For more information about this error, try `rustc --explain E0493`.
[INFO] [stdout] 
[INFO] [stderr] error: could not compile `generic-array` (lib) due to 3 previous errors
[INFO] [stderr] warning: build failed, waiting for other jobs to finish...
[INFO] running `Command { std: "docker" "inspect" "2e606f46296167d2ed96e09955c84fa8fb26f91c02249db09778ecff424c5de6", kill_on_drop: false }`
[INFO] running `Command { std: "docker" "rm" "-f" "2e606f46296167d2ed96e09955c84fa8fb26f91c02249db09778ecff424c5de6", kill_on_drop: false }`
[INFO] [stdout] 2e606f46296167d2ed96e09955c84fa8fb26f91c02249db09778ecff424c5de6
