[INFO] cloning repository https://github.com/lasder-ca/lvau
[INFO] running `Command { std: "git" "-c" "credential.helper=" "-c" "credential.helper=/workspace/cargo-home/bin/git-credential-null" "clone" "--bare" "https://github.com/lasder-ca/lvau" "/workspace/cache/git-repos/https%3A%2F%2Fgithub.com%2Flasder-ca%2Flvau", kill_on_drop: false }`
[INFO] [stderr] Cloning into bare repository '/workspace/cache/git-repos/https%3A%2F%2Fgithub.com%2Flasder-ca%2Flvau'...
[INFO] running `Command { std: "git" "rev-parse" "HEAD", kill_on_drop: false }`
[INFO] [stdout] 189bfa6bf7c49b9f9085375ed2129d816d8ade44
[INFO] checking lasder-ca/lvau against c60b92c03ca8a3b101eb9d57f51e2232690638c7 for pr-164148-crater-rollup
[INFO] running `Command { std: "git" "clone" "/workspace/cache/git-repos/https%3A%2F%2Fgithub.com%2Flasder-ca%2Flvau" "/workspace/builds/worker-2-tc2/source", kill_on_drop: false }`
[INFO] [stderr] Cloning into '/workspace/builds/worker-2-tc2/source'...
[INFO] [stderr] done.
[INFO] started tweaking git repo https://github.com/lasder-ca/lvau
[INFO] finished tweaking git repo https://github.com/lasder-ca/lvau
[INFO] tweaked toml for git repo https://github.com/lasder-ca/lvau written to /workspace/builds/worker-2-tc2/source/Cargo.toml
[INFO] validating manifest of git repo https://github.com/lasder-ca/lvau on toolchain c60b92c03ca8a3b101eb9d57f51e2232690638c7
[INFO] running `Command { std: CARGO_HOME="/workspace/cargo-home" RUSTUP_HOME="/workspace/rustup-home" "/workspace/cargo-home/bin/cargo" "+c60b92c03ca8a3b101eb9d57f51e2232690638c7" "metadata" "--manifest-path" "Cargo.toml" "--no-deps", kill_on_drop: false }`
[INFO] crate git repo https://github.com/lasder-ca/lvau already has a lockfile, it will not be regenerated
[INFO] running `Command { std: CARGO_HOME="/workspace/cargo-home" RUSTUP_HOME="/workspace/rustup-home" "/workspace/cargo-home/bin/cargo" "+c60b92c03ca8a3b101eb9d57f51e2232690638c7" "fetch" "--manifest-path" "Cargo.toml", kill_on_drop: false }`
[INFO] running `Command { std: "docker" "create" "-v" "/var/lib/crater-agent-workspace/builds/worker-2-tc2/source:/opt/rustwide/workdir:ro,Z" "-v" "/var/lib/crater-agent-workspace/builds/worker-2-tc2/target:/opt/rustwide/target:rw,Z" "-v" "/var/lib/crater-agent-workspace/cargo-home:/opt/rustwide/cargo-home:ro,Z" "-v" "/var/lib/crater-agent-workspace/rustup-home:/opt/rustwide/rustup-home:ro,Z" "-m" "1610612736" "--network" "none" "ghcr.io/rust-lang/crates-build-env/linux@sha256:77db811e55d90add9212f6832c23229e3de5f1c1f9905e8cb07319ea15df73ac" "sleep" "infinity", kill_on_drop: false }`
[INFO] [stdout] 2aa42cd2840130ee840c809318d676e651d5012c490b1efb22a1b642eb2c42ef
[INFO] running `Command { std: "docker" "start" "2aa42cd2840130ee840c809318d676e651d5012c490b1efb22a1b642eb2c42ef", kill_on_drop: false }`
[INFO] running `Command { std: "docker" "inspect" "2aa42cd2840130ee840c809318d676e651d5012c490b1efb22a1b642eb2c42ef", kill_on_drop: false }`
[INFO] running `Command { std: "docker" "exec" "-e" "SOURCE_DIR=/opt/rustwide/workdir" "-e" "CARGO_HOME=/opt/rustwide/cargo-home" "-e" "RUSTUP_HOME=/opt/rustwide/rustup-home" "-e" "CARGO_TARGET_DIR=/opt/rustwide/target" "-w" "/opt/rustwide/workdir" "--user" "0:0" "2aa42cd2840130ee840c809318d676e651d5012c490b1efb22a1b642eb2c42ef" "/opt/rustwide/cargo-home/bin/cargo" "+c60b92c03ca8a3b101eb9d57f51e2232690638c7" "metadata" "--no-deps" "--format-version=1", kill_on_drop: false }`
[INFO] running `Command { std: "docker" "inspect" "2aa42cd2840130ee840c809318d676e651d5012c490b1efb22a1b642eb2c42ef", kill_on_drop: false }`
[INFO] running `Command { std: "docker" "exec" "-e" "SOURCE_DIR=/opt/rustwide/workdir" "-e" "CARGO_HOME=/opt/rustwide/cargo-home" "-e" "RUSTUP_HOME=/opt/rustwide/rustup-home" "-e" "CARGO_TARGET_DIR=/opt/rustwide/target" "-e" "CARGO_INCREMENTAL=0" "-e" "RUST_BACKTRACE=full" "-e" "RUSTFLAGS=--cap-lints=forbid" "-e" "RUSTDOCFLAGS=--cap-lints=forbid" "-w" "/opt/rustwide/workdir" "--user" "0:0" "2aa42cd2840130ee840c809318d676e651d5012c490b1efb22a1b642eb2c42ef" "/opt/rustwide/cargo-home/bin/cargo" "+c60b92c03ca8a3b101eb9d57f51e2232690638c7" "check" "--frozen" "--all" "--all-targets" "--message-format=json", kill_on_drop: false }`
[INFO] [stderr]    Compiling proc-macro2 v1.0.106
[INFO] [stderr]    Compiling quote v1.0.46
[INFO] [stderr]    Compiling libc v0.2.189
[INFO] [stderr]    Compiling serde v1.0.228
[INFO] [stderr]     Checking log v0.4.33
[INFO] [stderr]     Checking rustix v1.1.4
[INFO] [stderr]     Checking generic-array v0.14.7
[INFO] [stderr]    Compiling zerocopy v0.8.52
[INFO] [stderr]    Compiling cc v1.2.65
[INFO] [stderr]     Checking subtle v2.6.1
[INFO] [stderr]    Compiling winnow v1.0.3
[INFO] [stderr]    Compiling toml_datetime v1.1.1+spec-1.1.0
[INFO] [stderr]     Checking fastrand v2.4.1
[INFO] [stderr]    Compiling getrandom v0.4.3
[INFO] [stderr]    Compiling serde_core v1.0.228
[INFO] [stderr]    Compiling syn v2.0.118
[INFO] [stderr]     Checking block-buffer v0.10.4
[INFO] [stderr]     Checking wayland-sys v0.31.11
[INFO] [stderr]     Checking futures-io v0.3.32
[INFO] [stderr]     Checking event-listener v5.4.2
[INFO] [stderr]     Checking concurrent-queue v2.5.0
[INFO] [stderr]    Compiling wayland-scanner v0.31.10
[INFO] [stderr]    Compiling wayland-backend v0.3.15
[INFO] [stderr]     Checking event-listener-strategy v0.5.4
[INFO] [stderr]    Compiling toml_parser v1.1.2+spec-1.1.0
[INFO] [stderr]     Checking futures-lite v2.6.1
[INFO] [stderr]     Checking getrandom v0.2.17
[INFO] [stderr]     Checking rand_core v0.6.4
[INFO] [stderr]     Checking crypto-common v0.1.7
[INFO] [stderr]    Compiling toml_edit v0.25.12+spec-1.1.0
[INFO] [stderr]     Checking digest v0.10.7
[INFO] [stderr]     Checking getrandom v0.3.4
[INFO] [stderr]    Compiling endi v1.1.1
[INFO] [stderr]    Compiling async-io v2.6.0
[INFO] [stderr]     Checking async-task v4.7.1
[INFO] [stderr]     Checking async-channel v2.5.0
[INFO] [stderr]    Compiling semver v1.0.28
[INFO] [stderr]     Checking piper v0.2.5
[INFO] [stderr]     Checking async-lock v3.4.2
[INFO] [stderr]     Checking blocking v1.6.2
[INFO] [stderr]    Compiling rustc_version v0.4.1
[INFO] [stderr]    Compiling syn v3.0.4
[INFO] [stderr]    Compiling proc-macro-crate v3.5.0
[INFO] [stderr]     Checking writeable v0.6.3
[INFO] [stderr]     Checking litemap v0.8.2
[INFO] [stderr]    Compiling icu_properties_data v2.2.0
[INFO] [stderr]    Compiling icu_normalizer_data v2.2.0
[INFO] [stderr]     Checking async-executor v1.14.0
[INFO] [stderr]     Checking rand_core v0.9.5
[INFO] [stderr]     Checking async-broadcast v0.7.2
[INFO] [stderr]     Checking ordered-stream v0.2.0
[INFO] [stderr]     Checking inout v0.1.4
[INFO] [stderr]     Checking futures-task v0.3.32
[INFO] [stderr]     Checking async-fs v2.2.0
[INFO] [stderr]     Checking universal-hash v0.5.1
[INFO] [stderr]    Compiling nix v0.29.0
[INFO] [stderr]    Compiling crossbeam-epoch v0.9.20
[INFO] [stderr]    Compiling curve25519-dalek v5.0.0
[INFO] [stderr]    Compiling curve25519-dalek v4.1.3
[INFO] [stderr]     Checking sha1 v0.10.6
[INFO] [stderr]     Checking xdg-home v1.3.0
[INFO] [stderr]    Compiling xml-rs v0.8.28
[INFO] [stderr]     Checking crossbeam-deque v0.8.6
[INFO] [stderr]     Checking polyval v0.6.2
[INFO] [stderr]     Checking form_urlencoded v1.2.2
[INFO] [stderr]     Checking aead v0.5.2
[INFO] [stderr]    Compiling gl_generator v0.14.0
[INFO] [stderr]     Checking memmap2 v0.9.11
[INFO] [stderr]    Compiling blake3 v1.8.5
[INFO] [stderr]     Checking aho-corasick v1.1.4
[INFO] [stderr]     Checking keccak v0.2.0
[INFO] [stderr]     Checking signature v2.2.0
[INFO] [stderr]     Checking regex-syntax v0.8.11
[INFO] [stderr]    Compiling synstructure v0.13.2
[INFO] [stderr]    Compiling zvariant_utils v2.1.0
[INFO] [stderr]    Compiling thiserror-impl v2.0.20
[INFO] [stderr]     Checking ppv-lite86 v0.2.21
[INFO] [stderr]     Checking base64ct v1.8.3
[INFO] [stderr]     Checking password-hash v0.5.0
[INFO] [stderr]     Checking hashbrown v0.15.5
[INFO] [stderr]     Checking rand_chacha v0.3.1
[INFO] [stderr]     Checking rand_chacha v0.9.0
[INFO] [stderr]     Checking ahash v0.8.12
[INFO] [stderr]     Checking rand v0.8.7
[INFO] [stderr]     Checking rand v0.9.4
[INFO] [stderr]     Checking polling v3.11.0
[INFO] [stderr]     Checking ed25519 v2.2.3
[INFO] [stderr]     Checking regex-automata v0.4.14
[INFO] [stderr]     Checking thiserror v2.0.20
[INFO] [stderr]     Checking cobs v0.3.0
[INFO] [stderr]     Checking ghash v0.5.1
[INFO] [stderr]     Checking rayon-core v1.13.0
[INFO] [stderr]     Checking poly1305 v0.8.0
[INFO] [stderr]     Checking blake2 v0.10.6
[INFO] [stderr]     Checking sha2 v0.10.9
[INFO] [stderr]    Compiling serde_derive v1.0.228
[INFO] [stderr]    Compiling zeroize_derive v1.5.0
[INFO] [stderr]    Compiling enumflags2_derive v0.7.12
[INFO] [stderr]    Compiling zerofrom-derive v0.1.7
[INFO] [stderr]    Compiling yoke-derive v0.8.2
[INFO] [stderr]    Compiling tracing-attributes v0.1.31
[INFO] [stderr]     Checking wayland-client v0.31.14
[INFO] [stderr]    Compiling zerovec-derive v0.11.3
[INFO] [stderr]    Compiling zvariant_derive v4.2.0
[INFO] [stderr]     Checking zerofrom v0.1.8
[INFO] [stderr]    Compiling displaydoc v0.2.6
[INFO] [stderr]    Compiling bytemuck_derive v1.10.2
[INFO] [stderr]     Checking yoke v0.8.3
[INFO] [stderr]     Checking wayland-protocols v0.32.13
[INFO] [stderr]    Compiling async-trait v0.1.89
[INFO] [stderr]     Checking tracing v0.1.44
[INFO] [stderr]    Compiling futures-macro v0.3.32
[INFO] [stderr]     Checking zerovec v0.11.6
[INFO] [stderr]     Checking zerotrie v0.2.4
[INFO] [stderr]    Compiling serde_repr v0.1.20
[INFO] [stderr]     Checking futures-util v0.3.32
[INFO] [stderr]     Checking tinystr v0.8.3
[INFO] [stderr]     Checking potential_utf v0.1.5
[INFO] [stderr]     Checking icu_locale_core v2.2.0
[INFO] [stderr]     Checking icu_collections v2.2.0
[INFO] [stderr]     Checking bytemuck v1.25.0
[INFO] [stderr]    Compiling curve25519-dalek-derive v0.1.1
[INFO] [stderr]    Compiling thiserror-impl v1.0.69
[INFO] [stderr]    Compiling zbus_macros v4.4.0
[INFO] [stderr]     Checking wayland-cursor v0.31.14
[INFO] [stderr]     Checking wayland-csd-frame v0.3.0
[INFO] [stderr]     Checking serde_spanned v1.1.1
[INFO] [stderr]     Checking same-file v1.0.6
[INFO] [stderr]     Checking anstyle v1.0.14
[INFO] [stderr]     Checking toml_writer v1.1.2+spec-1.1.0
[INFO] [stderr]     Checking icu_provider v2.2.0
[INFO] [stderr]     Checking accesskit v0.16.3
[INFO] [stderr]     Checking icu_properties v2.2.0
[INFO] [stderr]     Checking icu_normalizer v2.2.0
[INFO] [stderr]     Checking either v1.16.0
[INFO] [stderr]     Checking tiny-skia-path v0.11.4
[INFO] [stderr]     Checking thiserror v1.0.69
[INFO] [stderr]     Checking calloop v0.13.0
[INFO] [stderr]     Checking zeroize v1.9.0
[INFO] [stderr]     Checking enumflags2 v0.7.12
[INFO] [stderr]     Checking hybrid-array v0.4.13
[INFO] [stderr]     Checking cipher v0.4.4
[INFO] [stderr]     Checking zvariant v4.2.0
[INFO] [stderr]    Compiling quick-xml v0.30.0
[INFO] [stderr]     Checking idna_adapter v1.2.2
[INFO] [stderr]     Checking idna v1.1.0
[INFO] [stderr]     Checking crypto-common v0.2.2
[INFO] [stderr]     Checking block-buffer v0.12.1
[INFO] [stderr]     Checking inout v0.2.2
[INFO] [stderr]    Compiling zvariant_utils v3.4.0
[INFO] [stderr]     Checking url v2.5.8
[INFO] [stderr]    Compiling zvariant_derive v5.12.0
[INFO] [stderr]     Checking cipher v0.5.2
[INFO] [stderr]     Checking digest v0.11.3
[INFO] [stderr]     Checking universal-hash v0.6.1
[INFO] [stderr]     Checking aead v0.6.1
[INFO] [stderr]     Checking poly1305 v0.9.1
[INFO] [stderr]     Checking chacha20 v0.10.2
[INFO] [stderr]     Checking hmac v0.13.0
[INFO] [stderr]     Checking hkdf v0.13.0
[INFO] [stderr]     Checking x25519-dalek v3.0.0
[INFO] [stderr]     Checking aes v0.9.3
[INFO] [stderr]     Checking ctr v0.10.1
[INFO] [stderr]     Checking zbus_names v3.0.0
[INFO] [stderr]     Checking chacha20poly1305 v0.11.0
[INFO] [stderr]     Checking polyval v0.7.3
[INFO] [stderr]     Checking sha2 v0.11.0
[INFO] [stderr]     Checking sha3 v0.11.0
[INFO] [stderr]     Checking kem v0.3.0
[INFO] [stderr]     Checking module-lattice v0.2.3
[INFO] [stderr]     Checking chacha20 v0.9.1
[INFO] [stderr]     Checking ctr v0.9.2
[INFO] [stderr]     Checking aes v0.8.4
[INFO] [stderr]     Checking zbus_xml v4.0.0
[INFO] [stderr]     Checking zbus v4.4.0
[INFO] [stderr]     Checking ml-kem v0.3.2
[INFO] [stderr]     Checking hpke v0.14.1
[INFO] [stderr]     Checking zbus-lockstep v0.4.4
[INFO] [stderr]     Checking aes-gcm v0.10.3
[INFO] [stderr]     Checking chacha20poly1305 v0.10.1
[INFO] [stderr]     Checking aes-gcm-siv v0.12.1
[INFO] [stderr]     Checking calloop-wayland-source v0.3.0
[INFO] [stderr]     Checking lvau-protocol v0.6.0 (/opt/rustwide/workdir/crates/lvau-protocol)
[INFO] [stderr]     Checking secrecy v0.10.3
[INFO] [stderr]     Checking blahaj v0.6.0
[INFO] [stderr]     Checking postcard v1.1.3
[INFO] [stderr]     Checking rayon v1.12.0
[INFO] [stderr]     Checking toml v1.1.3+spec-1.1.0
[INFO] [stderr]     Checking serde_json v1.0.151
[INFO] [stderr]    Compiling zbus-lockstep-macros v0.4.4
[INFO] [stderr]     Checking walkdir v2.5.0
[INFO] [stderr]     Checking ed25519-dalek v2.2.0
[INFO] [stderr]     Checking argon2 v0.5.3
[INFO] [stderr]     Checking generic-array v1.4.5
[INFO] [stderr]     Checking x11-dl v2.21.0
[INFO] [stderr]     Checking gethostname v1.1.0
[INFO] [stderr]     Checking tempfile v3.27.0
[INFO] [stderr]     Checking parking_lot_core v0.9.12
[INFO] [stderr]     Checking utf8parse v0.2.2
[INFO] [stderr]     Checking x11rb v0.13.2
[INFO] [stderr]     Checking anstyle-parse v1.0.0
[INFO] [stderr]     Checking parking_lot v0.12.5
[INFO] [stdout] error[E0493]: destructor of `ArrayBuilder<T, N>` cannot be evaluated at compile-time
[INFO] [stdout]    --> /opt/rustwide/cargo-home/registry/src/index.crates.io-1949cf8c6b5b557f/generic-array-1.4.5/src/internal.rs:103:31
[INFO] [stdout]     |
[INFO] [stdout] 103 |     pub unsafe fn assume_init(self) -> GenericArray<T, N> {
[INFO] [stdout]     |                               ^^^^ the destructor for this type cannot be evaluated in constant functions
[INFO] [stdout] ...
[INFO] [stdout] 109 |     }
[INFO] [stdout]     |     - value is dropped here
[INFO] [stdout] 
[INFO] [stdout] 
[INFO] [stdout] error[E0493]: destructor of `GenericArray<core::mem::MaybeUninit<*const T>, N>` cannot be evaluated at compile-time
[INFO] [stdout]    --> /opt/rustwide/cargo-home/registry/src/index.crates.io-1949cf8c6b5b557f/generic-array-1.4.5/src/lib.rs:983:13
[INFO] [stdout]     |
[INFO] [stdout] 983 |         let mut out: GenericArray<MaybeUninit<*const T>, N> = GenericArray::uninit();
[INFO] [stdout]     |             ^^^^^^^ the destructor for this type cannot be evaluated in constant functions
[INFO] [stdout] ...
[INFO] [stdout] 998 |     }
[INFO] [stdout]     |     - value is dropped here
[INFO] [stdout] 
[INFO] [stdout] 
[INFO] [stdout] error[E0493]: destructor of `GenericArray<core::mem::MaybeUninit<*mut T>, N>` cannot be evaluated at compile-time
[INFO] [stdout]     --> /opt/rustwide/cargo-home/registry/src/index.crates.io-1949cf8c6b5b557f/generic-array-1.4.5/src/lib.rs:1018:13
[INFO] [stdout]      |
[INFO] [stdout] 1018 |         let mut out: GenericArray<MaybeUninit<*mut T>, N> = GenericArray::uninit();
[INFO] [stdout]      |             ^^^^^^^ the destructor for this type cannot be evaluated in constant functions
[INFO] [stdout] ...
[INFO] [stdout] 1033 |     }
[INFO] [stdout]      |     - value is dropped here
[INFO] [stdout] 
[INFO] [stdout] 
[INFO] [stdout] For more information about this error, try `rustc --explain E0493`.
[INFO] [stdout] 
[INFO] [stderr] error: could not compile `generic-array` (lib) due to 3 previous errors
[INFO] [stderr] warning: build failed, waiting for other jobs to finish...
[INFO] running `Command { std: "docker" "inspect" "2aa42cd2840130ee840c809318d676e651d5012c490b1efb22a1b642eb2c42ef", kill_on_drop: false }`
[INFO] running `Command { std: "docker" "rm" "-f" "2aa42cd2840130ee840c809318d676e651d5012c490b1efb22a1b642eb2c42ef", kill_on_drop: false }`
[INFO] [stdout] 2aa42cd2840130ee840c809318d676e651d5012c490b1efb22a1b642eb2c42ef
