[INFO] cloning repository https://github.com/kyasu1/pdforge
[INFO] running `Command { std: "git" "-c" "credential.helper=" "-c" "credential.helper=/workspace/cargo-home/bin/git-credential-null" "clone" "--bare" "https://github.com/kyasu1/pdforge" "/workspace/cache/git-repos/https%3A%2F%2Fgithub.com%2Fkyasu1%2Fpdforge", kill_on_drop: false }`
[INFO] [stderr] Cloning into bare repository '/workspace/cache/git-repos/https%3A%2F%2Fgithub.com%2Fkyasu1%2Fpdforge'...
[INFO] running `Command { std: "git" "rev-parse" "HEAD", kill_on_drop: false }`
[INFO] [stdout] 077b457dbf92b27bada0ed23f8ff076dd9a5ba40
[INFO] checking kyasu1/pdforge against c60b92c03ca8a3b101eb9d57f51e2232690638c7 for pr-164148-crater-rollup
[INFO] running `Command { std: "git" "clone" "/workspace/cache/git-repos/https%3A%2F%2Fgithub.com%2Fkyasu1%2Fpdforge" "/workspace/builds/worker-3-tc2/source", kill_on_drop: false }`
[INFO] [stderr] Cloning into '/workspace/builds/worker-3-tc2/source'...
[INFO] [stderr] done.
[INFO] started tweaking git repo https://github.com/kyasu1/pdforge
[INFO] finished tweaking git repo https://github.com/kyasu1/pdforge
[INFO] tweaked toml for git repo https://github.com/kyasu1/pdforge written to /workspace/builds/worker-3-tc2/source/Cargo.toml
[INFO] validating manifest of git repo https://github.com/kyasu1/pdforge on toolchain c60b92c03ca8a3b101eb9d57f51e2232690638c7
[INFO] running `Command { std: CARGO_HOME="/workspace/cargo-home" RUSTUP_HOME="/workspace/rustup-home" "/workspace/cargo-home/bin/cargo" "+c60b92c03ca8a3b101eb9d57f51e2232690638c7" "metadata" "--manifest-path" "Cargo.toml" "--no-deps", kill_on_drop: false }`
[INFO] crate git repo https://github.com/kyasu1/pdforge already has a lockfile, it will not be regenerated
[INFO] running `Command { std: CARGO_HOME="/workspace/cargo-home" RUSTUP_HOME="/workspace/rustup-home" "/workspace/cargo-home/bin/cargo" "+c60b92c03ca8a3b101eb9d57f51e2232690638c7" "fetch" "--manifest-path" "Cargo.toml", kill_on_drop: false }`
[INFO] running `Command { std: "docker" "create" "-v" "/var/lib/crater-agent-workspace/builds/worker-3-tc2/source:/opt/rustwide/workdir:ro,Z" "-v" "/var/lib/crater-agent-workspace/builds/worker-3-tc2/target:/opt/rustwide/target:rw,Z" "-v" "/var/lib/crater-agent-workspace/cargo-home:/opt/rustwide/cargo-home:ro,Z" "-v" "/var/lib/crater-agent-workspace/rustup-home:/opt/rustwide/rustup-home:ro,Z" "-m" "1610612736" "--network" "none" "ghcr.io/rust-lang/crates-build-env/linux@sha256:77db811e55d90add9212f6832c23229e3de5f1c1f9905e8cb07319ea15df73ac" "sleep" "infinity", kill_on_drop: false }`
[INFO] [stdout] d51613805afda7ca34277b917f102557ccd7744aa9bbff43e56ad7fd0155c0b9
[INFO] running `Command { std: "docker" "start" "d51613805afda7ca34277b917f102557ccd7744aa9bbff43e56ad7fd0155c0b9", kill_on_drop: false }`
[INFO] running `Command { std: "docker" "inspect" "d51613805afda7ca34277b917f102557ccd7744aa9bbff43e56ad7fd0155c0b9", kill_on_drop: false }`
[INFO] running `Command { std: "docker" "exec" "-e" "SOURCE_DIR=/opt/rustwide/workdir" "-e" "CARGO_HOME=/opt/rustwide/cargo-home" "-e" "RUSTUP_HOME=/opt/rustwide/rustup-home" "-e" "CARGO_TARGET_DIR=/opt/rustwide/target" "-w" "/opt/rustwide/workdir" "--user" "0:0" "d51613805afda7ca34277b917f102557ccd7744aa9bbff43e56ad7fd0155c0b9" "/opt/rustwide/cargo-home/bin/cargo" "+c60b92c03ca8a3b101eb9d57f51e2232690638c7" "metadata" "--no-deps" "--format-version=1", kill_on_drop: false }`
[INFO] running `Command { std: "docker" "inspect" "d51613805afda7ca34277b917f102557ccd7744aa9bbff43e56ad7fd0155c0b9", kill_on_drop: false }`
[INFO] running `Command { std: "docker" "exec" "-e" "SOURCE_DIR=/opt/rustwide/workdir" "-e" "CARGO_HOME=/opt/rustwide/cargo-home" "-e" "RUSTUP_HOME=/opt/rustwide/rustup-home" "-e" "CARGO_TARGET_DIR=/opt/rustwide/target" "-e" "CARGO_INCREMENTAL=0" "-e" "RUST_BACKTRACE=full" "-e" "RUSTFLAGS=--cap-lints=forbid" "-e" "RUSTDOCFLAGS=--cap-lints=forbid" "-w" "/opt/rustwide/workdir" "--user" "0:0" "d51613805afda7ca34277b917f102557ccd7744aa9bbff43e56ad7fd0155c0b9" "/opt/rustwide/cargo-home/bin/cargo" "+c60b92c03ca8a3b101eb9d57f51e2232690638c7" "check" "--frozen" "--all" "--all-targets" "--message-format=json", kill_on_drop: false }`
[INFO] [stderr]    Compiling libm v0.2.15
[INFO] [stderr]    Compiling num-traits v0.2.19
[INFO] [stderr]    Compiling syn v2.0.111
[INFO] [stderr]     Checking simd-adler32 v0.3.8
[INFO] [stderr]     Checking bitflags v2.13.1
[INFO] [stderr]     Checking stable_deref_trait v1.2.1
[INFO] [stderr]    Compiling zerocopy v0.8.31
[INFO] [stderr]     Checking tinyvec v1.10.0
[INFO] [stderr]    Compiling fst v0.4.7
[INFO] [stderr]    Compiling anyhow v1.0.100
[INFO] [stderr]     Checking miniz_oxide v0.8.9
[INFO] [stderr]     Checking fdeflate v0.3.7
[INFO] [stderr]    Compiling slotmap v1.1.1
[INFO] [stderr]    Compiling proc-macro2-diagnostics v0.10.1
[INFO] [stderr]    Compiling serde v1.0.228
[INFO] [stderr]    Compiling pathfinder_simd v0.5.5
[INFO] [stderr]     Checking rayon v1.12.0
[INFO] [stderr]     Checking as-slice v0.2.1
[INFO] [stderr]     Checking nom v8.0.0
[INFO] [stderr]    Compiling yansi v1.0.1
[INFO] [stderr]    Compiling av-scenechange v0.14.1
[INFO] [stderr]    Compiling regex-syntax v0.8.8
[INFO] [stderr]    Compiling built v0.8.0
[INFO] [stderr]     Checking flate2 v1.1.5
[INFO] [stderr]     Checking aligned v0.4.2
[INFO] [stderr]     Checking block-padding v0.4.2
[INFO] [stderr]     Checking core2 v0.4.0
[INFO] [stderr]    Compiling rav1e v0.8.1
[INFO] [stderr]    Compiling pastey v0.1.1
[INFO] [stderr]    Compiling unicode-canonical-combining-class v1.0.0
[INFO] [stderr]     Checking core_maths v0.1.1
[INFO] [stderr]     Checking unicode-bidi v0.3.18
[INFO] [stderr]     Checking zune-core v0.4.12
[INFO] [stderr]     Checking float-cmp v0.9.0
[INFO] [stderr]     Checking y4m v0.8.0
[INFO] [stderr]     Checking unicode-properties v0.1.4
[INFO] [stderr]    Compiling unicode-general-category v1.1.0
[INFO] [stderr]     Checking ucd-trie v0.1.7
[INFO] [stderr]     Checking rustc-hash v2.1.1
[INFO] [stderr]    Compiling unicode-joining-type v1.0.0
[INFO] [stderr]     Checking zune-jpeg v0.4.21
[INFO] [stderr]     Checking num-integer v0.1.46
[INFO] [stderr]     Checking euclid v0.22.11
[INFO] [stderr]     Checking num-bigint v0.4.6
[INFO] [stderr]    Compiling regex-automata v0.4.13
[INFO] [stderr]     Checking lyon_geom v1.0.19
[INFO] [stderr]     Checking strict-num v0.1.1
[INFO] [stderr]     Checking ttf-parser v0.25.1
[INFO] [stderr]     Checking bitstream-io v4.9.0
[INFO] [stderr]     Checking num-rational v0.4.2
[INFO] [stderr]     Checking inout v0.2.2
[INFO] [stderr]    Compiling simd_helpers v0.1.0
[INFO] [stderr]     Checking maybe-rayon v0.1.1
[INFO] [stderr]     Checking aho-corasick v1.1.4
[INFO] [stderr]     Checking aliasable v0.1.3
[INFO] [stderr]    Compiling noop_proc_macro v0.3.0
[INFO] [stderr]     Checking imgref v1.12.0
[INFO] [stderr]    Compiling synstructure v0.13.2
[INFO] [stderr]     Checking roxmltree v0.20.0
[INFO] [stderr]    Compiling regex v1.12.2
[INFO] [stderr]     Checking loop9 v0.1.5
[INFO] [stderr]     Checking pathfinder_geometry v0.5.1
[INFO] [stderr]     Checking fontconfig-parser v0.5.8
[INFO] [stderr]     Checking cipher v0.5.2
[INFO] [stderr]     Checking lyon_path v1.0.19
[INFO] [stderr]    Compiling parse-zoneinfo v0.3.1
[INFO] [stderr]     Checking pxfm v0.1.27
[INFO] [stderr]     Checking brotli-decompressor v5.0.0
[INFO] [stderr]     Checking png v0.18.0
[INFO] [stderr]     Checking zune-inflate v0.2.54
[INFO] [stderr]     Checking phf_shared v0.11.3
[INFO] [stderr]    Compiling phf v0.11.3
[INFO] [stderr]     Checking avif-serialize v0.8.6
[INFO] [stderr]     Checking memmap2 v0.9.9
[INFO] [stderr]    Compiling getrandom v0.4.3
[INFO] [stderr]    Compiling serde_derive v1.0.228
[INFO] [stderr]    Compiling bytemuck_derive v1.10.2
[INFO] [stderr]    Compiling zerocopy-derive v0.8.31
[INFO] [stderr]    Compiling equator-macro v0.4.2
[INFO] [stderr]    Compiling thiserror-impl v2.0.17
[INFO] [stderr]    Compiling arg_enum_proc_macro v0.3.4
[INFO] [stderr]     Checking equator v0.4.2
[INFO] [stderr]    Compiling profiling-procmacros v1.0.17
[INFO] [stderr]     Checking aligned-vec v0.6.4
[INFO] [stderr]     Checking profiling v1.0.17
[INFO] [stderr]    Compiling num-derive v0.4.2
[INFO] [stderr]     Checking v_frame v0.3.9
[INFO] [stderr]     Checking av1-grain v0.2.5
[INFO] [stderr]     Checking bytemuck v1.24.0
[INFO] [stderr]     Checking font-types v0.10.1
[INFO] [stderr]     Checking thiserror v2.0.17
[INFO] [stderr]     Checking rgb v0.8.52
[INFO] [stderr]    Compiling fax_derive v0.2.0
[INFO] [stderr]    Compiling ouroboros_macro v0.18.5
[INFO] [stderr]    Compiling enumflags2_derive v0.7.12
[INFO] [stderr]    Compiling zerofrom-derive v0.1.6
[INFO] [stderr]     Checking fax v0.2.6
[INFO] [stderr]     Checking enumflags2 v0.7.12
[INFO] [stderr]     Checking read-fonts v0.35.0
[INFO] [stderr]     Checking tiny-skia-path v0.11.4
[INFO] [stderr]    Compiling yoke-derive v0.7.5
[INFO] [stderr]     Checking ouroboros v0.18.5
[INFO] [stderr]    Compiling displaydoc v0.2.5
[INFO] [stderr]     Checking half v2.7.1
[INFO] [stderr]     Checking zerofrom v0.1.6
[INFO] [stderr]    Compiling phf_macros v0.11.3
[INFO] [stderr]    Compiling memchr v2.7.6
[INFO] [stderr]     Checking unicode-bidi-mirroring v0.4.0
[INFO] [stderr]     Checking zune-core v0.5.0
[INFO] [stderr]     Checking smallvec v1.15.1
[INFO] [stderr]     Checking unicode-ccc v0.4.0
[INFO] [stderr]    Compiling hyphenation_commons v0.8.4
[INFO] [stderr]    Compiling bincode v1.3.3
[INFO] [stderr]     Checking xmlwriter v0.1.0
[INFO] [stderr]     Checking bit_field v0.10.3
[INFO] [stderr]     Checking kurbo v0.11.3
[INFO] [stderr]     Checking rand_core v0.10.1
[INFO] [stderr]     Checking glyph-names v0.2.0
[INFO] [stderr]    Compiling pocket-resources v0.3.2
[INFO] [stderr]     Checking lebe v0.5.3
[INFO] [stderr]     Checking allsorts-azul v0.17.1
[INFO] [stderr]     Checking rustybuzz v0.20.1
[INFO] [stderr]     Checking exr v1.74.0
[INFO] [stderr]    Compiling pest v2.8.4
[INFO] [stderr]    Compiling hyphenation v0.8.4
[INFO] [stderr]     Checking svgtypes v0.15.3
[INFO] [stderr]     Checking kurbo v0.12.0
[INFO] [stderr]     Checking png v0.17.16
[INFO] [stderr]     Checking zune-jpeg v0.5.6
[INFO] [stderr]     Checking yoke v0.7.5
[INFO] [stderr]     Checking tiff v0.10.3
[INFO] [stderr]     Checking moxcms v0.7.10
[INFO] [stderr]     Checking qoi v0.4.1
[INFO] [stderr]     Checking fontdb v0.23.0
[INFO] [stderr]    Compiling zerovec-derive v0.10.3
[INFO] [stderr]    Compiling chrono-tz-build v0.3.0
[INFO] [stderr]     Checking ravif v0.12.0
[INFO] [stderr]     Checking gif v0.14.1
[INFO] [stderr]     Checking unicode-normalization v0.1.25
[INFO] [stderr]     Checking bstr v1.12.1
[INFO] [stderr]     Checking mmapio v0.9.1
[INFO] [stderr]     Checking getrandom v0.2.16
[INFO] [stderr]     Checking simplecss v0.2.2
[INFO] [stderr]     Checking imagesize v0.13.0
[INFO] [stderr]     Checking pico-args v0.5.0
[INFO] [stderr]     Checking float_next_after v1.0.0
[INFO] [stderr]     Checking azul-simplecss v0.2.0
[INFO] [stderr]     Checking data-url v0.3.2
[INFO] [stderr]     Checking xmlparser v0.13.6
[INFO] [stderr]     Checking unicode-vo v0.1.0
[INFO] [stderr]    Compiling serde_json v1.0.145
[INFO] [stderr]     Checking azul-css v0.0.12
[INFO] [stderr]     Checking globset v0.4.18
[INFO] [stderr]     Checking lyon_tessellation v1.0.19
[INFO] [stderr]     Checking usvg v0.45.1
[INFO] [stderr]     Checking rand_core v0.6.4
[INFO] [stderr]     Checking zerovec v0.10.4
[INFO] [stderr]    Compiling chrono-tz v0.9.0
[INFO] [stderr]    Compiling pest_meta v2.8.4
[INFO] [stderr]     Checking tiny-skia v0.11.4
[INFO] [stderr]     Checking chacha20 v0.10.1
[INFO] [stderr]     Checking write-fonts v0.43.0
[INFO] [stderr]     Checking skrifa v0.37.0
[INFO] [stderr]     Checking tinystr v0.7.6
[INFO] [stderr]     Checking ppv-lite86 v0.2.21
[INFO] [stderr]     Checking lyon_algorithms v1.0.19
[INFO] [stderr]     Checking gif v0.13.3
[INFO] [stderr]    Compiling time-core v0.1.9
[INFO] [stderr]     Checking gl-context-loader v0.1.10
[INFO] [stderr]     Checking grid v1.0.0
[INFO] [stderr]    Compiling num-conv v0.2.2
[INFO] [stderr]    Compiling icu_segmenter_data v1.5.1
[INFO] [stderr]     Checking taffy v0.10.1
[INFO] [stderr]    Compiling time-macros v0.2.31
[INFO] [stderr]     Checking icu_locid v1.5.0
[INFO] [stderr]     Checking image v0.25.9
[INFO] [stderr]     Checking chrono v0.4.42
[INFO] [stderr]     Checking resvg v0.45.1
[INFO] [stderr]     Checking rust-fontconfig v4.4.7
[INFO] [stderr]     Checking aes v0.9.1
[INFO] [stderr]     Checking rand_chacha v0.3.1
[INFO] [stderr]     Checking lyon v1.0.19
[INFO] [stderr]     Checking rand v0.10.2
[INFO] [stderr]    Compiling pest_generator v2.8.4
[INFO] [stderr]     Checking ignore v0.4.25
[INFO] [stderr]     Checking stringprep v0.1.5
[INFO] [stderr]     Checking md-5 v0.11.0
[INFO] [stderr]    Compiling icu_provider_macros v1.5.0
[INFO] [stderr]     Checking pdf-writer v0.12.1
[INFO] [stderr]     Checking ecb v0.2.0
[INFO] [stderr]     Checking cbc v0.2.1
[INFO] [stderr]     Checking roxmltree v0.21.1
[INFO] [stderr]     Checking agg-rust-azul v1.0.3
[INFO] [stderr]     Checking lru v0.16.3
[INFO] [stderr]     Checking rangemap v1.7.0
[INFO] [stderr]    Compiling by_address v1.2.1
[INFO] [stderr]    Compiling palette v0.7.6
[INFO] [stderr]     Checking deunicode v1.6.2
[INFO] [stderr]     Checking weezl v0.2.1
[INFO] [stderr]     Checking deranged v0.5.8
[INFO] [stderr]     Checking slug v0.1.6
[INFO] [stderr]    Compiling snafu-derive v0.8.9
[INFO] [stderr]     Checking lopdf v0.44.0
[INFO] [stderr]     Checking subsetter v0.2.3
[INFO] [stderr]    Compiling palette_derive v0.7.6
[INFO] [stderr]     Checking icu_provider v1.5.0
[INFO] [stderr]     Checking svg2pdf v0.13.0
[INFO] [stderr]     Checking time v0.3.53
[INFO] [stderr]    Compiling pest_derive v2.8.4
[INFO] [stderr]     Checking globwalk v0.9.1
[INFO] [stderr]     Checking rand v0.8.5
[INFO] [stderr]     Checking getrandom v0.3.4
[INFO] [stderr]     Checking icu_collections v1.5.0
[INFO] [stderr]     Checking approx v0.5.1
[INFO] [stderr]     Checking humansize v2.1.3
[INFO] [stderr]     Checking fast-srgb8 v1.0.0
[INFO] [stderr]     Checking icu_segmenter v1.5.0
[INFO] [stderr]     Checking snafu v0.8.9
[INFO] [stderr]     Checking uuid v1.19.0
[INFO] [stderr]     Checking qrcode v0.14.1
[INFO] [stderr]     Checking csscolorparser v0.7.2
[INFO] [stderr]    Compiling derive-new v0.7.0
[INFO] [stderr]     Checking azul-core v0.0.12
[INFO] [stderr]     Checking tera v1.20.1
[INFO] [stdout] error[E0493]: destructor of `NodeData` cannot be evaluated at compile-time
[INFO] [stdout]     --> /opt/rustwide/cargo-home/registry/src/index.crates.io-1949cf8c6b5b557f/azul-core-0.0.12/src/dom.rs:2946:45
[INFO] [stdout]      |
[INFO] [stdout] 2946 |     #[must_use] pub const fn with_tab_index(mut self, tab_index: TabIndex) -> Self {
[INFO] [stdout]      |                                             ^^^^^^^^ the destructor for this type cannot be evaluated in constant functions
[INFO] [stdout] ...
[INFO] [stdout] 2949 |     }
[INFO] [stdout]      |     - value is dropped here
[INFO] [stdout] 
[INFO] [stdout] 
[INFO] [stdout] error[E0493]: destructor of `NodeData` cannot be evaluated at compile-time
[INFO] [stdout]     --> /opt/rustwide/cargo-home/registry/src/index.crates.io-1949cf8c6b5b557f/azul-core-0.0.12/src/dom.rs:2951:51
[INFO] [stdout]      |
[INFO] [stdout] 2951 |     #[must_use] pub const fn with_contenteditable(mut self, contenteditable: bool) -> Self {
[INFO] [stdout]      |                                                   ^^^^^^^^ the destructor for this type cannot be evaluated in constant functions
[INFO] [stdout] ...
[INFO] [stdout] 2954 |     }
[INFO] [stdout]      |     - value is dropped here
[INFO] [stdout] 
[INFO] [stdout] 
[INFO] [stdout] error[E0493]: destructor of `NodeData` cannot be evaluated at compile-time
[INFO] [stdout]     --> /opt/rustwide/cargo-home/registry/src/index.crates.io-1949cf8c6b5b557f/azul-core-0.0.12/src/dom.rs:3095:13
[INFO] [stdout]      |
[INFO] [stdout] 3095 |         let mut s = Self::create_div();
[INFO] [stdout]      |             ^^^^^ the destructor for this type cannot be evaluated in constant functions
[INFO] [stdout] ...
[INFO] [stdout] 3098 |     }
[INFO] [stdout]      |     - value is dropped here
[INFO] [stdout] 
[INFO] [stdout] 
[INFO] [stdout] error[E0493]: destructor of `Dom` cannot be evaluated at compile-time
[INFO] [stdout]     --> /opt/rustwide/cargo-home/registry/src/index.crates.io-1949cf8c6b5b557f/azul-core-0.0.12/src/dom.rs:5801:13
[INFO] [stdout]      |
[INFO] [stdout] 5801 |         let mut s = Self {
[INFO] [stdout]      |             ^^^^^ the destructor for this type cannot be evaluated in constant functions
[INFO] [stdout] ...
[INFO] [stdout] 5809 |     }
[INFO] [stdout]      |     - value is dropped here
[INFO] [stdout] 
[INFO] [stdout] 
[INFO] [stdout] error[E0493]: destructor of `Dom` cannot be evaluated at compile-time
[INFO] [stdout]     --> /opt/rustwide/cargo-home/registry/src/index.crates.io-1949cf8c6b5b557f/azul-core-0.0.12/src/dom.rs:5976:45
[INFO] [stdout]      |
[INFO] [stdout] 5976 |     #[must_use] pub const fn with_tab_index(mut self, tab_index: TabIndex) -> Self {
[INFO] [stdout]      |                                             ^^^^^^^^ the destructor for this type cannot be evaluated in constant functions
[INFO] [stdout] ...
[INFO] [stdout] 5979 |     }
[INFO] [stdout]      |     - value is dropped here
[INFO] [stdout] 
[INFO] [stdout] 
[INFO] [stdout] error[E0493]: destructor of `Dom` cannot be evaluated at compile-time
[INFO] [stdout]     --> /opt/rustwide/cargo-home/registry/src/index.crates.io-1949cf8c6b5b557f/azul-core-0.0.12/src/dom.rs:5981:51
[INFO] [stdout]      |
[INFO] [stdout] 5981 |     #[must_use] pub const fn with_contenteditable(mut self, contenteditable: bool) -> Self {
[INFO] [stdout]      |                                                   ^^^^^^^^ the destructor for this type cannot be evaluated in constant functions
[INFO] [stdout] ...
[INFO] [stdout] 5984 |     }
[INFO] [stdout]      |     - value is dropped here
[INFO] [stdout] 
[INFO] [stdout] 
[INFO] [stdout] For more information about this error, try `rustc --explain E0493`.
[INFO] [stdout] 
[INFO] [stderr] error: could not compile `azul-core` (lib) due to 6 previous errors
[INFO] running `Command { std: "docker" "inspect" "d51613805afda7ca34277b917f102557ccd7744aa9bbff43e56ad7fd0155c0b9", kill_on_drop: false }`
[INFO] running `Command { std: "docker" "rm" "-f" "d51613805afda7ca34277b917f102557ccd7744aa9bbff43e56ad7fd0155c0b9", kill_on_drop: false }`
[INFO] [stdout] d51613805afda7ca34277b917f102557ccd7744aa9bbff43e56ad7fd0155c0b9
