[INFO] cloning repository https://github.com/kpreid/descriptive-unwrap
[INFO] running `Command { std: "git" "-c" "credential.helper=" "-c" "credential.helper=/workspace/cargo-home/bin/git-credential-null" "clone" "--bare" "https://github.com/kpreid/descriptive-unwrap" "/workspace/cache/git-repos/https%3A%2F%2Fgithub.com%2Fkpreid%2Fdescriptive-unwrap", kill_on_drop: false }`
[INFO] [stderr] Cloning into bare repository '/workspace/cache/git-repos/https%3A%2F%2Fgithub.com%2Fkpreid%2Fdescriptive-unwrap'...
[INFO] running `Command { std: "git" "rev-parse" "HEAD", kill_on_drop: false }`
[INFO] [stdout] a620c981a48804dde8235d97743489aad065425e
[INFO] checking kpreid/descriptive-unwrap against c60b92c03ca8a3b101eb9d57f51e2232690638c7 for pr-164148-crater-rollup
[INFO] running `Command { std: "git" "clone" "/workspace/cache/git-repos/https%3A%2F%2Fgithub.com%2Fkpreid%2Fdescriptive-unwrap" "/workspace/builds/worker-6-tc2/source", kill_on_drop: false }`
[INFO] [stderr] Cloning into '/workspace/builds/worker-6-tc2/source'...
[INFO] [stderr] done.
[INFO] started tweaking git repo https://github.com/kpreid/descriptive-unwrap
[INFO] finished tweaking git repo https://github.com/kpreid/descriptive-unwrap
[INFO] tweaked toml for git repo https://github.com/kpreid/descriptive-unwrap written to /workspace/builds/worker-6-tc2/source/Cargo.toml
[INFO] validating manifest of git repo https://github.com/kpreid/descriptive-unwrap on toolchain c60b92c03ca8a3b101eb9d57f51e2232690638c7
[INFO] running `Command { std: CARGO_HOME="/workspace/cargo-home" RUSTUP_HOME="/workspace/rustup-home" "/workspace/cargo-home/bin/cargo" "+c60b92c03ca8a3b101eb9d57f51e2232690638c7" "metadata" "--manifest-path" "Cargo.toml" "--no-deps", kill_on_drop: false }`
[INFO] crate git repo https://github.com/kpreid/descriptive-unwrap already has a lockfile, it will not be regenerated
[INFO] running `Command { std: CARGO_HOME="/workspace/cargo-home" RUSTUP_HOME="/workspace/rustup-home" "/workspace/cargo-home/bin/cargo" "+c60b92c03ca8a3b101eb9d57f51e2232690638c7" "fetch" "--manifest-path" "Cargo.toml", kill_on_drop: false }`
[INFO] running `Command { std: "docker" "create" "-v" "/var/lib/crater-agent-workspace/builds/worker-6-tc2/source:/opt/rustwide/workdir:ro,Z" "-v" "/var/lib/crater-agent-workspace/builds/worker-6-tc2/target:/opt/rustwide/target:rw,Z" "-v" "/var/lib/crater-agent-workspace/cargo-home:/opt/rustwide/cargo-home:ro,Z" "-v" "/var/lib/crater-agent-workspace/rustup-home:/opt/rustwide/rustup-home:ro,Z" "-m" "1610612736" "--network" "none" "ghcr.io/rust-lang/crates-build-env/linux@sha256:77db811e55d90add9212f6832c23229e3de5f1c1f9905e8cb07319ea15df73ac" "sleep" "infinity", kill_on_drop: false }`
[INFO] [stdout] a0d5f2579eef18c5bda68f7f5715ae350117250e0850d6bd727cfe37cbdcc512
[INFO] running `Command { std: "docker" "start" "a0d5f2579eef18c5bda68f7f5715ae350117250e0850d6bd727cfe37cbdcc512", kill_on_drop: false }`
[INFO] running `Command { std: "docker" "inspect" "a0d5f2579eef18c5bda68f7f5715ae350117250e0850d6bd727cfe37cbdcc512", kill_on_drop: false }`
[INFO] running `Command { std: "docker" "exec" "-e" "SOURCE_DIR=/opt/rustwide/workdir" "-e" "CARGO_HOME=/opt/rustwide/cargo-home" "-e" "RUSTUP_HOME=/opt/rustwide/rustup-home" "-e" "CARGO_TARGET_DIR=/opt/rustwide/target" "-w" "/opt/rustwide/workdir" "--user" "0:0" "a0d5f2579eef18c5bda68f7f5715ae350117250e0850d6bd727cfe37cbdcc512" "/opt/rustwide/cargo-home/bin/cargo" "+c60b92c03ca8a3b101eb9d57f51e2232690638c7" "metadata" "--no-deps" "--format-version=1", kill_on_drop: false }`
[INFO] running `Command { std: "docker" "inspect" "a0d5f2579eef18c5bda68f7f5715ae350117250e0850d6bd727cfe37cbdcc512", kill_on_drop: false }`
[INFO] running `Command { std: "docker" "exec" "-e" "SOURCE_DIR=/opt/rustwide/workdir" "-e" "CARGO_HOME=/opt/rustwide/cargo-home" "-e" "RUSTUP_HOME=/opt/rustwide/rustup-home" "-e" "CARGO_TARGET_DIR=/opt/rustwide/target" "-e" "CARGO_INCREMENTAL=0" "-e" "RUST_BACKTRACE=full" "-e" "RUSTFLAGS=--cap-lints=forbid" "-e" "RUSTDOCFLAGS=--cap-lints=forbid" "-w" "/opt/rustwide/workdir" "--user" "0:0" "a0d5f2579eef18c5bda68f7f5715ae350117250e0850d6bd727cfe37cbdcc512" "/opt/rustwide/cargo-home/bin/cargo" "+c60b92c03ca8a3b101eb9d57f51e2232690638c7" "check" "--frozen" "--all" "--all-targets" "--message-format=json", kill_on_drop: false }`
[INFO] [stderr]    Compiling proc-macro2 v1.0.104
[INFO] [stderr]    Compiling libc v0.2.178
[INFO] [stderr]    Compiling serde_core v1.0.228
[INFO] [stderr]    Compiling rustix v1.1.3
[INFO] [stderr]     Checking winnow v0.7.14
[INFO] [stderr]     Checking once_cell v1.21.3
[INFO] [stderr]     Checking content_inspector v0.2.4
[INFO] [stderr]     Checking similar v2.7.0
[INFO] [stderr]     Checking normalize-line-endings v0.3.0
[INFO] [stderr]     Checking toml_writer v1.0.6+spec-1.1.0
[INFO] [stderr]     Checking humantime v2.3.0
[INFO] [stderr]     Checking indexmap v2.12.1
[INFO] [stderr]     Checking snapbox-macros v0.4.0
[INFO] [stderr]     Checking descriptive-unwrap v0.1.0 (/opt/rustwide/workdir)
[INFO] [stderr]    Compiling panic-example-test v0.0.0 (/opt/rustwide/workdir/panic-example-test)
[INFO] [stderr]     Checking dunce v1.0.5
[INFO] [stderr]     Checking shlex v1.3.0
[INFO] [stdout] error[E0493]: destructor of `Option<T>` cannot be evaluated at compile-time
[INFO] [stdout]    --> src/lib.rs:306:37
[INFO] [stdout]     |
[INFO] [stdout] 306 | pub const fn none_is_unreachable<T>(option: Option<T>) -> T {
[INFO] [stdout]     |                                     ^^^^^^ the destructor for this type cannot be evaluated in constant functions
[INFO] [stdout] ...
[INFO] [stdout] 314 | }
[INFO] [stdout]     | - value is dropped here
[INFO] [stdout] 
[INFO] [stdout] 
[INFO] [stdout] error[E0493]: destructor of `Option<T>` cannot be evaluated at compile-time
[INFO] [stdout]    --> src/lib.rs:349:30
[INFO] [stdout]     |
[INFO] [stdout] 349 | pub const fn none_is_todo<T>(option: Option<T>) -> T {
[INFO] [stdout]     |                              ^^^^^^ the destructor for this type cannot be evaluated in constant functions
[INFO] [stdout] ...
[INFO] [stdout] 359 | }
[INFO] [stdout]     | - value is dropped here
[INFO] [stdout] 
[INFO] [stdout] 
[INFO] [stdout] For more information about this error, try `rustc --explain E0493`.
[INFO] [stdout] 
[INFO] [stderr] error: could not compile `descriptive-unwrap` (lib) due to 2 previous errors
[INFO] [stderr] warning: build failed, waiting for other jobs to finish...
[INFO] [stdout] error[E0493]: destructor of `Option<T>` cannot be evaluated at compile-time
[INFO] [stdout]    --> src/lib.rs:306:37
[INFO] [stdout]     |
[INFO] [stdout] 306 | pub const fn none_is_unreachable<T>(option: Option<T>) -> T {
[INFO] [stdout]     |                                     ^^^^^^ the destructor for this type cannot be evaluated in constant functions
[INFO] [stdout] ...
[INFO] [stdout] 314 | }
[INFO] [stdout]     | - value is dropped here
[INFO] [stdout] 
[INFO] [stdout] 
[INFO] [stdout] error[E0493]: destructor of `Option<T>` cannot be evaluated at compile-time
[INFO] [stdout]    --> src/lib.rs:349:30
[INFO] [stdout]     |
[INFO] [stdout] 349 | pub const fn none_is_todo<T>(option: Option<T>) -> T {
[INFO] [stdout]     |                              ^^^^^^ the destructor for this type cannot be evaluated in constant functions
[INFO] [stdout] ...
[INFO] [stdout] 359 | }
[INFO] [stdout]     | - value is dropped here
[INFO] [stdout] 
[INFO] [stdout] 
[INFO] [stdout] For more information about this error, try `rustc --explain E0493`.
[INFO] [stdout] 
[INFO] [stderr] error: could not compile `descriptive-unwrap` (lib test) due to 2 previous errors
[INFO] running `Command { std: "docker" "inspect" "a0d5f2579eef18c5bda68f7f5715ae350117250e0850d6bd727cfe37cbdcc512", kill_on_drop: false }`
[INFO] running `Command { std: "docker" "rm" "-f" "a0d5f2579eef18c5bda68f7f5715ae350117250e0850d6bd727cfe37cbdcc512", kill_on_drop: false }`
[INFO] [stdout] a0d5f2579eef18c5bda68f7f5715ae350117250e0850d6bd727cfe37cbdcc512
