[INFO] cloning repository https://github.com/koisland/rs-cdr-finder
[INFO] running `Command { std: "git" "-c" "credential.helper=" "-c" "credential.helper=/workspace/cargo-home/bin/git-credential-null" "clone" "--bare" "https://github.com/koisland/rs-cdr-finder" "/workspace/cache/git-repos/https%3A%2F%2Fgithub.com%2Fkoisland%2Frs-cdr-finder", kill_on_drop: false }`
[INFO] [stderr] Cloning into bare repository '/workspace/cache/git-repos/https%3A%2F%2Fgithub.com%2Fkoisland%2Frs-cdr-finder'...
[INFO] running `Command { std: "git" "rev-parse" "HEAD", kill_on_drop: false }`
[INFO] [stdout] 7e8b41ddf07f0c03dcc230ef6978935e952f6485
[INFO] checking koisland/rs-cdr-finder against c60b92c03ca8a3b101eb9d57f51e2232690638c7 for pr-164148-crater-rollup
[INFO] running `Command { std: "git" "clone" "/workspace/cache/git-repos/https%3A%2F%2Fgithub.com%2Fkoisland%2Frs-cdr-finder" "/workspace/builds/worker-2-tc2/source", kill_on_drop: false }`
[INFO] [stderr] Cloning into '/workspace/builds/worker-2-tc2/source'...
[INFO] [stderr] done.
[INFO] started tweaking git repo https://github.com/koisland/rs-cdr-finder
[INFO] finished tweaking git repo https://github.com/koisland/rs-cdr-finder
[INFO] tweaked toml for git repo https://github.com/koisland/rs-cdr-finder written to /workspace/builds/worker-2-tc2/source/Cargo.toml
[INFO] validating manifest of git repo https://github.com/koisland/rs-cdr-finder on toolchain c60b92c03ca8a3b101eb9d57f51e2232690638c7
[INFO] running `Command { std: CARGO_HOME="/workspace/cargo-home" RUSTUP_HOME="/workspace/rustup-home" "/workspace/cargo-home/bin/cargo" "+c60b92c03ca8a3b101eb9d57f51e2232690638c7" "metadata" "--manifest-path" "Cargo.toml" "--no-deps", kill_on_drop: false }`
[INFO] crate git repo https://github.com/koisland/rs-cdr-finder already has a lockfile, it will not be regenerated
[INFO] running `Command { std: CARGO_HOME="/workspace/cargo-home" RUSTUP_HOME="/workspace/rustup-home" "/workspace/cargo-home/bin/cargo" "+c60b92c03ca8a3b101eb9d57f51e2232690638c7" "fetch" "--manifest-path" "Cargo.toml", kill_on_drop: false }`
[INFO] running `Command { std: "docker" "create" "-v" "/var/lib/crater-agent-workspace/builds/worker-2-tc2/source:/opt/rustwide/workdir:ro,Z" "-v" "/var/lib/crater-agent-workspace/builds/worker-2-tc2/target:/opt/rustwide/target:rw,Z" "-v" "/var/lib/crater-agent-workspace/cargo-home:/opt/rustwide/cargo-home:ro,Z" "-v" "/var/lib/crater-agent-workspace/rustup-home:/opt/rustwide/rustup-home:ro,Z" "-m" "1610612736" "--network" "none" "ghcr.io/rust-lang/crates-build-env/linux@sha256:77db811e55d90add9212f6832c23229e3de5f1c1f9905e8cb07319ea15df73ac" "sleep" "infinity", kill_on_drop: false }`
[INFO] [stdout] 2aae3c02c9a1402f7f4877b0c2e8bf6c42b4ec626c2f301571b6024516b38109
[INFO] running `Command { std: "docker" "start" "2aae3c02c9a1402f7f4877b0c2e8bf6c42b4ec626c2f301571b6024516b38109", kill_on_drop: false }`
[INFO] running `Command { std: "docker" "inspect" "2aae3c02c9a1402f7f4877b0c2e8bf6c42b4ec626c2f301571b6024516b38109", kill_on_drop: false }`
[INFO] running `Command { std: "docker" "exec" "-e" "SOURCE_DIR=/opt/rustwide/workdir" "-e" "CARGO_HOME=/opt/rustwide/cargo-home" "-e" "RUSTUP_HOME=/opt/rustwide/rustup-home" "-e" "CARGO_TARGET_DIR=/opt/rustwide/target" "-w" "/opt/rustwide/workdir" "--user" "0:0" "2aae3c02c9a1402f7f4877b0c2e8bf6c42b4ec626c2f301571b6024516b38109" "/opt/rustwide/cargo-home/bin/cargo" "+c60b92c03ca8a3b101eb9d57f51e2232690638c7" "metadata" "--no-deps" "--format-version=1", kill_on_drop: false }`
[INFO] running `Command { std: "docker" "inspect" "2aae3c02c9a1402f7f4877b0c2e8bf6c42b4ec626c2f301571b6024516b38109", kill_on_drop: false }`
[INFO] running `Command { std: "docker" "exec" "-e" "SOURCE_DIR=/opt/rustwide/workdir" "-e" "CARGO_HOME=/opt/rustwide/cargo-home" "-e" "RUSTUP_HOME=/opt/rustwide/rustup-home" "-e" "CARGO_TARGET_DIR=/opt/rustwide/target" "-e" "CARGO_INCREMENTAL=0" "-e" "RUST_BACKTRACE=full" "-e" "RUSTFLAGS=--cap-lints=forbid" "-e" "RUSTDOCFLAGS=--cap-lints=forbid" "-w" "/opt/rustwide/workdir" "--user" "0:0" "2aae3c02c9a1402f7f4877b0c2e8bf6c42b4ec626c2f301571b6024516b38109" "/opt/rustwide/cargo-home/bin/cargo" "+c60b92c03ca8a3b101eb9d57f51e2232690638c7" "check" "--frozen" "--all" "--all-targets" "--message-format=json", kill_on_drop: false }`
[INFO] [stderr]    Compiling libc v0.2.177
[INFO] [stderr]    Compiling find-msvc-tools v0.1.5
[INFO] [stderr]    Compiling libm v0.2.15
[INFO] [stderr]    Compiling serde_core v1.0.228
[INFO] [stderr]    Compiling zerocopy v0.8.30
[INFO] [stderr]    Compiling num-traits v0.2.19
[INFO] [stderr]     Checking bytemuck v1.24.0
[INFO] [stderr]     Checking zlib-rs v0.5.2
[INFO] [stderr]     Checking byteorder v1.5.0
[INFO] [stderr]     Checking smallvec v1.15.1
[INFO] [stderr]    Compiling syn v2.0.111
[INFO] [stderr]     Checking crossbeam-channel v0.5.15
[INFO] [stderr]     Checking crc32fast v1.5.0
[INFO] [stderr]    Compiling syn v1.0.109
[INFO] [stderr]     Checking writeable v0.6.2
[INFO] [stderr]     Checking litemap v0.8.1
[INFO] [stderr]    Compiling icu_properties_data v2.1.1
[INFO] [stderr]    Compiling icu_normalizer_data v2.1.1
[INFO] [stderr]    Compiling matrixmultiply v0.3.10
[INFO] [stderr]    Compiling serde_json v1.0.145
[INFO] [stderr]    Compiling rustix v1.1.2
[INFO] [stderr]     Checking futures-core v0.3.31
[INFO] [stderr]     Checking hashbrown v0.16.1
[INFO] [stderr]     Checking futures-sink v0.3.31
[INFO] [stderr]     Checking crossbeam-epoch v0.9.18
[INFO] [stderr]     Checking tracing-core v0.1.35
[INFO] [stderr]     Checking bstr v1.12.1
[INFO] [stderr]    Compiling semver v0.1.20
[INFO] [stderr]    Compiling semver v1.0.27
[INFO] [stderr]    Compiling memchr v2.7.6
[INFO] [stderr]     Checking thread-tree v0.3.3
[INFO] [stderr]    Compiling rustc_version v0.1.7
[INFO] [stderr]    Compiling pest v2.8.4
[INFO] [stderr]    Compiling rustc_version v0.4.1
[INFO] [stderr]     Checking safe_arch v0.7.4
[INFO] [stderr]     Checking crossbeam-deque v0.8.6
[INFO] [stderr]     Checking regex-syntax v0.8.8
[INFO] [stderr]    Compiling typenum v1.19.0
[INFO] [stderr]     Checking percent-encoding v2.3.2
[INFO] [stderr]    Compiling quick-error v1.2.3
[INFO] [stderr]    Compiling pathfinder_simd v0.5.5
[INFO] [stderr]    Compiling fs-utils v1.1.4
[INFO] [stderr]     Checking form_urlencoded v1.2.2
[INFO] [stderr]     Checking wide v0.7.33
[INFO] [stderr]    Compiling newtype_derive v0.1.6
[INFO] [stderr]     Checking futures-channel v0.3.31
[INFO] [stderr]    Compiling yeslogic-fontconfig-sys v6.0.0
[INFO] [stderr]     Checking indexmap v2.12.1
[INFO] [stderr]    Compiling rustls v0.21.12
[INFO] [stderr]    Compiling glob v0.3.3
[INFO] [stderr]     Checking destructure_traitobject v0.2.0
[INFO] [stderr]    Compiling jobserver v0.1.34
[INFO] [stderr]    Compiling feature-probe v0.1.1
[INFO] [stderr]     Checking iana-time-zone v0.1.64
[INFO] [stderr]     Checking rustls-pemfile v1.0.4
[INFO] [stderr]     Checking unsafe-any-ors v1.0.0
[INFO] [stderr]    Compiling bv v0.11.1
[INFO] [stderr]     Checking libz-rs-sys v0.5.2
[INFO] [stderr]     Checking getrandom v0.2.16
[INFO] [stderr]     Checking getrandom v0.3.4
[INFO] [stderr]    Compiling cc v1.2.48
[INFO] [stderr]     Checking num_cpus v1.17.0
[INFO] [stderr]     Checking flate2 v1.1.5
[INFO] [stderr]     Checking rand_core v0.9.3
[INFO] [stderr]     Checking rand_core v0.6.4
[INFO] [stderr]     Checking dirs-sys-next v0.1.2
[INFO] [stderr]     Checking parking_lot_core v0.9.12
[INFO] [stderr]     Checking rayon-core v1.13.0
[INFO] [stderr]     Checking csv-core v0.1.13
[INFO] [stderr]     Checking thread_local v1.1.9
[INFO] [stderr]     Checking libloading v0.8.9
[INFO] [stderr]     Checking openssl-probe v0.1.6
[INFO] [stderr]     Checking time-core v0.1.6
[INFO] [stderr]     Checking unsafe-libyaml v0.2.11
[INFO] [stderr]    Compiling peroxide v0.32.1
[INFO] [stderr]     Checking ucd-trie v0.1.7
[INFO] [stderr]    Compiling portable-atomic v1.11.1
[INFO] [stderr]     Checking num-integer v0.1.46
[INFO] [stderr]     Checking num-complex v0.4.6
[INFO] [stderr]     Checking approx v0.5.1
[INFO] [stderr]    Compiling pest_meta v2.8.4
[INFO] [stderr]     Checking ordered-float v2.10.1
[INFO] [stderr]     Checking regex-automata v0.4.13
[INFO] [stderr]     Checking num-bigint v0.4.6
[INFO] [stderr]     Checking terminal_size v0.4.3
[INFO] [stderr]     Checking chrono v0.4.42
[INFO] [stderr]    Compiling doc-comment v0.3.4
[INFO] [stderr]     Checking png v0.17.16
[INFO] [stderr]     Checking time v0.3.44
[INFO] [stderr]     Checking ppv-lite86 v0.2.21
[INFO] [stderr]     Checking ahash v0.8.12
[INFO] [stderr]     Checking dirs-sys v0.5.0
[INFO] [stderr]    Compiling cmake v0.1.54
[INFO] [stderr]    Compiling openssl-src v300.5.4+3.5.4
[INFO] [stderr]     Checking hashbrown v0.13.2
[INFO] [stderr]     Checking simba v0.6.0
[INFO] [stderr]     Checking clap_builder v4.5.53
[INFO] [stderr]     Checking rand_chacha v0.3.1
[INFO] [stderr]     Checking rand_chacha v0.9.0
[INFO] [stderr]     Checking csv v1.4.0
[INFO] [stderr]     Checking rand v0.8.5
[INFO] [stderr]     Checking rand v0.9.2
[INFO] [stderr]     Checking num-iter v0.1.45
[INFO] [stderr]     Checking dlib v0.5.2
[INFO] [stderr]    Compiling ring v0.17.14
[INFO] [stderr]    Compiling libz-sys v1.1.23
[INFO] [stderr]    Compiling openssl-sys v0.9.111
[INFO] [stderr]     Checking num-rational v0.4.2
[INFO] [stderr]    Compiling curl-sys v0.4.84+curl-8.17.0
[INFO] [stderr]     Checking rand_distr v0.4.3
[INFO] [stderr]    Compiling bzip2-sys v0.1.13+1.0.8
[INFO] [stderr]    Compiling lzma-sys v0.1.20
[INFO] [stderr]    Compiling libdeflate-sys v0.13.0
[INFO] [stderr]    Compiling freetype-sys v0.20.1
[INFO] [stderr]    Compiling hts-sys v2.2.0
[INFO] [stderr]     Checking rayon v1.11.0
[INFO] [stderr]     Checking rustls-native-certs v0.6.3
[INFO] [stderr]     Checking noodles-bgzf v0.38.0
[INFO] [stderr]     Checking parking_lot v0.12.5
[INFO] [stderr]     Checking dirs-next v2.0.0
[INFO] [stderr]     Checking nanorand v0.7.0
[INFO] [stderr]    Compiling nalgebra-macros v0.1.0
[INFO] [stderr]    Compiling peroxide-ad v0.3.0
[INFO] [stderr]     Checking regex v1.12.2
[INFO] [stderr]    Compiling ufmt-macros v0.3.0
[INFO] [stderr]     Checking thread-id v5.0.0
[INFO] [stderr]     Checking typemap-ors v1.0.0
[INFO] [stderr]     Checking http v0.2.12
[INFO] [stderr]     Checking noodles-core v0.17.0
[INFO] [stderr]    Compiling substring v1.4.5
[INFO] [stderr]     Checking bit-vec v0.6.3
[INFO] [stderr]     Checking weezl v0.1.12
[INFO] [stderr]     Checking log-mdc v0.1.0
[INFO] [stderr]     Checking humantime v2.3.0
[INFO] [stderr]     Checking mock_instant v0.6.0
[INFO] [stderr]     Checking fixedbitset v0.4.2
[INFO] [stderr]     Checking custom_derive v0.1.7
[INFO] [stderr]     Checking puruspe v0.2.5
[INFO] [stderr]    Compiling font-kit v0.14.3
[INFO] [stderr]     Checking ufmt-write v0.1.0
[INFO] [stderr]     Checking arc-swap v1.7.1
[INFO] [stderr]     Checking order-stat v0.1.3
[INFO] [stderr]     Checking jpeg-decoder v0.3.2
[INFO] [stderr]     Checking ufmt v0.2.0
[INFO] [stderr]     Checking petgraph v0.6.5
[INFO] [stderr]     Checking gif v0.12.0
[INFO] [stderr]     Checking tempfile v3.23.0
[INFO] [stderr]     Checking console v0.15.11
[INFO] [stderr]     Checking bit-set v0.5.3
[INFO] [stderr]     Checking noodles-fasta v0.51.0
[INFO] [stderr]    Compiling derive-new v0.5.9
[INFO] [stderr]     Checking term v0.7.0
[INFO] [stderr]    Compiling synstructure v0.13.2
[INFO] [stderr]    Compiling pest_generator v2.8.4
[INFO] [stderr]     Checking num v0.4.3
[INFO] [stderr]     Checking image v0.24.9
[INFO] [stderr]     Checking lru v0.9.0
[INFO] [stderr]     Checking ndarray v0.15.6
[INFO] [stderr]     Checking dirs v6.0.0
[INFO] [stderr]     Checking ordered-float v3.9.2
[INFO] [stderr]     Checking itertools-num v0.1.3
[INFO] [stderr]     Checking noodles-bgzf v0.43.0
[INFO] [stderr]     Checking core_affinity v0.8.3
[INFO] [stderr]     Checking is-terminal v0.4.17
[INFO] [stderr]     Checking special v0.10.3
[INFO] [stderr]     Checking noodles-core v0.18.0
[INFO] [stderr]     Checking byteordered v0.6.0
[INFO] [stderr]     Checking fxhash v0.2.1
[INFO] [stderr]     Checking tokio v1.48.0
[INFO] [stderr]     Checking itertools v0.10.5
[INFO] [stderr]     Checking itertools v0.11.0
[INFO] [stderr]     Checking crossbeam-queue v0.3.12
[INFO] [stderr]     Checking triple_accel v0.4.0
[INFO] [stderr]    Compiling eyre v0.6.12
[INFO] [stderr]     Checking linear-map v1.2.0
[INFO] [stderr]     Checking strum v0.25.0
[INFO] [stderr]     Checking editdistancek v1.0.2
[INFO] [stderr]     Checking number_prefix v0.4.0
[INFO] [stderr]     Checking libdeflater v0.13.0
[INFO] [stderr]     Checking reborrow v0.5.5
[INFO] [stderr]     Checking float-ord v0.3.2
[INFO] [stderr]     Checking ieee754 v0.2.6
[INFO] [stderr]     Checking index_list v0.2.17
[INFO] [stderr]     Checking bytecount v0.6.9
[INFO] [stderr]     Checking encode_unicode v1.0.0
[INFO] [stderr]     Checking nom v7.1.3
[INFO] [stderr]     Checking pulp v0.18.22
[INFO] [stderr]     Checking rv v0.16.0
[INFO] [stderr]     Checking bitvec v1.0.1
[INFO] [stderr]     Checking prettytable-rs v0.10.0
[INFO] [stderr]    Compiling serde_derive v1.0.228
[INFO] [stderr]    Compiling zerofrom-derive v0.1.6
[INFO] [stderr]    Compiling yoke-derive v0.8.1
[INFO] [stderr]    Compiling zerovec-derive v0.11.2
[INFO] [stderr]    Compiling displaydoc v0.2.5
[INFO] [stderr]    Compiling thiserror-impl v1.0.69
[INFO] [stderr]    Compiling thiserror-impl v2.0.17
[INFO] [stderr]    Compiling futures-macro v0.3.31
[INFO] [stderr]    Compiling pin-project-internal v1.1.10
[INFO] [stderr]    Compiling strum_macros v0.26.4
[INFO] [stderr]    Compiling derive_more-impl v2.0.1
[INFO] [stderr]     Checking futures-util v0.3.31
[INFO] [stderr]     Checking zerofrom v0.1.6
[INFO] [stderr]     Checking yoke v0.8.1
[INFO] [stderr]     Checking thiserror v1.0.69
[INFO] [stderr]     Checking zerotrie v0.2.3
[INFO] [stderr]    Compiling derive-new v0.6.0
[INFO] [stderr]     Checking nalgebra v0.29.0
[INFO] [stderr]     Checking zerovec v0.11.5
[INFO] [stderr]    Compiling pest_derive v2.8.4
[INFO] [stderr]     Checking rustls-webpki v0.101.7
[INFO] [stderr]     Checking sct v0.7.1
[INFO] [stderr]     Checking webpki v0.22.4
[INFO] [stderr]     Checking pin-project v1.1.10
[INFO] [stderr]    Compiling enum-map-derive v0.17.0
[INFO] [stderr]    Compiling tracing-attributes v0.1.31
[INFO] [stderr]    Compiling clap_derive v4.5.49
[INFO] [stderr]     Checking flume v0.10.14
[INFO] [stderr]     Checking thiserror v2.0.17
[INFO] [stderr]    Compiling strum_macros v0.25.3
[INFO] [stderr]     Checking indicatif v0.17.11
[INFO] [stderr]     Checking gzp v0.11.3
[INFO] [stderr]     Checking plotters-bitmap v0.3.7
[INFO] [stderr]     Checking derive_more v2.0.1
[INFO] [stderr]     Checking crossbeam v0.8.4
[INFO] [stderr]     Checking noodles-fasta v0.56.0
[INFO] [stderr]     Checking noodles v0.96.0
[INFO] [stderr]     Checking enum-map v2.7.3
[INFO] [stderr]     Checking random_color v1.1.0
[INFO] [stderr]     Checking rust-lapper v1.2.0
[INFO] [stderr]     Checking itertools v0.12.1
[INFO] [stderr]     Checking common_macros v0.1.1
[INFO] [stderr]     Checking indenter v0.3.4
[INFO] [stderr]     Checking ttf-parser v0.20.0
[INFO] [stderr]     Checking noodles v0.101.0
[INFO] [stderr]     Checking rs-moddotplot v0.1.0 (https://github.com/logsdon-lab/rs-moddotplot.git?rev=e6439eaf7eeeba8702c12e0e4347c2127974d5f6#e6439eaf)
[INFO] [stderr]     Checking ordered-float v5.1.0
[INFO] [stderr]     Checking find_peaks v0.1.5
[INFO] [stderr]     Checking tinystr v0.8.2
[INFO] [stderr]     Checking potential_utf v0.1.4
[INFO] [stderr]     Checking bio-types v1.0.4
[INFO] [stderr]     Checking icu_collections v2.1.1
[INFO] [stderr]     Checking icu_locale_core v2.1.1
[INFO] [stderr]     Checking tracing v0.1.43
[INFO] [stderr]     Checking serde v1.0.228
[INFO] [stderr]     Checking clap v4.5.53
[INFO] [stderr]     Checking log v0.4.28
[INFO] [stderr]     Checking tracing-serde v0.2.0
[INFO] [stderr]     Checking serde_yaml v0.9.34+deprecated
[INFO] [stderr]     Checking serde-value v0.7.0
[INFO] [stderr]     Checking vec_map v0.8.2
[INFO] [stderr]     Checking bincode v1.3.3
[INFO] [stderr]     Checking multimap v0.9.1
[INFO] [stderr]     Checking tracing-log v0.2.0
[INFO] [stderr]     Checking pathfinder_geometry v0.5.1
[INFO] [stderr]     Checking handlebars v4.5.0
[INFO] [stderr]     Checking log-once v0.4.1
[INFO] [stderr]     Checking tracing-subscriber v0.3.22
[INFO] [stderr]     Checking icu_provider v2.1.1
[INFO] [stderr]     Checking plotters v0.3.7
[INFO] [stderr]     Checking icu_properties v2.1.1
[INFO] [stderr]     Checking icu_normalizer v2.1.1
[INFO] [stderr]     Checking log4rs v1.4.0
[INFO] [stderr]     Checking charming v0.3.1
[INFO] [stderr]     Checking tracing-appender v0.2.4
[INFO] [stderr]     Checking futures-executor v0.3.31
[INFO] [stderr]     Checking idna_adapter v1.2.1
[INFO] [stderr]     Checking futures v0.3.31
[INFO] [stderr]     Checking idna v1.1.0
[INFO] [stderr]     Checking modkit-logging v0.4.5 (https://github.com/nanoporetech/modkit.git?tag=v0.5.0#5120ef76)
[INFO] [stderr]     Checking url v2.5.7
[INFO] [stderr]     Checking attohttpc v0.25.0
[INFO] [stderr]     Checking bigtools v0.5.6
[INFO] [stderr]     Checking statrs v0.16.1
[INFO] [stderr]     Checking bio v1.6.0
[INFO] [stderr]     Checking rust-htslib v0.46.0
[INFO] [stderr]     Checking mod_kit v0.5.0 (https://github.com/nanoporetech/modkit.git?tag=v0.5.0#5120ef76)
[INFO] [stdout] error[E0277]: `T` cannot be sent between threads safely
[INFO] [stdout]    --> /opt/rustwide/cargo-home/git/checkouts/modkit-ed6dfc7e5f68df23/5120ef7/modkit-core/src/pileup/mod.rs:699:14
[INFO] [stdout]     |
[INFO] [stdout] 699 |           .map(|chrom_coords| {
[INFO] [stdout]     |            --- ^-------------
[INFO] [stdout]     |            |   |
[INFO] [stdout]     |  __________|___within this `{closure@mod.rs:699:14}`
[INFO] [stdout]     | |          |
[INFO] [stdout]     | |          required by a bound introduced by this call
[INFO] [stdout] 700 | |             process_region(
[INFO] [stdout] 701 | |                 bam_fp,
[INFO] [stdout] 702 | |                 chrom_coords.chrom_tid,
[INFO] [stdout] ...   |
[INFO] [stdout] 714 | |         })
[INFO] [stdout]     | |_________^ `T` cannot be sent between threads safely
[INFO] [stdout]     |
[INFO] [stdout] note: required because `bam_fp` is used within this closure
[INFO] [stdout]    --> /opt/rustwide/cargo-home/git/checkouts/modkit-ed6dfc7e5f68df23/5120ef7/modkit-core/src/pileup/mod.rs:701:17
[INFO] [stdout]     |
[INFO] [stdout] 701 |                 bam_fp,
[INFO] [stdout]     |                 ^^^^^^
[INFO] [stdout] note: required by a bound in `rayon::iter::ParallelIterator::map`
[INFO] [stdout]    --> /opt/rustwide/cargo-home/registry/src/index.crates.io-1949cf8c6b5b557f/rayon-1.11.0/src/iter/mod.rs:594:41
[INFO] [stdout]     |
[INFO] [stdout] 356 | pub trait ParallelIterator: Sized + Send {
[INFO] [stdout] ...
[INFO] [stdout] 592 |     fn map<F, R>(self, map_op: F) -> Map<Self, F>
[INFO] [stdout] 593 |     where
[INFO] [stdout] 594 |         F: Fn(Self::Item) -> R + Sync + Send,
[INFO] [stdout]     |                                         ^^^^ required by this bound in `ParallelIterator::map`
[INFO] [stdout]     = note: the full name for the type has been written to '/opt/rustwide/target/debug/build/mod_kit/9e9137b1bc693650/out/mod_kit-9e9137b1bc693650.long-type-8756663623254344351.txt'
[INFO] [stdout]     = note: consider using `--verbose` to print the full type name to the console
[INFO] [stdout] help: consider further restricting type parameter `T` with trait `Send`
[INFO] [stdout]     |
[INFO] [stdout] 684 | pub fn process_region_batch<T: AsRef<Path> + Copy + Sync + std::marker::Send>(
[INFO] [stdout]     |                                                          +++++++++++++++++++
[INFO] [stdout] 
[INFO] [stdout] 
[INFO] [stdout] error[E0277]: `T` cannot be sent between threads safely
[INFO] [stdout]     --> /opt/rustwide/cargo-home/git/checkouts/modkit-ed6dfc7e5f68df23/5120ef7/modkit-core/src/pileup/mod.rs:715:10
[INFO] [stdout]      |
[INFO] [stdout]  715 |         .collect()
[INFO] [stdout]      |          ^^^^^^^ `T` cannot be sent between threads safely
[INFO] [stdout]      |
[INFO] [stdout] note: required because `bam_fp` is used within this closure
[INFO] [stdout]     --> /opt/rustwide/cargo-home/git/checkouts/modkit-ed6dfc7e5f68df23/5120ef7/modkit-core/src/pileup/mod.rs:701:17
[INFO] [stdout]      |
[INFO] [stdout]  701 |                 bam_fp,
[INFO] [stdout]      |                 ^^^^^^
[INFO] [stdout] note: required because it appears within the type `Map<Iter<'_, ChromCoordinates>, {closure@mod.rs:699:14}>`
[INFO] [stdout]     --> /opt/rustwide/cargo-home/registry/src/index.crates.io-1949cf8c6b5b557f/rayon-1.11.0/src/iter/map.rs:14:12
[INFO] [stdout]      |
[INFO] [stdout]   14 | pub struct Map<I, F> {
[INFO] [stdout]      |            ^^^
[INFO] [stdout] note: required by a bound in `rayon::iter::ParallelIterator::collect`
[INFO] [stdout]     --> /opt/rustwide/cargo-home/registry/src/index.crates.io-1949cf8c6b5b557f/rayon-1.11.0/src/iter/mod.rs:356:37
[INFO] [stdout]      |
[INFO] [stdout]  356 | pub trait ParallelIterator: Sized + Send {
[INFO] [stdout]      |                                     ^^^^ required by this bound in `ParallelIterator::collect`
[INFO] [stdout] ...
[INFO] [stdout] 2053 |     fn collect<C>(self) -> C
[INFO] [stdout]      = note: the full name for the type has been written to '/opt/rustwide/target/debug/build/mod_kit/9e9137b1bc693650/out/mod_kit-9e9137b1bc693650.long-type-15867038170851661326.txt'
[INFO] [stdout]      = note: consider using `--verbose` to print the full type name to the console
[INFO] [stdout] help: consider further restricting type parameter `T` with trait `Send`
[INFO] [stdout]      |
[INFO] [stdout]  684 | pub fn process_region_batch<T: AsRef<Path> + Copy + Sync + std::marker::Send>(
[INFO] [stdout]      |                                                          +++++++++++++++++++
[INFO] [stdout] help: consider removing this method call, as the receiver has type `rayon::slice::Iter<'_, ChromCoordinates>` and `rayon::slice::Iter<'_, ChromCoordinates>: Send` trivially holds
[INFO] [stdout]      |
[INFO] [stdout]  698 -         .par_iter()
[INFO] [stdout]  699 -         .map(|chrom_coords| {
[INFO] [stdout]  700 -             process_region(
[INFO] [stdout]  701 -                 bam_fp,
[INFO] [stdout]  702 -                 chrom_coords.chrom_tid,
[INFO] [stdout]  703 -                 chrom_coords.start_pos,
[INFO] [stdout]  704 -                 chrom_coords.end_pos,
[INFO] [stdout]  705 -                 caller,
[INFO] [stdout]  706 -                 pileup_numeric_options,
[INFO] [stdout]  707 -                 force_allow,
[INFO] [stdout]  708 -                 combine_strands,
[INFO] [stdout]  709 -                 max_depth,
[INFO] [stdout]  710 -                 &chrom_coords.focus_positions,
[INFO] [stdout]  711 -                 edge_filter,
[INFO] [stdout]  712 -                 partition_tags,
[INFO] [stdout]  713 -             )
[INFO] [stdout]  714 -         })
[INFO] [stdout]  698 +         .par_iter()
[INFO] [stdout]      |
[INFO] [stdout] 
[INFO] [stdout] 
[INFO] [stdout] error[E0277]: `T` cannot be sent between threads safely
[INFO] [stdout]    --> /opt/rustwide/cargo-home/git/checkouts/modkit-ed6dfc7e5f68df23/5120ef7/modkit-core/src/pileup/mod.rs:696:5
[INFO] [stdout]     |
[INFO] [stdout] 696 | /     chromosome_coordintes
[INFO] [stdout] 697 | |         .0
[INFO] [stdout] 698 | |         .par_iter()
[INFO] [stdout] 699 | |         .map(|chrom_coords| {
[INFO] [stdout]     | |              -------------- within this `{closure@mod.rs:699:14}`
[INFO] [stdout] ...   |
[INFO] [stdout] 714 | |         })
[INFO] [stdout] 715 | |         .collect()
[INFO] [stdout]     | |__________________^ `T` cannot be sent between threads safely
[INFO] [stdout]     |
[INFO] [stdout] note: required because `bam_fp` is used within this closure
[INFO] [stdout]    --> /opt/rustwide/cargo-home/git/checkouts/modkit-ed6dfc7e5f68df23/5120ef7/modkit-core/src/pileup/mod.rs:701:17
[INFO] [stdout]     |
[INFO] [stdout] 701 |                 bam_fp,
[INFO] [stdout]     |                 ^^^^^^
[INFO] [stdout]     = note: required for `Map<Iter<'_, ChromCoordinates>, {closure@mod.rs:699:14}>` to implement `rayon::iter::ParallelIterator`
[INFO] [stdout]     = note: the full name for the type has been written to '/opt/rustwide/target/debug/build/mod_kit/9e9137b1bc693650/out/mod_kit-9e9137b1bc693650.long-type-8756663623254344351.txt'
[INFO] [stdout]     = note: consider using `--verbose` to print the full type name to the console
[INFO] [stdout] help: consider further restricting type parameter `T` with trait `Send`
[INFO] [stdout]     |
[INFO] [stdout] 684 | pub fn process_region_batch<T: AsRef<Path> + Copy + Sync + std::marker::Send>(
[INFO] [stdout]     |                                                          +++++++++++++++++++
[INFO] [stdout] 
[INFO] [stdout] 
[INFO] [stdout] For more information about this error, try `rustc --explain E0277`.
[INFO] [stdout] 
[INFO] [stderr] error: could not compile `mod_kit` (lib) due to 3 previous errors
[INFO] running `Command { std: "docker" "inspect" "2aae3c02c9a1402f7f4877b0c2e8bf6c42b4ec626c2f301571b6024516b38109", kill_on_drop: false }`
[INFO] running `Command { std: "docker" "rm" "-f" "2aae3c02c9a1402f7f4877b0c2e8bf6c42b4ec626c2f301571b6024516b38109", kill_on_drop: false }`
[INFO] [stdout] 2aae3c02c9a1402f7f4877b0c2e8bf6c42b4ec626c2f301571b6024516b38109
