[INFO] cloning repository https://github.com/kikakkz/wait-agent
[INFO] running `Command { std: "git" "-c" "credential.helper=" "-c" "credential.helper=/workspace/cargo-home/bin/git-credential-null" "clone" "--bare" "https://github.com/kikakkz/wait-agent" "/workspace/cache/git-repos/https%3A%2F%2Fgithub.com%2Fkikakkz%2Fwait-agent", kill_on_drop: false }`
[INFO] [stderr] Cloning into bare repository '/workspace/cache/git-repos/https%3A%2F%2Fgithub.com%2Fkikakkz%2Fwait-agent'...
[INFO] running `Command { std: "git" "rev-parse" "HEAD", kill_on_drop: false }`
[INFO] [stdout] 00544aaf9ede2b0111fe984d2c895d07fbc7e40f
[INFO] checking kikakkz/wait-agent against c60b92c03ca8a3b101eb9d57f51e2232690638c7 for pr-164148-crater-rollup
[INFO] running `Command { std: "git" "clone" "/workspace/cache/git-repos/https%3A%2F%2Fgithub.com%2Fkikakkz%2Fwait-agent" "/workspace/builds/worker-2-tc2/source", kill_on_drop: false }`
[INFO] [stderr] Cloning into '/workspace/builds/worker-2-tc2/source'...
[INFO] [stderr] done.
[INFO] removed /workspace/builds/worker-2-tc2/source/rust-toolchain.toml
[INFO] started tweaking git repo https://github.com/kikakkz/wait-agent
[INFO] finished tweaking git repo https://github.com/kikakkz/wait-agent
[INFO] tweaked toml for git repo https://github.com/kikakkz/wait-agent written to /workspace/builds/worker-2-tc2/source/Cargo.toml
[INFO] validating manifest of git repo https://github.com/kikakkz/wait-agent on toolchain c60b92c03ca8a3b101eb9d57f51e2232690638c7
[INFO] running `Command { std: CARGO_HOME="/workspace/cargo-home" RUSTUP_HOME="/workspace/rustup-home" "/workspace/cargo-home/bin/cargo" "+c60b92c03ca8a3b101eb9d57f51e2232690638c7" "metadata" "--manifest-path" "Cargo.toml" "--no-deps", kill_on_drop: false }`
[INFO] crate git repo https://github.com/kikakkz/wait-agent already has a lockfile, it will not be regenerated
[INFO] running `Command { std: CARGO_HOME="/workspace/cargo-home" RUSTUP_HOME="/workspace/rustup-home" "/workspace/cargo-home/bin/cargo" "+c60b92c03ca8a3b101eb9d57f51e2232690638c7" "fetch" "--manifest-path" "Cargo.toml", kill_on_drop: false }`
[INFO] [stderr] warning: `package.homepage` is redundant with `package.repository`
[INFO] [stderr]    --> Cargo.toml:99:12
[INFO] [stderr]     |
[INFO] [stderr]  99 | homepage = "https://github.com/kikakkz/wait-agent"
[INFO] [stderr]     |            ^^^^^^^^^^^^^^^^^^^^^^^^^^^^^^^^^^^^^^^
[INFO] [stderr] ...
[INFO] [stderr] 103 | repository = "https://github.com/kikakkz/wait-agent"
[INFO] [stderr]     |              ---------------------------------------
[INFO] [stderr]     |
[INFO] [stderr]     = note: `cargo::redundant_homepage` is set to `warn` by default
[INFO] [stderr] help: consider removing `package.homepage`
[INFO] [stderr] warning: `waitagent` (manifest) generated 1 warning
[INFO] running `Command { std: "docker" "create" "-v" "/var/lib/crater-agent-workspace/builds/worker-2-tc2/source:/opt/rustwide/workdir:ro,Z" "-v" "/var/lib/crater-agent-workspace/builds/worker-2-tc2/target:/opt/rustwide/target:rw,Z" "-v" "/var/lib/crater-agent-workspace/cargo-home:/opt/rustwide/cargo-home:ro,Z" "-v" "/var/lib/crater-agent-workspace/rustup-home:/opt/rustwide/rustup-home:ro,Z" "-m" "1610612736" "--network" "none" "ghcr.io/rust-lang/crates-build-env/linux@sha256:77db811e55d90add9212f6832c23229e3de5f1c1f9905e8cb07319ea15df73ac" "sleep" "infinity", kill_on_drop: false }`
[INFO] [stdout] 311a8eb963f0f773707f8bebd8e3e343c3853f47ae08eed69b7d7d2275b25fc8
[INFO] running `Command { std: "docker" "start" "311a8eb963f0f773707f8bebd8e3e343c3853f47ae08eed69b7d7d2275b25fc8", kill_on_drop: false }`
[INFO] running `Command { std: "docker" "inspect" "311a8eb963f0f773707f8bebd8e3e343c3853f47ae08eed69b7d7d2275b25fc8", kill_on_drop: false }`
[INFO] running `Command { std: "docker" "exec" "-e" "SOURCE_DIR=/opt/rustwide/workdir" "-e" "CARGO_HOME=/opt/rustwide/cargo-home" "-e" "RUSTUP_HOME=/opt/rustwide/rustup-home" "-e" "CARGO_TARGET_DIR=/opt/rustwide/target" "-w" "/opt/rustwide/workdir" "--user" "0:0" "311a8eb963f0f773707f8bebd8e3e343c3853f47ae08eed69b7d7d2275b25fc8" "/opt/rustwide/cargo-home/bin/cargo" "+c60b92c03ca8a3b101eb9d57f51e2232690638c7" "metadata" "--no-deps" "--format-version=1", kill_on_drop: false }`
[INFO] running `Command { std: "docker" "inspect" "311a8eb963f0f773707f8bebd8e3e343c3853f47ae08eed69b7d7d2275b25fc8", kill_on_drop: false }`
[INFO] running `Command { std: "docker" "exec" "-e" "SOURCE_DIR=/opt/rustwide/workdir" "-e" "CARGO_HOME=/opt/rustwide/cargo-home" "-e" "RUSTUP_HOME=/opt/rustwide/rustup-home" "-e" "CARGO_TARGET_DIR=/opt/rustwide/target" "-e" "CARGO_INCREMENTAL=0" "-e" "RUST_BACKTRACE=full" "-e" "RUSTFLAGS=--cap-lints=forbid" "-e" "RUSTDOCFLAGS=--cap-lints=forbid" "-w" "/opt/rustwide/workdir" "--user" "0:0" "311a8eb963f0f773707f8bebd8e3e343c3853f47ae08eed69b7d7d2275b25fc8" "/opt/rustwide/cargo-home/bin/cargo" "+c60b92c03ca8a3b101eb9d57f51e2232690638c7" "check" "--frozen" "--all" "--all-targets" "--message-format=json", kill_on_drop: false }`
[INFO] [stderr] warning: `package.homepage` is redundant with `package.repository`
[INFO] [stderr]    --> Cargo.toml:99:12
[INFO] [stderr]     |
[INFO] [stderr]  99 | homepage = "https://github.com/kikakkz/wait-agent"
[INFO] [stderr]     |            ^^^^^^^^^^^^^^^^^^^^^^^^^^^^^^^^^^^^^^^
[INFO] [stderr] ...
[INFO] [stderr] 103 | repository = "https://github.com/kikakkz/wait-agent"
[INFO] [stderr]     |              ---------------------------------------
[INFO] [stderr]     |
[INFO] [stderr]     = note: `cargo::redundant_homepage` is set to `warn` by default
[INFO] [stderr] help: consider removing `package.homepage`
[INFO] [stderr] warning: `waitagent` (manifest) generated 1 warning
[INFO] [stderr]     Checking zeroize v1.9.0
[INFO] [stderr]     Checking subtle v2.6.1
[INFO] [stderr]    Compiling getrandom v0.4.2
[INFO] [stderr]    Compiling libc v0.2.186
[INFO] [stderr]     Checking cpubits v0.1.1
[INFO] [stderr]     Checking pem-rfc7468 v1.0.0
[INFO] [stderr]     Checking bitflags v2.13.0
[INFO] [stderr]     Checking socket2 v0.6.3
[INFO] [stderr]     Checking mio v1.2.0
[INFO] [stderr]    Compiling futures-macro v0.3.32
[INFO] [stderr]     Checking der v0.8.0
[INFO] [stderr]     Checking ctutils v0.4.2
[INFO] [stderr]    Compiling anyhow v1.0.102
[INFO] [stderr]    Compiling either v1.16.0
[INFO] [stderr]     Checking hybrid-array v0.4.12
[INFO] [stderr]    Compiling itertools v0.14.0
[INFO] [stderr]     Checking tracing v0.1.44
[INFO] [stderr]     Checking tokio v1.52.3
[INFO] [stderr]     Checking ff v0.14.0
[INFO] [stderr]    Compiling serde_derive v1.0.228
[INFO] [stderr]    Compiling rustix v1.1.4
[INFO] [stderr]     Checking futures-util v0.3.32
[INFO] [stderr]     Checking base16ct v1.0.0
[INFO] [stderr]    Compiling aws-lc-rs v1.17.0
[INFO] [stderr]    Compiling jobserver v0.1.34
[INFO] [stderr]     Checking spki v0.8.0
[INFO] [stderr]    Compiling cc v1.2.64
[INFO] [stderr]     Checking group v0.14.0
[INFO] [stderr]     Checking rustls-pki-types v1.15.1
[INFO] [stderr]     Checking crypto-common v0.2.2
[INFO] [stderr]     Checking block-buffer v0.12.1
[INFO] [stderr]     Checking block-padding v0.4.2
[INFO] [stderr]     Checking inout v0.2.2
[INFO] [stderr]     Checking crypto-bigint v0.7.4
[INFO] [stderr]     Checking digest v0.11.3
[INFO] [stderr]     Checking cipher v0.5.2
[INFO] [stderr]     Checking hmac v0.13.0
[INFO] [stderr]     Checking aes v0.9.1
[INFO] [stderr]     Checking pbkdf2 v0.13.0
[INFO] [stderr]     Checking sha2 v0.11.0
[INFO] [stderr]     Checking cbc v0.2.1
[INFO] [stderr]     Checking salsa20 v0.11.0
[INFO] [stderr]    Compiling cmake v0.1.58
[INFO] [stderr]    Compiling ring v0.17.14
[INFO] [stderr]     Checking scrypt v0.12.0
[INFO] [stderr]    Compiling aws-lc-sys v0.41.0
[INFO] [stderr]     Checking pkcs5 v0.8.0
[INFO] [stderr]    Compiling prost-derive v0.13.5
[INFO] [stderr]     Checking pkcs8 v0.11.0
[INFO] [stderr]     Checking signature v3.0.0
[INFO] [stderr]     Checking hkdf v0.13.0
[INFO] [stderr]     Checking sec1 v0.8.1
[INFO] [stderr]     Checking universal-hash v0.6.1
[INFO] [stderr]     Checking untrusted v0.7.1
[INFO] [stderr]     Checking serde v1.0.228
[INFO] [stderr]     Checking rfc6979 v0.5.0
[INFO] [stderr]     Checking sync_wrapper v1.0.2
[INFO] [stderr]    Compiling regex-syntax v0.8.10
[INFO] [stderr]    Compiling bytes v1.11.1
[INFO] [stderr]    Compiling signal-hook v0.3.18
[INFO] [stderr]     Checking elliptic-curve v0.14.0-rc.33
[INFO] [stderr]    Compiling prost v0.13.5
[INFO] [stderr]     Checking primeorder v0.14.0-rc.10
[INFO] [stderr]     Checking ecdsa v0.17.0-rc.18
[INFO] [stderr]     Checking primefield v0.14.0-rc.12
[INFO] [stderr]    Compiling curve25519-dalek v5.0.0-rc.0
[INFO] [stderr]     Checking parking_lot_core v0.9.12
[INFO] [stderr]    Compiling regex-automata v0.4.14
[INFO] [stderr]     Checking polyval v0.7.1
[INFO] [stderr]     Checking chacha20 v0.10.0
[INFO] [stderr]    Compiling fastrand v2.4.1
[INFO] [stderr]     Checking tokio-util v0.7.18
[INFO] [stderr]    Compiling rustls v0.23.43
[INFO] [stderr]    Compiling nix v0.31.3
[INFO] [stderr]    Compiling generic-array v0.14.7
[INFO] [stderr]    Compiling petgraph v0.7.1
[INFO] [stderr]     Checking h2 v0.4.14
[INFO] [stderr]    Compiling num-traits v0.2.19
[INFO] [stderr]     Checking ghash v0.6.0
[INFO] [stderr]    Compiling tempfile v3.27.0
[INFO] [stderr]     Checking parking_lot v0.12.5
[INFO] [stderr]    Compiling prettyplease v0.2.37
[INFO] [stderr]    Compiling prost-types v0.13.5
[INFO] [stderr]    Compiling regex v1.12.3
[INFO] [stderr]     Checking ssh-encoding v0.3.0-rc.9
[INFO] [stderr]     Checking ctr v0.10.1
[INFO] [stderr]     Checking aead v0.6.1
[INFO] [stderr]    Compiling curve25519-dalek-derive v0.1.1
[INFO] [stderr]    Compiling indexmap v1.9.3
[INFO] [stderr]     Checking blowfish v0.10.0
[INFO] [stderr]     Checking deranged v0.3.11
[INFO] [stderr]    Compiling lzma-sys v0.1.20
[INFO] [stderr]     Checking aes-gcm v0.11.0-rc.4
[INFO] [stderr]     Checking rand_chacha v0.3.1
[INFO] [stderr]     Checking tower v0.5.3
[INFO] [stderr]     Checking crypto-primes v0.7.2
[INFO] [stderr]    Compiling prost-build v0.13.5
[INFO] [stderr]     Checking poly1305 v0.9.0
[INFO] [stderr]     Checking ed25519 v3.0.0
[INFO] [stderr]     Checking blake2 v0.11.0-rc.6
[INFO] [stderr]     Checking pkcs1 v0.8.0-rc.4
[INFO] [stderr]    Compiling async-trait v0.1.89
[INFO] [stderr]    Compiling pin-project-internal v1.1.13
[INFO] [stderr]     Checking mio v0.8.11
[INFO] [stderr]     Checking keccak v0.2.0
[INFO] [stderr]    Compiling protoc-bin-vendored-linux-aarch_64 v3.2.0
[INFO] [stderr]    Compiling protoc-bin-vendored-win32 v3.2.0
[INFO] [stderr]    Compiling protoc-bin-vendored-linux-x86_32 v3.2.0
[INFO] [stderr]    Compiling winnow v0.7.15
[INFO] [stderr]    Compiling protoc-bin-vendored-macos-aarch_64 v3.2.0
[INFO] [stderr]    Compiling protoc-bin-vendored-linux-ppcle_64 v3.2.0
[INFO] [stderr]     Checking fiat-crypto v0.3.0
[INFO] [stderr]     Checking pxfm v0.1.30
[INFO] [stderr]     Checking time-core v0.1.2
[INFO] [stderr]    Compiling protoc-bin-vendored-macos-x86_64 v3.2.0
[INFO] [stderr]    Compiling protoc-bin-vendored-linux-x86_64 v3.2.0
[INFO] [stderr]    Compiling protoc-bin-vendored-linux-s390_64 v3.2.0
[INFO] [stderr]    Compiling protoc-bin-vendored v3.2.0
[INFO] [stderr]     Checking time v0.3.36
[INFO] [stderr]     Checking pin-project v1.1.13
[INFO] [stderr]     Checking itertools v0.13.0
[INFO] [stderr]     Checking axum-core v0.4.5
[INFO] [stderr]    Compiling chrono v0.4.45
[INFO] [stderr]     Checking hyper v1.9.0
[INFO] [stderr]    Compiling tonic-build v0.12.3
[INFO] [stderr]    Compiling askama_parser v0.14.0
[INFO] [stderr]     Checking sha3 v0.11.0
[INFO] [stderr]    Compiling crossbeam-utils v0.8.22
[INFO] [stderr]     Checking hashbrown v0.15.5
[INFO] [stderr]     Checking rsa v0.10.0-rc.18
[INFO] [stderr]     Checking hyper-util v0.1.20
[INFO] [stderr]     Checking signal-hook-mio v0.2.5
[INFO] [stderr]     Checking ed25519-dalek v3.0.0-rc.0
[INFO] [stderr]     Checking argon2 v0.6.0-rc.8
[INFO] [stderr]     Checking ssh-cipher v0.3.0-rc.9
[INFO] [stderr]     Checking png v0.18.1
[INFO] [stderr]     Checking rand v0.8.6
[INFO] [stderr]     Checking moxcms v0.7.11
[INFO] [stderr]     Checking bcrypt-pbkdf v0.11.0
[INFO] [stderr]     Checking gethostname v1.1.0
[INFO] [stderr]    Compiling basic-toml v0.1.10
[INFO] [stderr]     Checking rand v0.10.1
[INFO] [stderr]     Checking p521 v0.14.0-rc.10
[INFO] [stderr]     Checking p256 v0.14.0-rc.10
[INFO] [stderr]     Checking futures-executor v0.3.32
[INFO] [stderr]    Compiling strum_macros v0.26.4
[INFO] [stderr]     Checking sha1 v0.11.0
[INFO] [stderr]     Checking kem v0.3.0
[INFO] [stderr]     Checking module-lattice v0.2.3
[INFO] [stderr]     Checking castaway v0.2.4
[INFO] [stderr]     Checking aho-corasick v1.1.4
[INFO] [stderr]    Compiling thiserror-impl v2.0.18
[INFO] [stderr]    Compiling async-stream-impl v0.3.6
[INFO] [stderr]     Checking cursor-icon v1.2.0
[INFO] [stderr]     Checking hex v0.4.3
[INFO] [stderr]     Checking x11rb-protocol v0.13.2
[INFO] [stderr]    Compiling rustc-hash v2.1.3
[INFO] [stderr]     Checking base64 v0.23.1
[INFO] [stderr]     Checking bytemuck v1.25.2
[INFO] [stderr]     Checking vte v0.15.0
[INFO] [stderr]     Checking ureq-proto v0.6.4
[INFO] [stderr]     Checking p384 v0.14.0-rc.10
[INFO] [stderr]     Checking unicode-truncate v1.1.0
[INFO] [stderr]     Checking compact_str v0.7.1
[INFO] [stderr]    Compiling askama_derive v0.14.0
[INFO] [stderr]     Checking thiserror v2.0.18
[INFO] [stderr]     Checking strum v0.26.3
[INFO] [stderr]     Checking axum v0.7.9
[INFO] [stderr]     Checking image v0.25.9
[INFO] [stderr]     Checking async-stream v0.3.6
[INFO] [stderr]     Checking ml-kem v0.3.2
[INFO] [stderr]     Checking x11rb v0.13.2
[INFO] [stderr]     Checking serde_urlencoded v0.7.1
[INFO] [stderr]     Checking futures v0.3.32
[INFO] [stderr]     Checking internal-russh-num-bigint v0.5.0
[INFO] [stderr]     Checking hyper-timeout v0.5.2
[INFO] [stderr]     Checking tower v0.4.13
[INFO] [stderr]     Checking russh-cryptovec v0.61.0
[INFO] [stderr]     Checking generic-array v1.4.3
[INFO] [stderr]     Checking crossterm v0.27.0
[INFO] [stderr]     Checking lru v0.12.5
[INFO] [stderr]     Checking ssh-key v0.7.0-rc.10
[INFO] [stdout] error[E0493]: destructor of `ArrayBuilder<T, N>` cannot be evaluated at compile-time
[INFO] [stdout]    --> /opt/rustwide/cargo-home/registry/src/index.crates.io-1949cf8c6b5b557f/generic-array-1.4.3/src/internal.rs:103:31
[INFO] [stdout]     |
[INFO] [stdout] 103 |     pub unsafe fn assume_init(self) -> GenericArray<T, N> {
[INFO] [stdout]     |                               ^^^^ the destructor for this type cannot be evaluated in constant functions
[INFO] [stdout] ...
[INFO] [stdout] 109 |     }
[INFO] [stdout]     |     - value is dropped here
[INFO] [stdout] 
[INFO] [stdout] 
[INFO] [stdout] error[E0493]: destructor of `GenericArray<core::mem::MaybeUninit<*const T>, N>` cannot be evaluated at compile-time
[INFO] [stdout]    --> /opt/rustwide/cargo-home/registry/src/index.crates.io-1949cf8c6b5b557f/generic-array-1.4.3/src/lib.rs:970:13
[INFO] [stdout]     |
[INFO] [stdout] 970 |         let mut out: GenericArray<MaybeUninit<*const T>, N> = GenericArray::uninit();
[INFO] [stdout]     |             ^^^^^^^ the destructor for this type cannot be evaluated in constant functions
[INFO] [stdout] ...
[INFO] [stdout] 985 |     }
[INFO] [stdout]     |     - value is dropped here
[INFO] [stdout] 
[INFO] [stdout] 
[INFO] [stdout] error[E0493]: destructor of `GenericArray<core::mem::MaybeUninit<*mut T>, N>` cannot be evaluated at compile-time
[INFO] [stdout]     --> /opt/rustwide/cargo-home/registry/src/index.crates.io-1949cf8c6b5b557f/generic-array-1.4.3/src/lib.rs:1005:13
[INFO] [stdout]      |
[INFO] [stdout] 1005 |         let mut out: GenericArray<MaybeUninit<*mut T>, N> = GenericArray::uninit();
[INFO] [stdout]      |             ^^^^^^^ the destructor for this type cannot be evaluated in constant functions
[INFO] [stdout] ...
[INFO] [stdout] 1020 |     }
[INFO] [stdout]      |     - value is dropped here
[INFO] [stdout] 
[INFO] [stdout] 
[INFO] [stdout] For more information about this error, try `rustc --explain E0493`.
[INFO] [stdout] 
[INFO] [stderr] error: could not compile `generic-array` (lib) due to 3 previous errors
[INFO] [stderr] warning: build failed, waiting for other jobs to finish...
[INFO] running `Command { std: "docker" "inspect" "311a8eb963f0f773707f8bebd8e3e343c3853f47ae08eed69b7d7d2275b25fc8", kill_on_drop: false }`
[INFO] running `Command { std: "docker" "rm" "-f" "311a8eb963f0f773707f8bebd8e3e343c3853f47ae08eed69b7d7d2275b25fc8", kill_on_drop: false }`
[INFO] [stdout] 311a8eb963f0f773707f8bebd8e3e343c3853f47ae08eed69b7d7d2275b25fc8
